{"id":597,"date":"2014-06-27T13:33:17","date_gmt":"2014-06-27T11:33:17","guid":{"rendered":"http:\/\/servicios.unileon.es\/hospital-veterinario\/?page_id=597"},"modified":"2019-10-03T14:25:04","modified_gmt":"2019-10-03T12:25:04","slug":"estancias-externas","status":"publish","type":"page","link":"https:\/\/servicios.unileon.es\/hospital-veterinario\/estancias-externas\/","title":{"rendered":"Estancias externas"},"content":{"rendered":"<p>El Hospital Veterinario establece un programa de estancias docentes cortas tuteladas por profesores vinculados al mismo, para las que se admitir\u00e1n visitantes que podr\u00e1n ser:<\/p>\n<ul>\n<li>Alumnos de otras universidades (m\u00e1ximo 3 meses) que est\u00e9n cursando el \u00faltimo a\u00f1o de carrera del Grado en Veterinaria o de M\u00e1ster en Veterinaria.<\/li>\n<li>Profesores de otras universidades (m\u00e1ximo 6 meses).<\/li>\n<\/ul>\n<p>En el caso de que la Universidad de Le\u00f3n suscriba convenios con otras universidades para regular y facilitar las estancias de estudiantes y profesores, las estancias se efectuar\u00e1n en las condiciones que se establezcan en el correspondiente convenio.<\/p>\n<p>Los estudiantes o profesores de otras universidades sin convenio, podr\u00e1n solicitar la estancia cumplimentando la <strong><a href=\"http:\/\/servicios.unileon.es\/hospital-veterinario\/files\/2014\/06\/Estancias-externas-hoja-de-inscripci\u00f3n2.pdf\" target=\"_blank\" rel=\"noopener noreferrer\">solicitud<\/a><\/strong>, cumpliendo los requisitos exigidos por la Universidad de Le\u00f3n\u00a0y comprometi\u00e9ndose a respetar las\u00a0<a title=\"Normas de comportamiento\" href=\"http:\/\/servicios.unileon.es\/hospital-veterinario\/normas\/\" target=\"_blank\" rel=\"noopener noreferrer\">normas de funcionamiento del Hospital<\/a>.\u00a0La solicitud se puede remitir como correo electr\u00f3nico a la direcci\u00f3n del Hospital [ulehvdir(arroba)unileon.es].<\/p>\n<p><strong>Organizaci\u00f3n y duraci\u00f3n de las estancias, calendario<\/strong><\/p>\n<ul>\n<li>La direcci\u00f3n del Hospital valorar\u00e1 las posibilidades de aceptaci\u00f3n en funci\u00f3n de las plazas y periodos disponibles de cada servicio.<\/li>\n<li>Las estancias de alumnos de \u00faltimo curso de Grado o M\u00e1ster en veterinaria de otras universidades se procurar\u00e1n concentrar en los meses de enero, febrero, junio, julio, agosto y septiembre.<\/li>\n<\/ul>\n<p><strong>Asignaci\u00f3n de tutores de estancia<\/strong><\/p>\n<ul>\n<li>La Direcci\u00f3n del Hospital\u00a0asignar\u00e1 tutor a los visitantes entre los profesores vinculados al mismo.<\/li>\n<\/ul>\n<p><strong>Certificaci\u00f3n de las estancias<\/strong><\/p>\n<ul>\n<li>Finalizada la estancia, el tutor que haya estado asignado emitir\u00e1 un informe sobre las actividades en las que haya participado el visitante, as\u00ed como la duraci\u00f3n de la misma, que le ser\u00e1 facilitado al interesado. Asimismo, se emitir\u00e1 certificaci\u00f3n acreditativa de la estancia en los t\u00e9rminos que proceda, si el estudiante o veterinario visitante la precisara a efectos oficiales.<\/li>\n<\/ul>\n<p><strong>Condiciones para la realizaci\u00f3n de las estancias<\/strong><\/p>\n<ol>\n<li>El visitante, estudiante, deber\u00e1 estar cubierto por un seguro m\u00e9dico en vigor en Espa\u00f1a.<\/li>\n<li>Las estancias no supondr\u00e1n en ning\u00fan caso una vinculaci\u00f3n jur\u00eddica con la Universidad de Le\u00f3n, ni laboral ni administrativa, limit\u00e1ndose estrictamente a las actividades de formaci\u00f3n que se facilitan con las estancias.<\/li>\n<li>Los visitantes, podr\u00e1n ayudar o colaborar con el profesor o veterinario responsable en cada caso, pero no pueden atender directamente a los pacientes ni prescribir ning\u00fan tipo de tratamiento.<\/li>\n<li>Los alumnos de\u00a0\u00faltimo curso de Grado o M\u00e1ster en veterinaria\u00a0participan en los turnos de guardia de noches y fin de semana.<\/li>\n<li>Los candidatos aceptados se comprometen a cumplir las <a href=\"http:\/\/servicios.unileon.es\/hospital-veterinario\/normas\/\" target=\"_blank\" rel=\"noopener noreferrer\">normas de comportamiento del Hospital<\/a>, <a href=\"http:\/\/servicios.unileon.es\/hospital-veterinario\/acceso-a-historias-clinicas\/\" target=\"_blank\" rel=\"noopener noreferrer\">de acceso a las historias cl\u00ednicas<\/a>\u00a0y haber firmado previamente el compromiso de confidencialidad correspondiente (a<a href=\"http:\/\/servicios.unileon.es\/hospital-veterinario\/files\/2016\/01\/Anexo-II-Impreso-compromiso.doc\" rel=\"\">nexo II<\/a>).<\/li>\n<li>El Hospital\u00a0no tramitar\u00e1 el alojamiento de los visitantes aceptados.<\/li>\n<\/ol>\n<p>&nbsp;<\/p>\n<p>&nbsp;<\/p>\n","protected":false},"excerpt":{"rendered":"<p>El Hospital Veterinario establece un programa de estancias docentes cortas tuteladas por profesores vinculados al mismo, para las que se admitir\u00e1n visitantes que podr\u00e1n ser: Alumnos de otras universidades (m\u00e1ximo 3 meses) que est\u00e9n cursando el \u00faltimo a\u00f1o de carrera &hellip; <a href=\"https:\/\/servicios.unileon.es\/hospital-veterinario\/estancias-externas\/\">Sigue leyendo <span class=\"meta-nav\">&rarr;<\/span><\/a><\/p>\n","protected":false},"author":528,"featured_media":0,"parent":0,"menu_order":0,"comment_status":"closed","ping_status":"closed","template":"","meta":{"footnotes":""},"class_list":["post-597","page","type-page","status-publish","hentry"],"_links":{"self":[{"href":"https:\/\/servicios.unileon.es\/hospital-veterinario\/wp-json\/wp\/v2\/pages\/597","targetHints":{"allow":["GET"]}}],"collection":[{"href":"https:\/\/servicios.unileon.es\/hospital-veterinario\/wp-json\/wp\/v2\/pages"}],"about":[{"href":"https:\/\/servicios.unileon.es\/hospital-veterinario\/wp-json\/wp\/v2\/types\/page"}],"author":[{"embeddable":true,"href":"https:\/\/servicios.unileon.es\/hospital-veterinario\/wp-json\/wp\/v2\/users\/528"}],"replies":[{"embeddable":true,"href":"https:\/\/servicios.unileon.es\/hospital-veterinario\/wp-json\/wp\/v2\/comments?post=597"}],"version-history":[{"count":53,"href":"https:\/\/servicios.unileon.es\/hospital-veterinario\/wp-json\/wp\/v2\/pages\/597\/revisions"}],"predecessor-version":[{"id":1514,"href":"https:\/\/servicios.unileon.es\/hospital-veterinario\/wp-json\/wp\/v2\/pages\/597\/revisions\/1514"}],"wp:attachment":[{"href":"https:\/\/servicios.unileon.es\/hospital-veterinario\/wp-json\/wp\/v2\/media?parent=597"}],"curies":[{"name":"wp","href":"https:\/\/api.w.org\/{rel}","templated":true}]}}