{"id":470,"date":"2014-03-16T11:37:20","date_gmt":"2014-03-16T09:37:20","guid":{"rendered":"http:\/\/servicios.unileon.es\/hospital-veterinario\/?page_id=470"},"modified":"2018-11-12T14:01:44","modified_gmt":"2018-11-12T12:01:44","slug":"grandes-animales","status":"publish","type":"page","link":"https:\/\/servicios.unileon.es\/hospital-veterinario\/grandes-animales\/","title":{"rendered":"\u00c1rea de grandes animales"},"content":{"rendered":"<p>El \u00e1rea de grandes animales atiende principalmente pacientes equinos, as\u00ed como grandes animales silvestres y ex\u00f3ticos, bovinos y dem\u00e1s animales de renta.<\/p>\n<h3>Podiatr\u00eda<\/h3>\n<p><em>\u201cSin pie no hay caballo\u201d. \u201cPas de pied, pas de cheval\u201d. No foot no horse\u201d.<\/em><\/p>\n<p><em>\u201cPor un clavo se perdi\u00f3 una herradura, por una herradura se perdi\u00f3 un caballo, por un caballo se perdi\u00f3 una batalla, por una batalla se perdi\u00f3 la guerra\u201d.<\/em><\/p>\n<p><em>\u201cLa cl\u00ednica del pie es uno de los factores limitantes principales de la producci\u00f3n bovina intensiva de ato rendimiento\u201d.<\/em><\/p>\n<p>El Hospital cuenta con un servicio de podiatr\u00eda, dedicado a la cl\u00ednica del aparato locomotor, cuyas actividades principales incluyen:<\/p>\n<p style=\"text-align: center;\"><img loading=\"lazy\" decoding=\"async\" class=\"aligncenter wp-image-481\" src=\"http:\/\/servicios.unileon.es\/hospital-veterinario\/files\/2014\/03\/Servicio-Podiatr\u00eda.jpg\" alt=\"Servicio Podiatr\u00eda\" width=\"372\" height=\"332\" srcset=\"https:\/\/servicios.unileon.es\/hospital-veterinario\/files\/2014\/03\/Servicio-Podiatr\u00eda.jpg 604w, https:\/\/servicios.unileon.es\/hospital-veterinario\/files\/2014\/03\/Servicio-Podiatr\u00eda-300x267.jpg 300w\" sizes=\"auto, (max-width: 372px) 100vw, 372px\" \/><\/p>\n<ul>\n<li>Diagn\u00f3stico del aparato locomotor: conformaci\u00f3n y movimiento.<\/li>\n<li>Pedicura.<\/li>\n<li>Calzado y herrado.<\/li>\n<li>Ortopedia.<\/li>\n<li>Calzado terap\u00e9utico.<\/li>\n<li><a href=\"http:\/\/servicios.unileon.es\/hospital-veterinario\/files\/2014\/05\/EPI.pdf\" target=\"_blank\" rel=\"noopener\">Electrolisis percut\u00e1nea intratisular<\/a>.<\/li>\n<\/ul>\n<p><iframe loading=\"lazy\" src=\"\/\/www.youtube.com\/embed\/0uaOkocdcMI?rel=0\" width=\"560\" height=\"315\" frameborder=\"0\" allowfullscreen=\"allowfullscreen\"><\/iframe><\/p>\n<h3>Medicina interna<\/h3>\n<p>El servicio dispone de medios para atender casos cl\u00ednicos correspondientes a las distintas especialidades de medicina interna:<\/p>\n<ul>\n<li>General<\/li>\n<li>Digestiva<\/li>\n<li>Respiratoria<\/li>\n<li>Urinaria<\/li>\n<li>Cardiolog\u00eda<\/li>\n<li>Dermatolog\u00eda<\/li>\n<li>Neurolog\u00eda<\/li>\n<li>Oftalmolog\u00eda<\/li>\n<li>An\u00e1lisis cl\u00ednicos<\/li>\n<\/ul>\n<p style=\"text-align: center;\"><img loading=\"lazy\" decoding=\"async\" class=\"aligncenter wp-image-483\" src=\"http:\/\/servicios.unileon.es\/hospital-veterinario\/files\/2014\/03\/Servicio-Equinos.jpg\" alt=\"Servicio Equinos\" width=\"522\" height=\"392\" srcset=\"https:\/\/servicios.unileon.es\/hospital-veterinario\/files\/2014\/03\/Servicio-Equinos.jpg 816w, https:\/\/servicios.unileon.es\/hospital-veterinario\/files\/2014\/03\/Servicio-Equinos-300x225.jpg 300w\" sizes=\"auto, (max-width: 522px) 100vw, 522px\" \/><\/p>\n<h3>Imaginolog\u00eda<\/h3>\n<p>El servicio de imaginolog\u00eda incluye los siguientes medios complementarios de diagn\u00f3stico:<\/p>\n<ul>\n<li>Radiograf\u00eda digital<\/li>\n<li>Ecograf\u00eda<\/li>\n<li>Endoscopia<\/li>\n<li>Resonancia magn\u00e9tica<\/li>\n<\/ul>\n<p style=\"text-align: center;\"><img loading=\"lazy\" decoding=\"async\" class=\"wp-image-486 aligncenter\" src=\"http:\/\/servicios.unileon.es\/hospital-veterinario\/files\/2014\/03\/Servicio-rx.jpg\" alt=\"Servicio rx\" width=\"388\" height=\"358\" srcset=\"https:\/\/servicios.unileon.es\/hospital-veterinario\/files\/2014\/03\/Servicio-rx.jpg 693w, https:\/\/servicios.unileon.es\/hospital-veterinario\/files\/2014\/03\/Servicio-rx-300x277.jpg 300w\" sizes=\"auto, (max-width: 388px) 100vw, 388px\" \/><\/p>\n<h3>Anestesiolog\u00eda<\/h3>\n<p>El servicio de anestesiolog\u00eda del Hospital dispone de medios para llevar a cabo procedimientos tales como:<\/p>\n<ul>\n<li>Sedaci\u00f3n<\/li>\n<li>Neuroleptoanalgesia<\/li>\n<li>Anestesia y analgesia local y regional<\/li>\n<li>Procedimientos completos de anestesia diagn\u00f3stica<\/li>\n<li>Anestesia general parenteral<\/li>\n<li>Anestesia inhalatoria<\/li>\n<li>Respiraci\u00f3n asistida<\/li>\n<\/ul>\n<h3>Cirug\u00eda<\/h3>\n<p>El servicio de cirug\u00eda de grandes animales dispone de medios para intervenir casos cl\u00ednicos correspondientes a las diferentes especialidades quir\u00fargicas:<\/p>\n<ul>\n<li>General<\/li>\n<li>Digestiva<\/li>\n<li>Del aparato locomotor<\/li>\n<li>Respiratoria<\/li>\n<li>Urogenital<\/li>\n<li>Traumatol\u00f3gica<\/li>\n<li>Artrosc\u00f3pica<\/li>\n<li>Microscop\u00eda quir\u00fargica<\/li>\n<\/ul>\n<p style=\"text-align: center;\"><img loading=\"lazy\" decoding=\"async\" class=\"aligncenter wp-image-482\" src=\"http:\/\/servicios.unileon.es\/hospital-veterinario\/files\/2014\/03\/Servicio-Cirug\u00eda-Grandes.jpg\" alt=\"Servicio Cirug\u00eda Grandes\" width=\"512\" height=\"384\" srcset=\"https:\/\/servicios.unileon.es\/hospital-veterinario\/files\/2014\/03\/Servicio-Cirug\u00eda-Grandes.jpg 640w, https:\/\/servicios.unileon.es\/hospital-veterinario\/files\/2014\/03\/Servicio-Cirug\u00eda-Grandes-300x225.jpg 300w\" sizes=\"auto, (max-width: 512px) 100vw, 512px\" \/><\/p>\n<h3>Hospitalizaci\u00f3n y cuidados intensivos<\/h3>\n<p>El Hospital dispone de instalaciones suficientes para el alojamiento simult\u00e1neo de m\u00e1s de veinte grandes animales, en salas separadas en funci\u00f3n de las distintas caracter\u00edsticas cl\u00ednicas de cada paciente.<\/p>\n<h3>Reproducci\u00f3n<\/h3>\n<p>El servicio de reproducci\u00f3n dispone de profesionales y medios con capacidad para la realizaci\u00f3n de actividades cl\u00ednicas tales como:<\/p>\n<ul>\n<li>Diagn\u00f3sticos de celo y gestaci\u00f3n<\/li>\n<li>Inducci\u00f3n y sincronizaci\u00f3n del celo y la ovulaci\u00f3n<\/li>\n<li>Inseminaci\u00f3n artificial y cubrici\u00f3n dirigida<\/li>\n<li>Espermiogramas<\/li>\n<li>Preparaci\u00f3n y conservaci\u00f3n de dosis seminales<\/li>\n<li>Trasplante de embriones<\/li>\n<li>Control de reproducci\u00f3n<\/li>\n<li>Neonatolog\u00eda<\/li>\n<\/ul>\n<h3>Enfermedades infecciosas y parasitarias<\/h3>\n<p>Los servicios de enfermedades infecciosas y parasitarias llevan a cabo diversos procedimientos diagn\u00f3sticos y terap\u00e9uticos como:<\/p>\n<ul>\n<li>Recogida de muestras<\/li>\n<li>Diagn\u00f3sticos de laboratorio<\/li>\n<li>Microscop\u00eda<\/li>\n<li>Cultivos<\/li>\n<li>Antibiogramas<\/li>\n<li>Estudios epidemiol\u00f3gicos<\/li>\n<li>Programas sanitarios preventivos<\/li>\n<li>Protocolos terap\u00e9uticos<\/li>\n<\/ul>\n","protected":false},"excerpt":{"rendered":"<p>El \u00e1rea de grandes animales atiende principalmente pacientes equinos, as\u00ed como grandes animales silvestres y ex\u00f3ticos, bovinos y dem\u00e1s animales de renta. Podiatr\u00eda \u201cSin pie no hay caballo\u201d. \u201cPas de pied, pas de cheval\u201d. No foot no horse\u201d. \u201cPor un &hellip; <a href=\"https:\/\/servicios.unileon.es\/hospital-veterinario\/grandes-animales\/\">Sigue leyendo <span class=\"meta-nav\">&rarr;<\/span><\/a><\/p>\n","protected":false},"author":528,"featured_media":0,"parent":0,"menu_order":0,"comment_status":"closed","ping_status":"closed","template":"","meta":{"footnotes":""},"class_list":["post-470","page","type-page","status-publish","hentry"],"_links":{"self":[{"href":"https:\/\/servicios.unileon.es\/hospital-veterinario\/wp-json\/wp\/v2\/pages\/470","targetHints":{"allow":["GET"]}}],"collection":[{"href":"https:\/\/servicios.unileon.es\/hospital-veterinario\/wp-json\/wp\/v2\/pages"}],"about":[{"href":"https:\/\/servicios.unileon.es\/hospital-veterinario\/wp-json\/wp\/v2\/types\/page"}],"author":[{"embeddable":true,"href":"https:\/\/servicios.unileon.es\/hospital-veterinario\/wp-json\/wp\/v2\/users\/528"}],"replies":[{"embeddable":true,"href":"https:\/\/servicios.unileon.es\/hospital-veterinario\/wp-json\/wp\/v2\/comments?post=470"}],"version-history":[{"count":15,"href":"https:\/\/servicios.unileon.es\/hospital-veterinario\/wp-json\/wp\/v2\/pages\/470\/revisions"}],"predecessor-version":[{"id":1408,"href":"https:\/\/servicios.unileon.es\/hospital-veterinario\/wp-json\/wp\/v2\/pages\/470\/revisions\/1408"}],"wp:attachment":[{"href":"https:\/\/servicios.unileon.es\/hospital-veterinario\/wp-json\/wp\/v2\/media?parent=470"}],"curies":[{"name":"wp","href":"https:\/\/api.w.org\/{rel}","templated":true}]}}