{"id":459,"date":"2014-03-16T11:19:15","date_gmt":"2014-03-16T09:19:15","guid":{"rendered":"http:\/\/servicios.unileon.es\/hospital-veterinario\/?page_id=459"},"modified":"2019-12-16T13:03:23","modified_gmt":"2019-12-16T11:03:23","slug":"gastroenterologia","status":"publish","type":"page","link":"https:\/\/servicios.unileon.es\/hospital-veterinario\/gastroenterologia\/","title":{"rendered":"Servicio de gastroenterolog\u00eda"},"content":{"rendered":"<p>El servicio de gastroenterolog\u00eda diagnostica y trata las enfermedades del tubo digestivo as\u00ed como las relativas al h\u00edgado y p\u00e1ncreas, disponiendo de\u00a0medios para realizar pruebas complementarias como radiolog\u00eda digital normal y de contraste, ecograf\u00eda, an\u00e1lisis de sangre, plasma y de orina.<\/p>\n<p style=\"text-align: center;\"><img loading=\"lazy\" decoding=\"async\" class=\"aligncenter wp-image-462\" src=\"http:\/\/servicios.unileon.es\/hospital-veterinario\/files\/2014\/03\/Servicio-Gastroenterolog\u00eda.jpg\" alt=\"Servicio Gastroenterolog\u00eda\" width=\"342\" height=\"486\" srcset=\"https:\/\/servicios.unileon.es\/hospital-veterinario\/files\/2014\/03\/Servicio-Gastroenterolog\u00eda.jpg 428w, https:\/\/servicios.unileon.es\/hospital-veterinario\/files\/2014\/03\/Servicio-Gastroenterolog\u00eda-211x300.jpg 211w\" sizes=\"auto, (max-width: 342px) 100vw, 342px\" \/><\/p>\n<p>Tambi\u00e9n dispone de endoscopios flexibles de diferentes tama\u00f1os para la realizaci\u00f3n de es\u00f3fago-gastroscopias y colonoscopias., lo que permite la toma de muestras para estudios anatomopatol\u00f3gicos sin necesidad de una intervenci\u00f3n quir\u00fargica.<\/p>\n<p style=\"text-align: left;\"><img loading=\"lazy\" decoding=\"async\" class=\"aligncenter wp-image-461\" src=\"http:\/\/servicios.unileon.es\/hospital-veterinario\/files\/2014\/03\/Servicio-Gastroenterolog\u00eda-2.jpg\" alt=\"Servicio Gastroenterolog\u00eda 2\" width=\"651\" height=\"338\" srcset=\"https:\/\/servicios.unileon.es\/hospital-veterinario\/files\/2014\/03\/Servicio-Gastroenterolog\u00eda-2.jpg 814w, https:\/\/servicios.unileon.es\/hospital-veterinario\/files\/2014\/03\/Servicio-Gastroenterolog\u00eda-2-300x155.jpg 300w\" sizes=\"auto, (max-width: 651px) 100vw, 651px\" \/><\/p>\n","protected":false},"excerpt":{"rendered":"<p>El servicio de gastroenterolog\u00eda diagnostica y trata las enfermedades del tubo digestivo as\u00ed como las relativas al h\u00edgado y p\u00e1ncreas, disponiendo de\u00a0medios para realizar pruebas complementarias como radiolog\u00eda digital normal y de contraste, ecograf\u00eda, an\u00e1lisis de sangre, plasma y de &hellip; <a href=\"https:\/\/servicios.unileon.es\/hospital-veterinario\/gastroenterologia\/\">Sigue leyendo <span class=\"meta-nav\">&rarr;<\/span><\/a><\/p>\n","protected":false},"author":528,"featured_media":0,"parent":0,"menu_order":0,"comment_status":"closed","ping_status":"closed","template":"","meta":{"footnotes":""},"class_list":["post-459","page","type-page","status-publish","hentry"],"_links":{"self":[{"href":"https:\/\/servicios.unileon.es\/hospital-veterinario\/wp-json\/wp\/v2\/pages\/459","targetHints":{"allow":["GET"]}}],"collection":[{"href":"https:\/\/servicios.unileon.es\/hospital-veterinario\/wp-json\/wp\/v2\/pages"}],"about":[{"href":"https:\/\/servicios.unileon.es\/hospital-veterinario\/wp-json\/wp\/v2\/types\/page"}],"author":[{"embeddable":true,"href":"https:\/\/servicios.unileon.es\/hospital-veterinario\/wp-json\/wp\/v2\/users\/528"}],"replies":[{"embeddable":true,"href":"https:\/\/servicios.unileon.es\/hospital-veterinario\/wp-json\/wp\/v2\/comments?post=459"}],"version-history":[{"count":5,"href":"https:\/\/servicios.unileon.es\/hospital-veterinario\/wp-json\/wp\/v2\/pages\/459\/revisions"}],"predecessor-version":[{"id":1561,"href":"https:\/\/servicios.unileon.es\/hospital-veterinario\/wp-json\/wp\/v2\/pages\/459\/revisions\/1561"}],"wp:attachment":[{"href":"https:\/\/servicios.unileon.es\/hospital-veterinario\/wp-json\/wp\/v2\/media?parent=459"}],"curies":[{"name":"wp","href":"https:\/\/api.w.org\/{rel}","templated":true}]}}