{"id":450,"date":"2014-03-16T10:54:27","date_gmt":"2014-03-16T08:54:27","guid":{"rendered":"http:\/\/servicios.unileon.es\/hospital-veterinario\/?page_id=450"},"modified":"2019-12-16T13:06:47","modified_gmt":"2019-12-16T11:06:47","slug":"oftalmologia","status":"publish","type":"page","link":"https:\/\/servicios.unileon.es\/hospital-veterinario\/oftalmologia\/","title":{"rendered":"Servicio de oftalmolog\u00eda"},"content":{"rendered":"<p>El servicio de oftalmolog\u00eda ofrece diagn\u00f3stico y tratamiento de los trastornos oculares que puedan afectar a los animales de compa\u00f1\u00eda, animales ex\u00f3ticos y silvestres.<\/p>\n<p>El servicio est\u00e1 disponible tanto para particulares como para veterinarios que, con el objeto de proporcionar una atenci\u00f3n m\u00e1s completa a sus clientes, requieran la realizaci\u00f3n de t\u00e9cnicas diagn\u00f3sticas o tratamientos espec\u00edficos.<\/p>\n<p>El servicio est\u00e1 dotado de las instalaciones y equipos espec\u00edficos para un correcto diagn\u00f3stico y tratamiento de las enfermedades oculares, as\u00ed como para la detecci\u00f3n precoz de enfermedades oculares cong\u00e9nitas. Los principales procedimientos diagn\u00f3sticos realizados son:<\/p>\n<ul>\n<li>Examen ocular completo: test de Schirmer, citolog\u00eda, tonometr\u00eda por aplanamiento, colorantes vitales, oftalmoscopia directa e indirecta.<\/li>\n<li>Biomicroscop\u00eda<\/li>\n<li>Retinograf\u00eda<\/li>\n<li>Gonioscopia<\/li>\n<li>Ecograf\u00eda ocular (modo BD y Doppler)<\/li>\n<li>Electrorretinograf\u00eda<\/li>\n<\/ul>\n<p style=\"text-align: center;\"><img loading=\"lazy\" decoding=\"async\" class=\"aligncenter wp-image-452\" src=\"http:\/\/servicios.unileon.es\/hospital-veterinario\/files\/2014\/03\/Servicio-Oftalmolog\u00eda.jpg\" alt=\"Servicio Oftalmolog\u00eda\" width=\"661\" height=\"496\" srcset=\"https:\/\/servicios.unileon.es\/hospital-veterinario\/files\/2014\/03\/Servicio-Oftalmolog\u00eda.jpg 826w, https:\/\/servicios.unileon.es\/hospital-veterinario\/files\/2014\/03\/Servicio-Oftalmolog\u00eda-300x225.jpg 300w\" sizes=\"auto, (max-width: 661px) 100vw, 661px\" \/><\/p>\n<p>Los principales procedimientos terap\u00e9uticos ofertados son:<\/p>\n<ul>\n<li>Tratamiento de las cataratas mediante facoemulsificaci\u00f3n y posterior implantaci\u00f3n de lentes intraoculares especialmente dise\u00f1adas para su uso en veterinaria.<\/li>\n<li>Evisceraci\u00f3n e implantaci\u00f3n de pr\u00f3tesis intraesclerales.<\/li>\n<li>Cirug\u00eda de p\u00e1rpados.<\/li>\n<li>Tratamiento del glaucoma: gonioimplantes.<\/li>\n<\/ul>\n<p>Si eres veterinario y deseas remitir un caso no dudes en <a href=\"http:\/\/servicios.unileon.es\/hospital-veterinario\/informacion-de-contacto\/\">contactar con nosotros<\/a>.<\/p>\n","protected":false},"excerpt":{"rendered":"<p>El servicio de oftalmolog\u00eda ofrece diagn\u00f3stico y tratamiento de los trastornos oculares que puedan afectar a los animales de compa\u00f1\u00eda, animales ex\u00f3ticos y silvestres. El servicio est\u00e1 disponible tanto para particulares como para veterinarios que, con el objeto de proporcionar &hellip; <a href=\"https:\/\/servicios.unileon.es\/hospital-veterinario\/oftalmologia\/\">Sigue leyendo <span class=\"meta-nav\">&rarr;<\/span><\/a><\/p>\n","protected":false},"author":528,"featured_media":0,"parent":0,"menu_order":0,"comment_status":"closed","ping_status":"closed","template":"","meta":{"footnotes":""},"class_list":["post-450","page","type-page","status-publish","hentry"],"_links":{"self":[{"href":"https:\/\/servicios.unileon.es\/hospital-veterinario\/wp-json\/wp\/v2\/pages\/450","targetHints":{"allow":["GET"]}}],"collection":[{"href":"https:\/\/servicios.unileon.es\/hospital-veterinario\/wp-json\/wp\/v2\/pages"}],"about":[{"href":"https:\/\/servicios.unileon.es\/hospital-veterinario\/wp-json\/wp\/v2\/types\/page"}],"author":[{"embeddable":true,"href":"https:\/\/servicios.unileon.es\/hospital-veterinario\/wp-json\/wp\/v2\/users\/528"}],"replies":[{"embeddable":true,"href":"https:\/\/servicios.unileon.es\/hospital-veterinario\/wp-json\/wp\/v2\/comments?post=450"}],"version-history":[{"count":9,"href":"https:\/\/servicios.unileon.es\/hospital-veterinario\/wp-json\/wp\/v2\/pages\/450\/revisions"}],"predecessor-version":[{"id":1565,"href":"https:\/\/servicios.unileon.es\/hospital-veterinario\/wp-json\/wp\/v2\/pages\/450\/revisions\/1565"}],"wp:attachment":[{"href":"https:\/\/servicios.unileon.es\/hospital-veterinario\/wp-json\/wp\/v2\/media?parent=450"}],"curies":[{"name":"wp","href":"https:\/\/api.w.org\/{rel}","templated":true}]}}