{"id":423,"date":"2014-01-15T14:44:50","date_gmt":"2014-01-15T12:44:50","guid":{"rendered":"http:\/\/servicios.unileon.es\/hospital-veterinario\/?page_id=423"},"modified":"2017-03-13T11:45:30","modified_gmt":"2017-03-13T09:45:30","slug":"cursos","status":"publish","type":"page","link":"https:\/\/servicios.unileon.es\/hospital-veterinario\/cursos\/","title":{"rendered":"Cursos"},"content":{"rendered":"<ul>\n<ul>\n<li>2017\n<ul>\n<li>Febrero\n<ul>\n<li>17-19: <a href=\"http:\/\/extensionuniversitaria.unileon.es\/euniversitaria\/curso.aspx?id=1039\">Manejo del caballo en cl\u00ednica\u00a0<\/a><\/li>\n<li>10-18: <a href=\"http:\/\/extensionuniversitaria.unileon.es\/euniversitaria\/curso.aspx?id=1033\">Curso de Cl\u00ednica Avanzada en Animales Silvestres y Nuevos Animales de Compa\u00f1\u00eda: Quelonios\u00a0<\/a><\/li>\n<li>3-28 : <a href=\"http:\/\/extensionuniversitaria.unileon.es\/euniversitaria\/curso.aspx?id=1026\">Curso de Cl\u00ednica B\u00e1sica de Animales Silvestres y Nuevos Animales de Compa\u00f1\u00eda: Quelonios<\/a><\/li>\n<\/ul>\n<\/li>\n<\/ul>\n<\/li>\n<li>\u00a02016\n<ul>\n<li>Mayo\n<ul>\n<li>7-8: <a href=\"http:\/\/fgulem.unileon.es\/fgulem\/curso.aspx?id=298\">curso te\u00f3rico-pr\u00e1ctico: bases y fundamentos de la t\u00e9cnica \u201celectr\u00f3lisis percut\u00e1nea intratisular\u201d\u00ae (EPI\u00ae) en veterinaria<\/a><\/li>\n<\/ul>\n<\/li>\n<li>\u00a0Marzo\n<ul>\n<li>4-6: <a href=\"https:\/\/acodileon.wordpress.com\/\" target=\"_blank\">curso de podiatr\u00eda equina b\u00e1sica<\/a><\/li>\n<\/ul>\n<\/li>\n<li>Febrero\n<ul>\n<li>29: curso fecundaci\u00f3n <em>in vitro<\/em><\/li>\n<li>27-28: <a href=\"http:\/\/servicios.unileon.es\/hospital-veterinario\/files\/2016\/02\/Curso-de-Cirug\u00eda-Genital-en-Terneros-2016.pdf\" rel=\"\">curso de\u00a0manejo y cirug\u00eda genital\u00a0en el ternero<\/a><\/li>\n<li>17-20: <a href=\"http:\/\/servicios.unileon.es\/hospital-veterinario\/files\/2015\/11\/TripticoCursoOftalmo2016.pdf\">curso de oftalmolog\u00eda veterinaria b\u00e1sica<\/a><\/li>\n<\/ul>\n<\/li>\n<\/ul>\n<\/li>\n<li>\u00a02015\n<ul>\n<li>Diciembre\n<ul>\n<li>11-13: curso de cirug\u00eda en tejidos blandos<\/li>\n<\/ul>\n<\/li>\n<li>Mayo\n<ul>\n<li>15-16: <a href=\"https:\/\/acodileon.wordpress.com\/2015\/04\/28\/curso-el-veterinario-de-equinos\/\" target=\"_blank\">el veterinario de equinos<\/a><\/li>\n<\/ul>\n<\/li>\n<li>Abril\n<ul>\n<li>22: <a href=\"http:\/\/fgulem.unileon.es\/euniversitaria\/curso.aspx?id=625\" target=\"_blank\">curso fecundaci\u00f3n <em>in vitro<\/em>; embriones FIV terap\u00e9uticos<\/a><\/li>\n<li>10-12:\u00a0<a href=\"https:\/\/twitter.com\/Ivsa_Leon\/status\/568095011956498432\" target=\"_blank\">curso de hipolog\u00eda y equinotecnia<\/a><\/li>\n<\/ul>\n<\/li>\n<li>Marzo\n<ul>\n<li>30-31:\u00a0<a href=\"https:\/\/twitter.com\/Ivsa_Leon\/status\/568095196921122816\" target=\"_blank\">curso de ecograf\u00eda cl\u00ednica veterinaria<\/a> (y\u00a07-8, 13-14, 18-21, 27-29 de abril y 7-8 de mayo)<\/li>\n<li>13-15:\u00a0<a href=\"https:\/\/twitter.com\/Ivsa_Leon\/status\/570585489318805504\" target=\"_blank\">curso de cirug\u00eda del aparato genital<\/a><\/li>\n<\/ul>\n<\/li>\n<\/ul>\n<\/li>\n<li>\n<p style=\"display: inline !important;\">2014<\/p>\n<ul>\n<li>Noviembre\n<ul>\n<li>8:\u00a0<a href=\"http:\/\/fgulem.unileon.es\/fgulem\/curso.aspx?id=242\" target=\"_blank\">jornada: introducci\u00f3n a la\u00a0electr\u00f3lisis percut\u00e1nea intratisular EPI\u00ae en veterinaria<\/a><\/li>\n<\/ul>\n<\/li>\n<li>Septiembre\n<ul>\n<li>20-21: <a href=\"http:\/\/fgulem.unileon.es\/euniversitaria\/curso.aspx?id=462\" target=\"_blank\">aplicaciones de la ecograf\u00eda en la reproducci\u00f3n del ganado vacuno<\/a><\/li>\n<\/ul>\n<\/li>\n<li>Marzo\n<ul>\n<li>22-23: <a href=\"http:\/\/fgulem.unileon.es\/fgulem\/curso.aspx?id=189\" target=\"_blank\">curso te\u00f3rico-pr\u00e1ctico: bases y fundamentos de la t\u00e9cnica \u00abelectr\u00f3lisis percut\u00e1nea intratisular\u00bb\u00ae (EPI\u00ae) en veterinaria<\/a><\/li>\n<\/ul>\n<\/li>\n<\/ul>\n<\/li>\n<\/ul>\n<\/ul>\n<p>&nbsp;<\/p>\n","protected":false},"excerpt":{"rendered":"<p>2017 Febrero 17-19: Manejo del caballo en cl\u00ednica\u00a0 10-18: Curso de Cl\u00ednica Avanzada en Animales Silvestres y Nuevos Animales de Compa\u00f1\u00eda: Quelonios\u00a0 3-28 : Curso de Cl\u00ednica B\u00e1sica de Animales Silvestres y Nuevos Animales de Compa\u00f1\u00eda: Quelonios \u00a02016 Mayo 7-8: &hellip; <a href=\"https:\/\/servicios.unileon.es\/hospital-veterinario\/cursos\/\">Sigue leyendo <span class=\"meta-nav\">&rarr;<\/span><\/a><\/p>\n","protected":false},"author":508,"featured_media":0,"parent":0,"menu_order":0,"comment_status":"closed","ping_status":"closed","template":"","meta":{"footnotes":""},"class_list":["post-423","page","type-page","status-publish","hentry"],"_links":{"self":[{"href":"https:\/\/servicios.unileon.es\/hospital-veterinario\/wp-json\/wp\/v2\/pages\/423","targetHints":{"allow":["GET"]}}],"collection":[{"href":"https:\/\/servicios.unileon.es\/hospital-veterinario\/wp-json\/wp\/v2\/pages"}],"about":[{"href":"https:\/\/servicios.unileon.es\/hospital-veterinario\/wp-json\/wp\/v2\/types\/page"}],"author":[{"embeddable":true,"href":"https:\/\/servicios.unileon.es\/hospital-veterinario\/wp-json\/wp\/v2\/users\/508"}],"replies":[{"embeddable":true,"href":"https:\/\/servicios.unileon.es\/hospital-veterinario\/wp-json\/wp\/v2\/comments?post=423"}],"version-history":[{"count":20,"href":"https:\/\/servicios.unileon.es\/hospital-veterinario\/wp-json\/wp\/v2\/pages\/423\/revisions"}],"predecessor-version":[{"id":1153,"href":"https:\/\/servicios.unileon.es\/hospital-veterinario\/wp-json\/wp\/v2\/pages\/423\/revisions\/1153"}],"wp:attachment":[{"href":"https:\/\/servicios.unileon.es\/hospital-veterinario\/wp-json\/wp\/v2\/media?parent=423"}],"curies":[{"name":"wp","href":"https:\/\/api.w.org\/{rel}","templated":true}]}}