{"id":397,"date":"2013-12-29T17:57:04","date_gmt":"2013-12-29T15:57:04","guid":{"rendered":"http:\/\/servicios.unileon.es\/hospital-veterinario\/?page_id=397"},"modified":"2014-01-03T18:06:56","modified_gmt":"2014-01-03T16:06:56","slug":"rotatorio-clinico-2o-cuatrimestre","status":"publish","type":"page","link":"https:\/\/servicios.unileon.es\/hospital-veterinario\/rotatorio-clinico-2o-cuatrimestre\/","title":{"rendered":"Rotatorio cl\u00ednico 2\u00ba cuatrimestre"},"content":{"rendered":"<p>Durante el segundo cuatrimestre\u00a0las <strong>guardias<\/strong> se han repartido iniciando por los de fines de semana o festivos (de 24 horas), evitando a quienes ya las hicieron en el primer cuatrimestre; usando el orden de listado de la web de m\u00f3dulos del decanato se ha empezado a repartir teniendo en cuenta las dos \u00faltimas cifras del gordo de navidad (622<strong>46<\/strong>). Se ha tenido en cuenta igualmente a quienes hicieron m\u00e1s o menos guardias en el primer cuatrimestre.<\/p>\n<p>En cada jornada habr\u00e1 3 alumnos (ocasionalmente 4) asignados a:<\/p>\n<ul>\n<li>Radiolog\u00eda y ecograf\u00eda<\/li>\n<li>Hospitalizaci\u00f3n de peque\u00f1os animales<\/li>\n<li>Hospitalizaci\u00f3n de grandes animales<\/li>\n<li>Cirug\u00eda<\/li>\n<\/ul>\n<p>Esos alumnos est\u00e1n obligados a asistir de 10 a 19:30 en las jornadas correspondientes, debiendo atender con prioridad la tarea asignada (*); si la tarea est\u00e1 cubierta, pueden asistir a otras actividades. En la hora del almuerzo pueden rotarse entre los tres asignados a cada tarea, debiendo quedar presentes siempre dos para atender el servicio.<\/p>\n<p>(*) En el caso de las operaciones quir\u00fargicas matinales, el cirujano responsable decidir\u00e1 su presencia o ausencia en dependencia de la asistencia de alumnos de otras asignaturas.<\/p>\n<p>Se ha procurado no asignar a los alumnos de guardia nocturna tareas ni el d\u00eda en que se entra de guardia ni el siguiente.<\/p>\n<p>El resto de los alumnos no tienen obligaci\u00f3n a asistir, pudiendo estar presentes todas las horas que deseen en horario diurno (hasta completar las horas exigidas en el rotatorio cl\u00ednico, o m\u00e1s si lo desean). Recordamos que el <a title=\"Calendario previsto de citas\" href=\"http:\/\/servicios.unileon.es\/hospital-veterinario\/citas\/\">calendario previsto de citas<\/a>\u00a0puede ayudar a seleccionar las horas con casos de inter\u00e9s.<\/p>\n<p>El calendario de asistencia de los m\u00f3dulos es (<a href=\"https:\/\/docs.google.com\/spreadsheet\/ccc?key=0Arwq9ptYF8OrdDVDbUhhb2dsRERQNzRyRDRONFFoMWc&amp;usp=sharing\" target=\"_blank\">ver en pesta\u00f1a nueva<\/a>):<\/p>\n<h4 style=\"text-align: center;\"><strong><span style=\"color: #0000ff;\">Se recomienda comprobar el calendario unos d\u00edas antes del comienzo de la actividad de cada m\u00f3dulo por si hubiera ligeros cambios.<\/span><\/strong><\/h4>\n<p><iframe loading=\"lazy\" src=\"https:\/\/docs.google.com\/spreadsheet\/pub?key=0Arwq9ptYF8OrdDVDbUhhb2dsRERQNzRyRDRONFFoMWc&amp;output=html&amp;widget=true\" height=\"300\" width=\"500\" frameborder=\"0\"><\/iframe><\/p>\n<ul>\n<li><a href=\"http:\/\/servicios.unileon.es\/hospital-veterinario\/wp-content\/blogs.dir\/36\/files\/2013\/09\/Alumnos-cambio-de-urgencias-2.pdf\" target=\"_blank\">Documento para el cambio de guardia<\/a>\u00a0con otro compa\u00f1ero (puede ser\u00a0de otro m\u00f3dulo): deber\u00e1 entregarse en la recepci\u00f3n del Hospital o al veterinario responsable de la guardia antes de comenzar la misma.\n<ul>\n<li>Para otros cambios (pr\u00e1cticas de ma\u00f1ana, tarde, etc.) se puede utilizar un modelo similar.<\/li>\n<\/ul>\n<\/li>\n<\/ul>\n<ul>\n<li>Los alumnos deber\u00e1n presentarse en el Hospital\u00a0<strong>no m\u00e1s tarde<\/strong>\u00a0de las 19:30 horas en el caso de las guardias nocturnas (lunes a viernes en d\u00edas no lectivos), y\u00a0<strong>no m\u00e1s tarde<\/strong>\u00a0de las 9:30 horas en el caso de las guardias de 24 horas de fines de semana y festivos.<\/li>\n<\/ul>\n<ul>\n<li>Los alumnos deber\u00e1n estar presentes en el Hospital durante la duraci\u00f3n\u00a0<strong>completa<\/strong>\u00a0de la guardia, salvo cuando no haya casos hospitalizados que requieran una atenci\u00f3n continuada; en dicho caso, deber\u00e1n indicar al veterinario responsable de la guardia un tel\u00e9fono m\u00f3vil de contacto, y presentarse en el Hospital de inmediato en caso necesario.<\/li>\n<\/ul>\n<ul>\n<li>La no asistencia a una guardia o tarea asignada, sin justificaci\u00f3n de fuerza mayor, ser\u00e1 considerada una\u00a0<strong>falta muy grave<\/strong>.<\/li>\n<\/ul>\n<ul>\n<li>En ausencia de pacientes, los alumnos disponen de un aula en el piso 1 para poder estudiar.<\/li>\n<\/ul>\n<ul>\n<li>Los alumnos de guardia nocturna dispondr\u00e1n de camas con s\u00e1banas y edredones; para almorzar\/cenar disponen de una cocina con comedor.<\/li>\n<\/ul>\n<ul>\n<li><a href=\"http:\/\/servicios.unileon.es\/hospital-veterinario\/normas\/\">Normas de comportamiento<\/a><\/li>\n<\/ul>\n","protected":false},"excerpt":{"rendered":"<p>Durante el segundo cuatrimestre\u00a0las guardias se han repartido iniciando por los de fines de semana o festivos (de 24 horas), evitando a quienes ya las hicieron en el primer cuatrimestre; usando el orden de listado de la web de m\u00f3dulos &hellip; <a href=\"https:\/\/servicios.unileon.es\/hospital-veterinario\/rotatorio-clinico-2o-cuatrimestre\/\">Sigue leyendo <span class=\"meta-nav\">&rarr;<\/span><\/a><\/p>\n","protected":false},"author":508,"featured_media":0,"parent":0,"menu_order":0,"comment_status":"closed","ping_status":"closed","template":"","meta":{"footnotes":""},"class_list":["post-397","page","type-page","status-publish","hentry"],"_links":{"self":[{"href":"https:\/\/servicios.unileon.es\/hospital-veterinario\/wp-json\/wp\/v2\/pages\/397","targetHints":{"allow":["GET"]}}],"collection":[{"href":"https:\/\/servicios.unileon.es\/hospital-veterinario\/wp-json\/wp\/v2\/pages"}],"about":[{"href":"https:\/\/servicios.unileon.es\/hospital-veterinario\/wp-json\/wp\/v2\/types\/page"}],"author":[{"embeddable":true,"href":"https:\/\/servicios.unileon.es\/hospital-veterinario\/wp-json\/wp\/v2\/users\/508"}],"replies":[{"embeddable":true,"href":"https:\/\/servicios.unileon.es\/hospital-veterinario\/wp-json\/wp\/v2\/comments?post=397"}],"version-history":[{"count":14,"href":"https:\/\/servicios.unileon.es\/hospital-veterinario\/wp-json\/wp\/v2\/pages\/397\/revisions"}],"predecessor-version":[{"id":416,"href":"https:\/\/servicios.unileon.es\/hospital-veterinario\/wp-json\/wp\/v2\/pages\/397\/revisions\/416"}],"wp:attachment":[{"href":"https:\/\/servicios.unileon.es\/hospital-veterinario\/wp-json\/wp\/v2\/media?parent=397"}],"curies":[{"name":"wp","href":"https:\/\/api.w.org\/{rel}","templated":true}]}}