{"id":2216,"date":"2025-03-10T13:43:10","date_gmt":"2025-03-10T11:43:10","guid":{"rendered":"https:\/\/servicios.unileon.es\/hospital-veterinario\/?page_id=2216"},"modified":"2025-03-10T16:03:32","modified_gmt":"2025-03-10T14:03:32","slug":"plan-de-calidad","status":"publish","type":"page","link":"https:\/\/servicios.unileon.es\/hospital-veterinario\/plan-de-calidad\/","title":{"rendered":"Encuestas de satisfacci\u00f3n"},"content":{"rendered":"<p><a href=\"http:\/\/servicios.unileon.es\/hospital-veterinario\/files\/2025\/03\/Encuesta-de-Satisfaccion-para-estudiantes-en-practicas_Estancias-y-Rotatorio-Clinico_p.pdf\">Encuesta de Satisfacci\u00f3n para estudiantes en pr\u00e1cticas: Estancias y Rotatorio Cl\u00ednico<\/a><\/p>\n<p><a href=\"http:\/\/servicios.unileon.es\/hospital-veterinario\/files\/2025\/03\/Encuesta-de-Satisfaccion-para-el-personal-del-hospital_p.pdf\">Encuesta de Satisfacci\u00f3n para el personal del hospital<\/a><\/p>\n<p><a href=\"http:\/\/servicios.unileon.es\/hospital-veterinario\/files\/2025\/03\/Encuesta-de-satisfaccion-para-clientes_p.pdf\">Encuesta de satisfacci\u00f3n para clientes<\/a><\/p>\n","protected":false},"excerpt":{"rendered":"<p>Encuesta de Satisfacci\u00f3n para estudiantes en pr\u00e1cticas: Estancias y Rotatorio Cl\u00ednico Encuesta de Satisfacci\u00f3n para el personal del hospital Encuesta de satisfacci\u00f3n para clientes<\/p>\n","protected":false},"author":801,"featured_media":0,"parent":0,"menu_order":0,"comment_status":"closed","ping_status":"closed","template":"","meta":{"footnotes":""},"class_list":["post-2216","page","type-page","status-publish","hentry"],"_links":{"self":[{"href":"https:\/\/servicios.unileon.es\/hospital-veterinario\/wp-json\/wp\/v2\/pages\/2216","targetHints":{"allow":["GET"]}}],"collection":[{"href":"https:\/\/servicios.unileon.es\/hospital-veterinario\/wp-json\/wp\/v2\/pages"}],"about":[{"href":"https:\/\/servicios.unileon.es\/hospital-veterinario\/wp-json\/wp\/v2\/types\/page"}],"author":[{"embeddable":true,"href":"https:\/\/servicios.unileon.es\/hospital-veterinario\/wp-json\/wp\/v2\/users\/801"}],"replies":[{"embeddable":true,"href":"https:\/\/servicios.unileon.es\/hospital-veterinario\/wp-json\/wp\/v2\/comments?post=2216"}],"version-history":[{"count":7,"href":"https:\/\/servicios.unileon.es\/hospital-veterinario\/wp-json\/wp\/v2\/pages\/2216\/revisions"}],"predecessor-version":[{"id":2248,"href":"https:\/\/servicios.unileon.es\/hospital-veterinario\/wp-json\/wp\/v2\/pages\/2216\/revisions\/2248"}],"wp:attachment":[{"href":"https:\/\/servicios.unileon.es\/hospital-veterinario\/wp-json\/wp\/v2\/media?parent=2216"}],"curies":[{"name":"wp","href":"https:\/\/api.w.org\/{rel}","templated":true}]}}