{"id":2212,"date":"2025-03-10T13:42:29","date_gmt":"2025-03-10T11:42:29","guid":{"rendered":"https:\/\/servicios.unileon.es\/hospital-veterinario\/?page_id=2212"},"modified":"2025-03-10T14:53:11","modified_gmt":"2025-03-10T12:53:11","slug":"politica-de-calidad","status":"publish","type":"page","link":"https:\/\/servicios.unileon.es\/hospital-veterinario\/politica-de-calidad\/","title":{"rendered":"Pol\u00edtica de calidad"},"content":{"rendered":"<p style=\"text-align: justify;\">Los prop\u00f3sitos de este plan de seguimiento y aseguramiento de la calidad ser\u00e1n:<\/p>\n<ol>\n<li style=\"text-align: justify;\">Mejorar la calidad de los servicios, asegurando que los procedimientos cl\u00ednicos, el trato a los clientes y la formaci\u00f3n de los estudiantes se realicen de manera eficiente, segura y efectiva, e identificando las \u00e1reas de mejora.<\/li>\n<li style=\"text-align: justify;\">Monitorear el cumplimiento de est\u00e1ndares y normativas, garantizando el respeto a los protocolos internos y las regulaciones externas aplicables, como medidas de bioseguridad, bienestar animal o normativas acad\u00e9micas.<\/li>\n<li style=\"text-align: justify;\">Detectar problemas de forma temprana, identificando y previniendo desviaciones o deficiencias que puedan comprometer la calidad de los servicios o la seguridad de pacientes y personal.<\/li>\n<li style=\"text-align: justify;\">Fomentar la mejorar continua, promoviendo una cultura de aprendizaje y perfeccionamiento constante mediante el uso de datos para optimizar procesos.<\/li>\n<li style=\"text-align: justify;\">Incrementar la satisfacci\u00f3n de los usuarios, mejorando la experiencia de clientes (tutores de animales), estudiantes y personal, y atendiendo sus expectativas.<\/li>\n<li style=\"text-align: justify;\">Asegurar la formaci\u00f3n pr\u00e1ctica de calidad, garantizando que los estudiantes adquieren habilidades cl\u00ednicas en un entorno profesional bien gestionado.<\/li>\n<li style=\"text-align: justify;\">Facilitar la toma de decisiones basadas en datos, proporcionando informaci\u00f3n precisa y oportuna para una gesti\u00f3n eficiente de recursos y cambios.<\/li>\n<li style=\"text-align: justify;\">Fomentar la confianza en la instituci\u00f3n, proyectando profesionalismo y compromiso con la excelencia, y consolidando la reputaci\u00f3n del hospital veterinario y la facultad en su conjunto.<\/li>\n<\/ol>\n","protected":false},"excerpt":{"rendered":"<p>Los prop\u00f3sitos de este plan de seguimiento y aseguramiento de la calidad ser\u00e1n: Mejorar la calidad de los servicios, asegurando que los procedimientos cl\u00ednicos, el trato a los clientes y la formaci\u00f3n de los estudiantes se realicen de manera eficiente, &hellip; <a href=\"https:\/\/servicios.unileon.es\/hospital-veterinario\/politica-de-calidad\/\">Sigue leyendo <span class=\"meta-nav\">&rarr;<\/span><\/a><\/p>\n","protected":false},"author":801,"featured_media":0,"parent":0,"menu_order":0,"comment_status":"closed","ping_status":"closed","template":"","meta":{"footnotes":""},"class_list":["post-2212","page","type-page","status-publish","hentry"],"_links":{"self":[{"href":"https:\/\/servicios.unileon.es\/hospital-veterinario\/wp-json\/wp\/v2\/pages\/2212","targetHints":{"allow":["GET"]}}],"collection":[{"href":"https:\/\/servicios.unileon.es\/hospital-veterinario\/wp-json\/wp\/v2\/pages"}],"about":[{"href":"https:\/\/servicios.unileon.es\/hospital-veterinario\/wp-json\/wp\/v2\/types\/page"}],"author":[{"embeddable":true,"href":"https:\/\/servicios.unileon.es\/hospital-veterinario\/wp-json\/wp\/v2\/users\/801"}],"replies":[{"embeddable":true,"href":"https:\/\/servicios.unileon.es\/hospital-veterinario\/wp-json\/wp\/v2\/comments?post=2212"}],"version-history":[{"count":3,"href":"https:\/\/servicios.unileon.es\/hospital-veterinario\/wp-json\/wp\/v2\/pages\/2212\/revisions"}],"predecessor-version":[{"id":2246,"href":"https:\/\/servicios.unileon.es\/hospital-veterinario\/wp-json\/wp\/v2\/pages\/2212\/revisions\/2246"}],"wp:attachment":[{"href":"https:\/\/servicios.unileon.es\/hospital-veterinario\/wp-json\/wp\/v2\/media?parent=2212"}],"curies":[{"name":"wp","href":"https:\/\/api.w.org\/{rel}","templated":true}]}}