{"id":177,"date":"2013-09-25T07:02:41","date_gmt":"2013-09-25T05:02:41","guid":{"rendered":"http:\/\/servicios.unileon.es\/hospital-veterinario\/?page_id=177"},"modified":"2024-08-26T11:56:02","modified_gmt":"2024-08-26T09:56:02","slug":"horarios","status":"publish","type":"page","link":"https:\/\/servicios.unileon.es\/hospital-veterinario\/horarios\/","title":{"rendered":"Horario"},"content":{"rendered":"<p>El horario de consultas del Hospital Veterinario es de lunes a viernes desde las 9 de la ma\u00f1ana hasta las 3 de la tarde, atendiendo en horario de urgencia las 24 horas del d\u00eda, todos los d\u00edas de la semana.<\/p>\n<p>Para una adecuada atenci\u00f3n por el especialista, <a title=\"Informaci\u00f3n de Contacto\" href=\"http:\/\/servicios.unileon.es\/hospital-veterinario\/informacion-de-contacto\/\">se debe solicitar cita previa<\/a>.<\/p>\n<p>La atenci\u00f3n sin cita previa se facturar\u00e1 como urgencia.<\/p>\n","protected":false},"excerpt":{"rendered":"<p>El horario de consultas del Hospital Veterinario es de lunes a viernes desde las 9 de la ma\u00f1ana hasta las 3 de la tarde, atendiendo en horario de urgencia las 24 horas del d\u00eda, todos los d\u00edas de la semana. &hellip; <a href=\"https:\/\/servicios.unileon.es\/hospital-veterinario\/horarios\/\">Sigue leyendo <span class=\"meta-nav\">&rarr;<\/span><\/a><\/p>\n","protected":false},"author":508,"featured_media":0,"parent":0,"menu_order":0,"comment_status":"closed","ping_status":"closed","template":"","meta":{"footnotes":""},"class_list":["post-177","page","type-page","status-publish","hentry"],"_links":{"self":[{"href":"https:\/\/servicios.unileon.es\/hospital-veterinario\/wp-json\/wp\/v2\/pages\/177","targetHints":{"allow":["GET"]}}],"collection":[{"href":"https:\/\/servicios.unileon.es\/hospital-veterinario\/wp-json\/wp\/v2\/pages"}],"about":[{"href":"https:\/\/servicios.unileon.es\/hospital-veterinario\/wp-json\/wp\/v2\/types\/page"}],"author":[{"embeddable":true,"href":"https:\/\/servicios.unileon.es\/hospital-veterinario\/wp-json\/wp\/v2\/users\/508"}],"replies":[{"embeddable":true,"href":"https:\/\/servicios.unileon.es\/hospital-veterinario\/wp-json\/wp\/v2\/comments?post=177"}],"version-history":[{"count":20,"href":"https:\/\/servicios.unileon.es\/hospital-veterinario\/wp-json\/wp\/v2\/pages\/177\/revisions"}],"predecessor-version":[{"id":2169,"href":"https:\/\/servicios.unileon.es\/hospital-veterinario\/wp-json\/wp\/v2\/pages\/177\/revisions\/2169"}],"wp:attachment":[{"href":"https:\/\/servicios.unileon.es\/hospital-veterinario\/wp-json\/wp\/v2\/media?parent=177"}],"curies":[{"name":"wp","href":"https:\/\/api.w.org\/{rel}","templated":true}]}}