{"id":135,"date":"2013-09-23T11:23:14","date_gmt":"2013-09-23T09:23:14","guid":{"rendered":"http:\/\/servicios.unileon.es\/hospital-veterinario\/?page_id=135"},"modified":"2013-12-30T19:25:13","modified_gmt":"2013-12-30T17:25:13","slug":"rotatorio-clinico","status":"publish","type":"page","link":"https:\/\/servicios.unileon.es\/hospital-veterinario\/rotatorio-clinico\/","title":{"rendered":"Rotatorio cl\u00ednico"},"content":{"rendered":"<h3 style=\"text-align: center;\"><strong>Novedad<\/strong>: <a title=\"Rotatorio cl\u00ednico 2\u00ba cuatrimestre\" href=\"http:\/\/servicios.unileon.es\/hospital-veterinario\/rotatorio-clinico-2o-cuatrimestre\/\">horario 2\u00ba cuatrimestre<\/a><\/h3>\n<p>Durante las ma\u00f1anas, dos alumnos del rotatorio estar\u00e1n adscritos al servicio de <strong>diagn\u00f3stico por imagen<\/strong>, ayudando en el manejo de los pacientes a los que haya que realizar radiograf\u00edas o ecograf\u00edas.<\/p>\n<p>Otros dos alumnos deben estar presentes de 14.00 a 19.30 por si hubiera alguna urgencia, y al menos otros dos alumnos de 17.00 a 19.30.<\/p>\n<p>El calendario de asistencia de los m\u00f3dulos es (<a href=\"https:\/\/docs.google.com\/spreadsheet\/pub?key=0Arwq9ptYF8OrdE5ETDRmWExCR1lZbHpmcGpqdFlXMVE&amp;output=html\" target=\"_blank\">ver en pesta\u00f1a nueva<\/a>):<\/p>\n<p><iframe loading=\"lazy\" src=\"https:\/\/docs.google.com\/spreadsheet\/pub?key=0Arwq9ptYF8OrdE5ETDRmWExCR1lZbHpmcGpqdFlXMVE&amp;output=html&amp;widget=true\" height=\"300\" width=\"500\" frameborder=\"0\"><\/iframe><\/p>\n<p>No obstante, el resto de alumnos del m\u00f3dulo pueden asistir todos los d\u00edas lectivos de su m\u00f3dulo de 10.00 a 19.30 si lo desean.<\/p>\n<p>En la siguiente convocatoria del m\u00f3dulo se tendr\u00e1n en cuenta las actividades realizadas en la actual.<\/p>\n<ul>\n<li><a style=\"color: #ff4b33; line-height: 24px;\" href=\"http:\/\/servicios.unileon.es\/hospital-veterinario\/wp-content\/blogs.dir\/36\/files\/2013\/09\/Alumnos-cambio-de-urgencias-2.pdf\" target=\"_blank\">Documento para el cambio de guardia<\/a>\u00a0con otro compa\u00f1ero (puede ser\u00a0de otro m\u00f3dulo): deber\u00e1 entregarse en la recepci\u00f3n del Hospital o al veterinario responsable de la guardia antes de comenzar la misma.\n<ul>\n<li>Para otros cambios (pr\u00e1cticas de ma\u00f1ana, tarde, etc.) se puede utilizar un modelo similar.<\/li>\n<\/ul>\n<\/li>\n<\/ul>\n<ul>\n<li>Los alumnos deber\u00e1n presentarse en el Hospital\u00a0<strong>no m\u00e1s tarde<\/strong>\u00a0de las 19:30 horas en el caso de las guardias nocturnas (lunes a viernes en d\u00edas no lectivos), y\u00a0<strong>no m\u00e1s tarde<\/strong>\u00a0de las 9:30 horas en el caso de las guardias de 24 horas de fines de semana y festivos.<\/li>\n<\/ul>\n<ul>\n<li>Los alumnos deber\u00e1n estar presentes en el Hospital durante la duraci\u00f3n\u00a0<strong>completa<\/strong>\u00a0de la guardia, salvo cuando no haya casos hospitalizados que requieran una atenci\u00f3n continuada; en dicho caso, deber\u00e1n indicar al veterinario responsable de la guardia un tel\u00e9fono m\u00f3vil de contacto, y presentarse en el Hospital de inmediato en caso necesario.<\/li>\n<\/ul>\n<ul>\n<li>La no asistencia a una guardia, sin justificaci\u00f3n de fuerza mayor, ser\u00e1 considerada una\u00a0<strong>falta muy grave<\/strong>.<\/li>\n<\/ul>\n<ul>\n<li>En ausencia de pacientes, los alumnos disponen de un aula en el piso 1 para poder estudiar.<\/li>\n<\/ul>\n<ul>\n<li>Los alumnos de guardia nocturna dispondr\u00e1n de camas con s\u00e1banas y edredones; para almorzar\/cenar disponen de una cocina con comedor.<\/li>\n<\/ul>\n<ul>\n<li><a href=\"http:\/\/servicios.unileon.es\/hospital-veterinario\/normas\/\">Normas de comportamiento<\/a><\/li>\n<\/ul>\n","protected":false},"excerpt":{"rendered":"<p>Novedad: horario 2\u00ba cuatrimestre Durante las ma\u00f1anas, dos alumnos del rotatorio estar\u00e1n adscritos al servicio de diagn\u00f3stico por imagen, ayudando en el manejo de los pacientes a los que haya que realizar radiograf\u00edas o ecograf\u00edas. Otros dos alumnos deben estar &hellip; <a href=\"https:\/\/servicios.unileon.es\/hospital-veterinario\/rotatorio-clinico\/\">Sigue leyendo <span class=\"meta-nav\">&rarr;<\/span><\/a><\/p>\n","protected":false},"author":508,"featured_media":0,"parent":0,"menu_order":0,"comment_status":"closed","ping_status":"closed","template":"","meta":{"footnotes":""},"class_list":["post-135","page","type-page","status-publish","hentry"],"_links":{"self":[{"href":"https:\/\/servicios.unileon.es\/hospital-veterinario\/wp-json\/wp\/v2\/pages\/135","targetHints":{"allow":["GET"]}}],"collection":[{"href":"https:\/\/servicios.unileon.es\/hospital-veterinario\/wp-json\/wp\/v2\/pages"}],"about":[{"href":"https:\/\/servicios.unileon.es\/hospital-veterinario\/wp-json\/wp\/v2\/types\/page"}],"author":[{"embeddable":true,"href":"https:\/\/servicios.unileon.es\/hospital-veterinario\/wp-json\/wp\/v2\/users\/508"}],"replies":[{"embeddable":true,"href":"https:\/\/servicios.unileon.es\/hospital-veterinario\/wp-json\/wp\/v2\/comments?post=135"}],"version-history":[{"count":33,"href":"https:\/\/servicios.unileon.es\/hospital-veterinario\/wp-json\/wp\/v2\/pages\/135\/revisions"}],"predecessor-version":[{"id":411,"href":"https:\/\/servicios.unileon.es\/hospital-veterinario\/wp-json\/wp\/v2\/pages\/135\/revisions\/411"}],"wp:attachment":[{"href":"https:\/\/servicios.unileon.es\/hospital-veterinario\/wp-json\/wp\/v2\/media?parent=135"}],"curies":[{"name":"wp","href":"https:\/\/api.w.org\/{rel}","templated":true}]}}