{"id":110,"date":"2013-09-17T17:05:15","date_gmt":"2013-09-17T15:05:15","guid":{"rendered":"http:\/\/servicios.unileon.es\/hospital-veterinario\/?page_id=110"},"modified":"2015-07-16T19:51:30","modified_gmt":"2015-07-16T17:51:30","slug":"normas","status":"publish","type":"page","link":"https:\/\/servicios.unileon.es\/hospital-veterinario\/normas\/","title":{"rendered":"Normas de comportamiento"},"content":{"rendered":"<p>Se entiende como veterinario responsable el <strong>profesor vinculado<\/strong> al Hospital que atiende el caso y, en su ausencia, el veterinario interno. El alumno deber\u00e1 seguir en todo momento las indicaciones de los mismos.<\/p>\n<ul>\n<li>El alumno debe ir en todo momento identificado mediante tarjeta visible (que podr\u00e1 recoger en la conserjer\u00eda de la Facultad) en la que indique su nombre y el o los cursos en el que est\u00e1 matriculado.<\/li>\n<li>Se debe mantener en todo momento una actitud respetuosa y responsable con los pacientes, clientes y personal asistencial, \u00a0estando terminantemente prohibido cualquier forma de maltrato a los animales.<\/li>\n<li>Se guardar\u00e1 absoluta discreci\u00f3n acerca de la informaci\u00f3n que pueda conocer de los pacientes, que debe considerar secreto profesional, estando prohibido distribuir im\u00e1genes, partes de im\u00e1genes, historias cl\u00ednicas o partes de historias cl\u00ednicas a trav\u00e9s de internet u otro medio de difusi\u00f3n.<\/li>\n<li>Se procurar\u00e1 guardar silencio, comportarse con suma correcci\u00f3n y no formar grupos.<\/li>\n<li>Se mostrar\u00e1 un cuidado extremo hacia el material del Hospital, procurando hacer un buen uso del mismo.<\/li>\n<li>En \u00e1reas especiales del Hospital (quir\u00f3fanos, sala de exploraciones especializadas, hospitalizaci\u00f3n, etc.) \u00fanicamente se entrar\u00e1 cuando el veterinario responsable lo indique.<\/li>\n<li>No est\u00e1 permitido comer ni beber en el Hospital, salvo el \u00e1rea reservada para dicho fin (comedor y cocina de la planta 1).<\/li>\n<li>No est\u00e1 permitido dar de comer ni de beber a los pacientes, sin autorizaci\u00f3n del veterinario responsable.<\/li>\n<li>En el Hospital los tel\u00e9fonos m\u00f3viles deber\u00e1n estar en modo de silencio o vibraci\u00f3n, estando prohibida su utilizaci\u00f3n en consultorios, quir\u00f3fanos, pasillos y \u00e1reas de hospitalizaci\u00f3n; para realizar o recibir llamadas o mensajes de texto, deber\u00e1 acudir a la sala de espera o salir al exterior del edificio.<\/li>\n<li>En las salas de atenci\u00f3n cl\u00ednica \u00a0no se puede asistir con:\n<ul>\n<li>U\u00f1as sucias o pintadas (ni excesivamente largas, ni con manicuras francesas o similares).<\/li>\n<li>Pulseras, colgantes, anillos, cadenas, collares, etc., objetos que suponen riesgos laborales y de transmisi\u00f3n de enfermedades a pacientes.<\/li>\n<li>Mochilas, carpetas, cuadernos que no puedan guardarse en el bolsillo de las batas (con una peque\u00f1a libreta y un bol\u00edgrafo es suficiente).<\/li>\n<\/ul>\n<\/li>\n<li>Se espera que el alumno colabore con el personal asistencial del Hospital y siga sus instrucciones.<\/li>\n<\/ul>\n<p>El alumno deber\u00e1 colaborar con el personal asistencial del Hospital y seguir sus instrucciones, observando las siguientes indicaciones:<\/p>\n<p>1.- <strong>Asistencia a las consultas<\/strong><\/p>\n<ul>\n<li>El alumno atender\u00e1 en todo momento a las indicaciones del veterinario encargado del caso.<\/li>\n<li>Si le surgiese alguna duda, deber\u00e1 trasladarla al veterinario que lleve el caso cuando los propietarios del paciente no se encuentren presentes.<\/li>\n<li>Delante de los propietarios no se deben manifestar opiniones diagn\u00f3sticas, pron\u00f3sticas ni terap\u00e9uticas, y en ning\u00fan caso podr\u00e1 realizar ning\u00fan tipo de indicaci\u00f3n terap\u00e9utica a los clientes.<\/li>\n<li>\n<p style=\"display: inline !important;\">El alumno debe acudir con pijama o bata, term\u00f3metro, fonendoscopio, libreta peque\u00f1a y bol\u00edgrafo; deber\u00e1 llevar calzado adecuado para la atenci\u00f3n de grandes animales (cerrado, resistente e impermeable, que cubra totalmente el pie y el empeine).<\/p>\n<\/li>\n<li>Despu\u00e9s de cualquier procedimiento, los alumnos ayudar\u00e1n a limpiar la mesa y el material correspondiente.<\/li>\n<\/ul>\n<p>2.- <strong>Asistencia a los quir\u00f3fanos<\/strong><\/p>\n<ul>\n<li>Si le surgiese alguna duda durante la intervenci\u00f3n deber\u00e1 trasladarla al cirujano teniendo en cuenta que en determinadas circunstancias la atenci\u00f3n del cirujano puede estar centrada exclusivamente en la intervenci\u00f3n quir\u00fargica.<\/li>\n<li>Se tendr\u00e1 un especial cuidado en no acercarse a la zona est\u00e9ril del quir\u00f3fano (cirujanos, paciente, mesa de material, etc.).<\/li>\n<li>Deber\u00e1 seguir siempre al pie de la letra cualquier indicaci\u00f3n que le haga el personal del quir\u00f3fano, sin tomar nunca ninguna iniciativa por su cuenta.<\/li>\n<li>El alumno debe acudir con term\u00f3metro, fonendoscopio, reloj con segundero o cron\u00f3metro,\u00a0bol\u00edgrafo y papel; deber\u00e1 llevar calzado adecuado para la atenci\u00f3n de grandes animales<\/li>\n<li>El alumno debe acudir con ropa de quir\u00f3fano (\u201cpijama\u201d) limpia al comenzar la pr\u00e1ctica, y\u00a0bata blanca, limpia al comenzar la pr\u00e1ctica, y abrochada en todo momento\n<ul>\n<li>Ser\u00eda deseable que los alumnos dispusieran de dos pijamas, uno de ellos para uso exclusivo en quir\u00f3fano; no obstante, han de mantener limpia la ropa de quir\u00f3fano llev\u00e1ndola siempre, cuando no est\u00e9n en quir\u00f3fano, bajo la bata blanca constantemente abrochada.<\/li>\n<\/ul>\n<\/li>\n<li>Es opcional el uso de zuecos, pero s\u00ed es necesario que el calzado que se lleve pueda ser cubierto por calzas para entrar en las \u00e1reas quir\u00fargicas, cuando no se disponga de zuecos de uso exclusivo en las mismas.<\/li>\n<li>Para el acceso a quir\u00f3fanos ser\u00e1 imprescindible el uso de gorro, mascarilla y calzas, que se le proporcionar\u00e1n al alumno en sus primeras pr\u00e1cticas. No obstante, todo alumno que lo desee, puede llevar las suyos propios.<\/li>\n<\/ul>\n<p>3.- <strong>Asistencia a la zona de hospitalizaci\u00f3n<\/strong><\/p>\n<ul>\n<li>El alumno atender\u00e1 en todo momento a las indicaciones del personal responsable de los animales hospitalizados.<\/li>\n<li>El alumno debe contribuir con su comportamiento a mantener una situaci\u00f3n de tranquilidad para los animales hospitalizados.<\/li>\n<li>Est\u00e1 prohibido sacar a pasear, manipular o meter las manos en los habit\u00e1culos de los pacientes hospitalizados sin autorizaci\u00f3n expresa de los responsables de los mismos.<\/li>\n<\/ul>\n<p>4.- <strong>Toma de datos de los historiales y de im\u00e1genes<\/strong><\/p>\n<ul>\n<li>En los datos que se extraigan de las historias cl\u00ednicas nunca estar\u00e1n incluidos ni los de los propietarios ni los del paciente (nombre, n\u00ba de microchip, etc.), exceptuando aquellos que sean de importancia para el caso (edad, especie, raza, sexo, etc.) y <strong>nunca<\/strong> se podr\u00e1n hacer fotograf\u00edas de las fichas.<\/li>\n<li>Las fotograf\u00edas\/v\u00eddeos de los casos los realizar\u00e1 el personal del Hospital.<\/li>\n<li>Toda la informaci\u00f3n contenida en los historiales es estrictamente confidencial y los datos personales de los propietarios est\u00e1n protegidos por la ley org\u00e1nica de protecci\u00f3n de datos de car\u00e1cter personal. La copia de historiales est\u00e1 permitida \u00fanicamente con finalidad docente.<\/li>\n<\/ul>\n<p>5.- <strong>Asistencias a guardias<\/strong><\/p>\n<ul>\n<li>Los alumnos del rotatorio pr\u00e1cticum II asignados a guardias nocturnas o de fin de semana deber\u00e1n estar presentes en el Hospital durante la duraci\u00f3n <strong>completa<\/strong> de la guardia, salvo cuando no haya casos hospitalizados que requieran una atenci\u00f3n continuada; en dicho caso, deber\u00e1n indicar al veterinario responsable de la guardia un tel\u00e9fono m\u00f3vil de contacto, y presentarse en el Hospital de inmediato en caso necesario.<\/li>\n<li>Los alumnos deber\u00e1n presentarse en el Hospital <strong>no m\u00e1s tarde<\/strong> de las 19:30 horas en el caso de las guardias nocturnas (lunes a viernes en d\u00edas no lectivos), y <strong>no m\u00e1s tarde<\/strong> de las 9:30 horas en el caso de las guardias de 24 horas de fines de semana y festivos.<\/li>\n<li>La no asistencia a una guardia, sin justificaci\u00f3n de fuerza mayor, ser\u00e1 considerada una <strong>falta muy grave<\/strong>.<\/li>\n<\/ul>\n","protected":false},"excerpt":{"rendered":"<p>Se entiende como veterinario responsable el profesor vinculado al Hospital que atiende el caso y, en su ausencia, el veterinario interno. El alumno deber\u00e1 seguir en todo momento las indicaciones de los mismos. El alumno debe ir en todo momento &hellip; <a href=\"https:\/\/servicios.unileon.es\/hospital-veterinario\/normas\/\">Sigue leyendo <span class=\"meta-nav\">&rarr;<\/span><\/a><\/p>\n","protected":false},"author":508,"featured_media":0,"parent":0,"menu_order":0,"comment_status":"closed","ping_status":"closed","template":"","meta":{"footnotes":""},"class_list":["post-110","page","type-page","status-publish","hentry"],"_links":{"self":[{"href":"https:\/\/servicios.unileon.es\/hospital-veterinario\/wp-json\/wp\/v2\/pages\/110","targetHints":{"allow":["GET"]}}],"collection":[{"href":"https:\/\/servicios.unileon.es\/hospital-veterinario\/wp-json\/wp\/v2\/pages"}],"about":[{"href":"https:\/\/servicios.unileon.es\/hospital-veterinario\/wp-json\/wp\/v2\/types\/page"}],"author":[{"embeddable":true,"href":"https:\/\/servicios.unileon.es\/hospital-veterinario\/wp-json\/wp\/v2\/users\/508"}],"replies":[{"embeddable":true,"href":"https:\/\/servicios.unileon.es\/hospital-veterinario\/wp-json\/wp\/v2\/comments?post=110"}],"version-history":[{"count":24,"href":"https:\/\/servicios.unileon.es\/hospital-veterinario\/wp-json\/wp\/v2\/pages\/110\/revisions"}],"predecessor-version":[{"id":828,"href":"https:\/\/servicios.unileon.es\/hospital-veterinario\/wp-json\/wp\/v2\/pages\/110\/revisions\/828"}],"wp:attachment":[{"href":"https:\/\/servicios.unileon.es\/hospital-veterinario\/wp-json\/wp\/v2\/media?parent=110"}],"curies":[{"name":"wp","href":"https:\/\/api.w.org\/{rel}","templated":true}]}}