{"id":1027,"date":"2016-11-18T15:16:14","date_gmt":"2016-11-18T13:16:14","guid":{"rendered":"http:\/\/servicios.unileon.es\/hospital-veterinario\/?page_id=1027"},"modified":"2019-12-16T13:13:57","modified_gmt":"2019-12-16T11:13:57","slug":"servicio-de-terapia-celular","status":"publish","type":"page","link":"https:\/\/servicios.unileon.es\/hospital-veterinario\/servicio-de-terapia-celular\/","title":{"rendered":"SERVICIO DE TERAPIA CELULAR"},"content":{"rendered":"<p>El Hospital Veterinario de la Universidad de Le\u00f3n ofrece, tratamientos de lesiones aprovechando las c\u00e9lulas troncales mesenquimales (c\u00e9lulas madre) extra\u00eddas del propio paciente. Con este servicio, se contribuye a encontrar nuevas soluciones terap\u00e9uticas para diferentes enfermedades que actualmente no cuentan con tratamientos efectivos en medicina veterinaria.<\/p>\n<p>En este servicio de Terapia Celular se tratan lesiones del aparato muscular y esquel\u00e9tico, gracias a las propiedades de autorrenovaci\u00f3n e inmunomodulaci\u00f3n de este tipo de c\u00e9lulas.<\/p>\n<p>Las c\u00e9lulas troncales adultas est\u00e1n presentes en todos los tejidos para reponer la p\u00e9rdida de elementos celulares que se produce normalmente a lo largo de la vida de cada individuo. Por tanto, se pueden extraer de cualquier tejido, aunque el m\u00e1s utilizado \u2013por su sencillez y abundancia\u2013 es la grasa. Estas c\u00e9lulas se recogen del tejido adiposo (grasa) del animal y se env\u00edan al laboratorio donde se a\u00edslan y purifican, luego son enviadas de vuelta a la consulta y se inyectan en las zonas afectadas.<\/p>\n<p>Al ser capaces de regenerar tejidos deteriorados, sus aplicaciones son m\u00faltiples, como la cicatrizaci\u00f3n de heridas, tratamiento de patolog\u00edas articulares como la artritis y artrosis, la displasia o lesiones en tendones y ligamentos.<\/p>\n<p><a href=\"http:\/\/servicios.unileon.es\/hospital-veterinario\/files\/2016\/11\/servicio-de-terapia-celular.jpg\"><img loading=\"lazy\" decoding=\"async\" class=\"size-medium wp-image-1026 aligncenter\" src=\"http:\/\/servicios.unileon.es\/hospital-veterinario\/files\/2016\/11\/servicio-de-terapia-celular-300x150.jpg\" alt=\"servicio-de-terapia-celular\" width=\"300\" height=\"150\" srcset=\"https:\/\/servicios.unileon.es\/hospital-veterinario\/files\/2016\/11\/servicio-de-terapia-celular-300x150.jpg 300w, https:\/\/servicios.unileon.es\/hospital-veterinario\/files\/2016\/11\/servicio-de-terapia-celular.jpg 537w\" sizes=\"auto, (max-width: 300px) 100vw, 300px\" \/><\/a><\/p>\n","protected":false},"excerpt":{"rendered":"<p>El Hospital Veterinario de la Universidad de Le\u00f3n ofrece, tratamientos de lesiones aprovechando las c\u00e9lulas troncales mesenquimales (c\u00e9lulas madre) extra\u00eddas del propio paciente. Con este servicio, se contribuye a encontrar nuevas soluciones terap\u00e9uticas para diferentes enfermedades que actualmente no cuentan &hellip; <a href=\"https:\/\/servicios.unileon.es\/hospital-veterinario\/servicio-de-terapia-celular\/\">Sigue leyendo <span class=\"meta-nav\">&rarr;<\/span><\/a><\/p>\n","protected":false},"author":801,"featured_media":0,"parent":0,"menu_order":0,"comment_status":"closed","ping_status":"closed","template":"","meta":{"footnotes":""},"class_list":["post-1027","page","type-page","status-publish","hentry"],"_links":{"self":[{"href":"https:\/\/servicios.unileon.es\/hospital-veterinario\/wp-json\/wp\/v2\/pages\/1027","targetHints":{"allow":["GET"]}}],"collection":[{"href":"https:\/\/servicios.unileon.es\/hospital-veterinario\/wp-json\/wp\/v2\/pages"}],"about":[{"href":"https:\/\/servicios.unileon.es\/hospital-veterinario\/wp-json\/wp\/v2\/types\/page"}],"author":[{"embeddable":true,"href":"https:\/\/servicios.unileon.es\/hospital-veterinario\/wp-json\/wp\/v2\/users\/801"}],"replies":[{"embeddable":true,"href":"https:\/\/servicios.unileon.es\/hospital-veterinario\/wp-json\/wp\/v2\/comments?post=1027"}],"version-history":[{"count":6,"href":"https:\/\/servicios.unileon.es\/hospital-veterinario\/wp-json\/wp\/v2\/pages\/1027\/revisions"}],"predecessor-version":[{"id":1567,"href":"https:\/\/servicios.unileon.es\/hospital-veterinario\/wp-json\/wp\/v2\/pages\/1027\/revisions\/1567"}],"wp:attachment":[{"href":"https:\/\/servicios.unileon.es\/hospital-veterinario\/wp-json\/wp\/v2\/media?parent=1027"}],"curies":[{"name":"wp","href":"https:\/\/api.w.org\/{rel}","templated":true}]}}