{"id":70,"date":"2014-02-24T08:01:11","date_gmt":"2014-02-24T08:01:11","guid":{"rendered":"http:\/\/servicios.unileon.es\/gestion-de-residuos\/?page_id=70"},"modified":"2014-03-03T07:31:27","modified_gmt":"2014-03-03T07:31:27","slug":"introduccion","status":"publish","type":"page","link":"https:\/\/servicios.unileon.es\/gestion-de-residuos\/introduccion\/","title":{"rendered":"Introducci\u00f3n"},"content":{"rendered":"<p>Durante las \u00faltimas d\u00e9cadas ha surgido una gran preocupaci\u00f3n ambiental y de salud por los problemas que originan los residuos, principalmente los denominados peligrosos. Esta preocupaci\u00f3n que naci\u00f3 en los pa\u00edses con mayor desarrollo econ\u00f3mico, oblig\u00f3 a encarar problemas de contaminaci\u00f3n del medio ambiente y sus consecuentes efectos adversos en la salud p\u00fablica.<\/p>\n<p>La experiencia ha demostrado que para lograr un manejo adecuado de los residuos peligrosos, es necesaria una infraestructura que facilite tomar las acciones necesarias.<\/p>\n<p>Se entiende que una adecuada gesti\u00f3n es aquella que contempla los procesos de generaci\u00f3n, de manipulaci\u00f3n, de acondicionamiento, de almacenamiento, de transporte, de nuevo almacenamiento y de destino o tratamiento final, todo ello sin causar impactos negativos ni al medio ambiente ni a los seres vivos, y a ser posible, con un coste reducido.<\/p>\n<p>Los da\u00f1os que se pueden ocasionar al medio ambiente y a la salud de la humanidad, y por tanto a los trabajadores, por la incorrecta gesti\u00f3n de los residuos peligrosos, son de una enorme importancia.<\/p>\n<p>En Espa\u00f1a, la Directiva, 78\/319\/CEE, de 20 de marzo, relativa a los Residuos T\u00f3xicos y Peligrosos, se transpuso a la normativa espa\u00f1ola por la Ley 20\/1986, de 14 de mayo, B\u00e1sica de Residuos T\u00f3xicos y Peligrosos, derogada por la Ley 10\/1998, de 21 de abril, de Residuos, que junto con los Reales Decretos que las desarrollan y la Normativa Auton\u00f3mica, constituyen la legislaci\u00f3n vigente.<\/p>\n<p>Con ello, adem\u00e1s, se acomoda el desarrollo econ\u00f3mico de Espa\u00f1a a los principios proclamados en la Declaraci\u00f3n de R\u00edo de Janeiro sobre Medio Ambiente y el Desarrollo y la Agenda 21, firmados por Espa\u00f1a en la Conferencia Internacional de R\u00edo de Janeiro de 1992, y a los principios de la pol\u00edtica comunitaria de medio ambiente, tal como figuran recogidos en el art\u00edculo 174 (antiguo art\u00edculo 130 R) del Tratado Constitutivo de la Comunidad Europea, tras las modificaciones introducidas por el Tratado de la Uni\u00f3n Europea.<\/p>\n<p>Es responsabilidad de la Universidad de Le\u00f3n cumplir con la legislaci\u00f3n vigente en materia de residuos. Para ello, y debido a la magnitud de la Universidad, es conveniente elaborar unas normas internas o reglamento interno, que indiquen el protocolo a seguir por toda la comunidad universitaria al respecto. Este Manual de Residuos Peligrosos, define el modelo de gesti\u00f3n implantado en la Universidad.<\/p>\n<p>En actividades docentes e investigadoras, se manejan gran variedad de productos y se efect\u00faan diversas operaciones que conllevan la generaci\u00f3n de residuos, en muchos casos peligrosos para la salud o el medio ambiente, adem\u00e1s de los envases que los han contenido. Aunque el volumen de los residuos que se generan en los laboratorios normalmente es peque\u00f1o, s\u00ed se produce una gran variedad, y algunos de ellos son compuestos nuevos, de los cuales no se conocen exactamente sus caracter\u00edsticas de peligrosidad, incluyendo los posibles efectos sobre el medio ambiente.<\/p>\n<p>Para unas buenas condiciones de trabajo en el laboratorio, debe incluirse en la organizaci\u00f3n del mismo, un programa o plan de gesti\u00f3n de residuos que permita una adecuada protecci\u00f3n de la salud y del medio ambiente. No debe olvidarse que un residuo de un laboratorio suele ser una sustancia o un preparado, que muchas veces presenta peligrosidad y, cuya identificaci\u00f3n o almacenamiento inadecuados, constituye un riesgo a\u00f1adido a los propios de la actividad del laboratorio.<\/p>\n","protected":false},"excerpt":{"rendered":"<p>Durante las \u00faltimas d\u00e9cadas ha surgido una gran preocupaci\u00f3n ambiental y de salud por los problemas que originan los residuos, principalmente los denominados peligrosos. Esta preocupaci\u00f3n que naci\u00f3 en los pa\u00edses con mayor desarrollo econ\u00f3mico, oblig\u00f3 a encarar problemas de &hellip; <a href=\"https:\/\/servicios.unileon.es\/gestion-de-residuos\/introduccion\/\">Sigue leyendo <span class=\"meta-nav\">&rarr;<\/span><\/a><\/p>\n","protected":false},"author":1,"featured_media":0,"parent":0,"menu_order":0,"comment_status":"closed","ping_status":"closed","template":"","meta":{"footnotes":""},"class_list":["post-70","page","type-page","status-publish","hentry"],"_links":{"self":[{"href":"https:\/\/servicios.unileon.es\/gestion-de-residuos\/wp-json\/wp\/v2\/pages\/70","targetHints":{"allow":["GET"]}}],"collection":[{"href":"https:\/\/servicios.unileon.es\/gestion-de-residuos\/wp-json\/wp\/v2\/pages"}],"about":[{"href":"https:\/\/servicios.unileon.es\/gestion-de-residuos\/wp-json\/wp\/v2\/types\/page"}],"author":[{"embeddable":true,"href":"https:\/\/servicios.unileon.es\/gestion-de-residuos\/wp-json\/wp\/v2\/users\/1"}],"replies":[{"embeddable":true,"href":"https:\/\/servicios.unileon.es\/gestion-de-residuos\/wp-json\/wp\/v2\/comments?post=70"}],"version-history":[{"count":1,"href":"https:\/\/servicios.unileon.es\/gestion-de-residuos\/wp-json\/wp\/v2\/pages\/70\/revisions"}],"predecessor-version":[{"id":71,"href":"https:\/\/servicios.unileon.es\/gestion-de-residuos\/wp-json\/wp\/v2\/pages\/70\/revisions\/71"}],"wp:attachment":[{"href":"https:\/\/servicios.unileon.es\/gestion-de-residuos\/wp-json\/wp\/v2\/media?parent=70"}],"curies":[{"name":"wp","href":"https:\/\/api.w.org\/{rel}","templated":true}]}}