{"id":241,"date":"2014-03-11T13:03:06","date_gmt":"2014-03-11T13:03:06","guid":{"rendered":"http:\/\/servicios.unileon.es\/gestion-de-residuos\/?page_id=241"},"modified":"2021-06-16T08:29:36","modified_gmt":"2021-06-16T08:29:36","slug":"camino-de-los-residuos-ponferrada","status":"publish","type":"page","link":"https:\/\/servicios.unileon.es\/gestion-de-residuos\/camino-de-los-residuos-ponferrada\/","title":{"rendered":"Camino de los Residuos &#8211; Ponferrada"},"content":{"rendered":"<p><strong>El Camino de los Residuos:<\/strong> En esta p\u00e1gina se puede examinar el camino que siguen los Residuos desde los Laboratorios existentes en los Edificios \u00abA\u00bb, \u00abB\u00bb y \u00abC\u00bb del Campus de Ponferrada hasta el almac\u00e9n temporal situado en la \u00abPrimera planta del edificio \u00abB\u00bb y que posteriormente ser\u00e1n retirados por la empresa Contratada por la ULE para su tratamiento final de neutralizaci\u00f3n y Eliminaci\u00f3n.<\/p>\n<p><strong>La pasarela:<\/strong> Es la planta que comunica los Edificios A, B y C (2\u00aa Planta).<\/p>\n<p><strong>Sexta Planta:<\/strong> Sexta planta del Edificio \u00abA\u00bb: desde Laboratorio de Qu\u00edmica, Laboratorio de Bioqu\u00edmica y Laboratorio de Fitotecnia por el Ascensor principal del edificio \u00abA\u00bb cruzando por la \u00abPasarela\u00bb hasta el Ascensor del Edificio \u00abC\u00bb que lleva al almac\u00e9n temporal situado en la \u00abPrimera planta del edificio \u00abB\u00bb. <a href=\"\/gestion-de-residuos\/wp-content\/blogs.dir\/34\/files\/2014\/03\/6-A-B-C-base.jpg\">VER PLANO<\/a><\/p>\n<p><strong>Quinta Planta:<\/strong> Quinta planta del Edificio \u00abA\u00bb: desde Laboratorio de F\u00edsica, Laboratorio de Bot\u00e1nica, Laboratorio de Selvicultura y Laboratorio de Zoolog\u00eda por el Ascensor principal del edificio \u00abA\u00bb cruzando por la \u00abPasarela\u00bb hasta el Ascensor del Edificio \u00abC\u00bb que lleva al almac\u00e9n temporal situado en la \u00abPrimera planta del edificio \u00abB\u00bb.Quinta planta del Edificio \u00abB\u00bb: desde Laboratorio de Control de Calidad, Laboratorio de Electrotecnia y Laboratorio de Topograf\u00eda hacia el Ascensor principal del edificio \u00abC\u00bb. <a href=\"\/gestion-de-residuos\/wp-content\/blogs.dir\/34\/files\/2014\/03\/5-A-B-C-base.jpg\">VER PLANO<\/a><\/p>\n<p><strong>Cuarta Planta:<\/strong> Cuarta planta del Edificio \u00abB\u00bb: desde Laboratorio de Dasometr\u00eda, Laboratorio de Ecolog\u00eda, Laboratorio de Gen\u00e9tica y Laboratorio de Microbiolog\u00eda por el Ascensor principal del edificio \u00abC\u00bb que lleva al almac\u00e9n temporal situado en la \u00abPrimera planta del edificio \u00abC\u00bb.Cuarta planta del Edificio \u00abC\u00bb: desde Laboratorio de Fisioterapia y Laboratorio de Valoraci\u00f3n Muscular y Articular por el Ascensor principal del edificio \u00abC\u00bb. <a href=\"\/gestion-de-residuos\/wp-content\/blogs.dir\/34\/files\/2014\/03\/4-A-B-C-base.jpg\">VER PLANO<\/a><\/p>\n<p><strong>Tercera Planta:<\/strong> Tercera planta del Edificio \u00abB\u00bb: desde Laboratorio de Aut\u00f3matas, Laboratorio de Motores y Maquinas, y Laboratorio de Defensa del Monte por el Ascensor principal del edificio \u00abC\u00bb que lleva al almac\u00e9n temporal situado en la \u00abPrimera planta del edificio \u00abC\u00bb.Tercera planta del Edificio \u00abC\u00bb: desde Laboratorio de , Laboratorio de Salud Comunitaria por el Ascensor principal del edificio \u00abC\u00bb. <a href=\"\/gestion-de-residuos\/wp-content\/blogs.dir\/34\/files\/2014\/03\/3-A-B-C-base.jpg\">VER PLANO<\/a><\/p>\n<p><strong>Segunda Planta:<\/strong> Segunda planta del Edificio \u00abA\u00bb: desde Laboratorio de I.T. en Topograf\u00eda , Laboratorio de Geolog\u00eda cruzando por la \u00abPasarela\u00bb hasta el Ascensor del Edificio \u00abC\u00bb que lleva al almac\u00e9n temporal situado en la \u00abPrimera planta del edificio \u00abC\u00bb.Segunda planta del Edificio \u00abB\u00bb: desde Laboratorio de Ecolog\u00eda, Laboratorio de Gen\u00e9tica, Laboratorio de Control Microbiol\u00f3gico, Laboratorio de Termotecnia y Laboratorio de Microbiolog\u00eda por el Ascensor principal del edificio \u00abC\u00bb.Segunda planta del Edificio \u00abC\u00bb: desde Laboratorio de Fisiolog\u00eda, Laboratorio de M\u00e9dico Quir\u00fargica, Laboratorio de Microbiolog\u00eda, Laboratorio de Bioqu\u00edmica, Laboratorio de Toxicolog\u00eda y Farmacolog\u00eda y Laboratorio de Anatom\u00eda por el Ascensor principal del edificio \u00abC\u00bb. <a href=\"\/gestion-de-residuos\/wp-content\/blogs.dir\/34\/files\/2014\/03\/2-A-B-C-base.jpg\">VER PLANO<\/a><\/p>\n<p><strong>Primera Planta:<\/strong> Primera planta del Edificio \u00abB\u00bb: desde Laboratorio de Fotograf\u00eda por el pasillo de ese mismo edificio hacia al almac\u00e9n temporal que esta situado en esa misma planta. <a href=\"https:\/\/servicios.unileon.es\/gestion-de-residuos\/files\/2021\/06\/1-A-B-C-base.jpg\">VER PLANO<\/a><\/p>\n<p><strong>Planta Baja:<\/strong> Planta Baja del Edificio \u00abB\u00bb: desde Laboratorio de Operaciones B\u00e1sicas, Laboratorio de Industrias L\u00e1cteas y Enol\u00f3gicas y Planta Piloto por el Ascensor principal del edificio \u00abC\u00bb que lleva al almac\u00e9n temporal situado en la \u00abPrimera planta del edificio \u00abB\u00bb. Planta Baja del Edificio \u00abC\u00bb: desde C\u00e1mara de Gen\u00e9tica, Archivos de Zoolog\u00eda, C\u00e1mara de fitotecnia y Zona de Electroterapia por el Ascensor principal del edificio \u00abC\u00bb. <a href=\"\/gestion-de-residuos\/wp-content\/blogs.dir\/34\/files\/2014\/03\/0-A-B-C-base.jpg\">VER PLANO<\/a><\/p>\n","protected":false},"excerpt":{"rendered":"<p>El Camino de los Residuos: En esta p\u00e1gina se puede examinar el camino que siguen los Residuos desde los Laboratorios existentes en los Edificios \u00abA\u00bb, \u00abB\u00bb y \u00abC\u00bb del Campus de Ponferrada hasta el almac\u00e9n temporal situado en la \u00abPrimera &hellip; <a href=\"https:\/\/servicios.unileon.es\/gestion-de-residuos\/camino-de-los-residuos-ponferrada\/\">Sigue leyendo <span class=\"meta-nav\">&rarr;<\/span><\/a><\/p>\n","protected":false},"author":1,"featured_media":0,"parent":0,"menu_order":0,"comment_status":"closed","ping_status":"closed","template":"","meta":{"footnotes":""},"class_list":["post-241","page","type-page","status-publish","hentry"],"_links":{"self":[{"href":"https:\/\/servicios.unileon.es\/gestion-de-residuos\/wp-json\/wp\/v2\/pages\/241","targetHints":{"allow":["GET"]}}],"collection":[{"href":"https:\/\/servicios.unileon.es\/gestion-de-residuos\/wp-json\/wp\/v2\/pages"}],"about":[{"href":"https:\/\/servicios.unileon.es\/gestion-de-residuos\/wp-json\/wp\/v2\/types\/page"}],"author":[{"embeddable":true,"href":"https:\/\/servicios.unileon.es\/gestion-de-residuos\/wp-json\/wp\/v2\/users\/1"}],"replies":[{"embeddable":true,"href":"https:\/\/servicios.unileon.es\/gestion-de-residuos\/wp-json\/wp\/v2\/comments?post=241"}],"version-history":[{"count":4,"href":"https:\/\/servicios.unileon.es\/gestion-de-residuos\/wp-json\/wp\/v2\/pages\/241\/revisions"}],"predecessor-version":[{"id":406,"href":"https:\/\/servicios.unileon.es\/gestion-de-residuos\/wp-json\/wp\/v2\/pages\/241\/revisions\/406"}],"wp:attachment":[{"href":"https:\/\/servicios.unileon.es\/gestion-de-residuos\/wp-json\/wp\/v2\/media?parent=241"}],"curies":[{"name":"wp","href":"https:\/\/api.w.org\/{rel}","templated":true}]}}