{"id":9,"date":"2020-03-27T18:08:33","date_gmt":"2020-03-27T17:08:33","guid":{"rendered":"http:\/\/servicios.unileon.es\/formacion-transversal-alumnos-de-doctorado\/?page_id=9"},"modified":"2026-04-15T11:06:39","modified_gmt":"2026-04-15T09:06:39","slug":"novedades","status":"publish","type":"page","link":"https:\/\/servicios.unileon.es\/formacion-transversal-alumnos-de-doctorado\/","title":{"rendered":"Novedades"},"content":{"rendered":"<p style=\"text-align: justify;\"><span style=\"color: #ff0000;\"><strong>\u00a1NUEVO!<\/strong> <\/span>Primera edici\u00f3n 2026 del MOOC <strong>\u00abSoy competente digital\u00bb<\/strong> <u><a href=\"https:\/\/www.soycompetentedigital.es\/\" data-saferedirecturl=\"https:\/\/www.google.com\/url?q=https:\/\/www.soycompetentedigital.es\/&amp;source=gmail&amp;ust=1773750335966000&amp;usg=AOvVaw10UpqCrP1YyeombI74cZCv\">www.soycompetentedigital.es<\/a><\/u><\/p>\n<p style=\"font-weight: 400; text-align: justify;\">El curso comienza el 17 de marzo y finaliza el pr\u00f3ximo 17 de junio. Las inscripciones ya est\u00e1n disponibles y el <strong>plazo para poder inscribirse en el curso es hasta el 17 de abril<\/strong>.<\/p>\n<p><a href=\"http:\/\/servicios.unileon.es\/formacion-pas\/files\/2026\/03\/SOY-COMPETENTE-DIGITAL.png\"><img loading=\"lazy\" decoding=\"async\" class=\"wp-image-2033 aligncenter\" src=\"http:\/\/servicios.unileon.es\/formacion-pas\/files\/2026\/03\/SOY-COMPETENTE-DIGITAL-240x300.png\" alt=\"\" width=\"283\" height=\"354\" \/><\/a><\/p>\n<p>&nbsp;<\/p>\n<p><span style=\"text-decoration: underline; color: #008000;\"><strong>CURSOS EN FASE DE MATR\u00cdCULA<\/strong><\/span><\/p>\n<ul>\n<li style=\"text-align: justify;\"><strong><span style=\"color: #008000;\">\u00a1Online!<\/span> Metodolog\u00eda de la investigaci\u00f3n emp\u00edrica: dise\u00f1o de experimentos con Gorilla Experiment Bulder.<\/strong> 17 y 22 de abril. <em>Curso con plazas para alumnos de doctorado.\u00a0<\/em><span style=\"color: #ff0000;\">IMPORTANTE:<\/span> Se requiere un m\u00ednimo de conocimientos de ingl\u00e9s B2. <a href=\"http:\/\/servicios.unileon.es\/formacion-pdi\/files\/2026\/03\/METODOLOGIA-DE-LA-INVESTIGACION-EMPIRICA.pdf\">METODOLOG\u00cdA DE LA INVESTIGACI\u00d3N EMP\u00cdRICA<\/a><\/li>\n<\/ul>\n<p>&nbsp;<\/p>\n<ul>\n<li style=\"text-align: justify;\"><strong><span style=\"color: #008000;\">\u00a1Presencial!<\/span> Introducci\u00f3n al an\u00e1lisis estad\u00edstico con SPSS.<\/strong> 20-21-22 de abril.\u00a0 <a href=\"https:\/\/servicios.unileon.es\/formacion-transversal-alumnos-de-doctorado\/files\/2026\/03\/INTRODUCCION-AL-ANALISIS-ESTADISTICO-CON-SPSS.pdf\">INTRODUCCI\u00d3N AL AN\u00c1LISIS ESTAD\u00cdSTICO CON SPSS<\/a><\/li>\n<\/ul>\n<p style=\"text-align: right;\"><a href=\"https:\/\/fgulem.unileon.es\/eformacion\/oferta.aspx?m=3\">Solicitar curso<\/a><\/p>\n<p>&nbsp;<\/p>\n<p>&nbsp;<\/p>\n<p><span style=\"text-decoration: underline; color: #008000;\"><strong>CURSOS EN FASE DE IMPARTICI\u00d3N<\/strong><\/span><\/p>\n<ul>\n<li style=\"text-align: justify;\"><strong><span style=\"color: #008000;\">\u00a1Presencial!<\/span> Conversaci\u00f3n B\u00e1sica en Italiano.<\/strong> 6-13-20 de marzo y 10-17 de abril. <em>Curso con plazas para alumnos de doctorado.<\/em> \u00a0<a href=\"http:\/\/servicios.unileon.es\/formacion-pdi\/files\/2026\/02\/CONVERSACION-BASICA-EN-ITALIANO.pdf\">CONVERSACI\u00d3N B\u00c1SICA EN ITALIANO<\/a><\/li>\n<\/ul>\n<p>&nbsp;<\/p>\n<p>&nbsp;<\/p>\n<p><span style=\"text-decoration: underline;\"><span style=\"color: #008000;\"><strong>PR\u00d3XIMOS CURSOS<\/strong><\/span><\/span><\/p>\n<p>&nbsp;<\/p>\n<ul>\n<li style=\"text-align: justify;\"><strong><span style=\"color: #008000;\">\u00a1Online as\u00edncrono!<\/span> B\u00fasqueda de informaci\u00f3n cient\u00edfica en las \u00e1reas de Ciencias e Ingenier\u00edas.<\/strong> Semana del 4 al 8 de mayo. El plazo de matr\u00edcula se abre el d\u00eda 20 de abril a las 9.00 horas. <a href=\"https:\/\/servicios.unileon.es\/formacion-transversal-alumnos-de-doctorado\/files\/2026\/03\/BUSQUEDA-DE-INFORMACION-CIENTIFICA-CIENCIAS-E-INGENIERIAS.pdf\">B\u00daSQUEDA DE INFORMACI\u00d3N CIENT\u00cdFICA CIENCIAS E INGENIER\u00cdAS<\/a><\/li>\n<\/ul>\n<p>&nbsp;<\/p>\n<ul>\n<li style=\"text-align: justify;\"><strong><span style=\"color: #008000;\">\u00a1Online as\u00edncrono!<\/span> B\u00fasqueda de informaci\u00f3n cient\u00edfica en las \u00e1reas de Humanidades y Ciencias Sociales.<\/strong> Semana del 4 al 8 de mayo. El plazo de matr\u00edcula se abre el d\u00eda 20 de abril a las 9.00 horas. <a href=\"https:\/\/servicios.unileon.es\/formacion-transversal-alumnos-de-doctorado\/files\/2026\/03\/BUSQUEDA-DE-INFORMACION-CIENTIFICA-CCSS-Y-HUMANIDADES.pdf\">B\u00daSQUEDA DE INFORMACI\u00d3N CIENT\u00cdFICA CCSS Y HUMANIDADES<\/a><\/li>\n<\/ul>\n<p>&nbsp;<\/p>\n<ul>\n<li><strong><span style=\"color: #008000;\">\u00a1Presencial!<\/span> T\u00e9cnicas de autoinforme en investigaci\u00f3n aplicada: de la entrevista a la encuesta.<\/strong> 7 y 8 de mayo. El plazo de matr\u00edcula se abre el 22 de abril a las 9.00 horas. <a href=\"https:\/\/servicios.unileon.es\/formacion-transversal-alumnos-de-doctorado\/files\/2026\/04\/TECNICAS-DE-AUTOINFORME-EN-INVESTIGACION-APLICADA.pdf\">T\u00c9CNICAS DE AUTOINFORME EN INVESTIGACI\u00d3N APLICADA<\/a><\/li>\n<\/ul>\n<p>&nbsp;<\/p>\n<ul style=\"text-align: justify;\">\n<li><strong><span style=\"color: #008000;\">\u00a1Presencial!<\/span> Asociaci\u00f3n y contrastes de hip\u00f3tesis con SPSS.<\/strong> 11-12-13-15 de mayo. El plazo de matr\u00edcula se abre el d\u00eda 28 de abril a las 9.00 horas. <a href=\"https:\/\/servicios.unileon.es\/formacion-transversal-alumnos-de-doctorado\/files\/2026\/03\/ASOCIACION-Y-CONTRASTES-CON-SPSS.pdf\">ASOCIACI\u00d3N Y CONTRASTES CON SPSS<\/a><\/li>\n<\/ul>\n<p>&nbsp;<\/p>\n<ul>\n<li style=\"text-align: justify;\"><strong><span style=\"color: #008000;\">\u00a1Presencial!<\/span> An\u00e1lisis multidimensional con SPSS.<\/strong> 8-9-10-12 de junio. El plazo de matr\u00edcula se abre el d\u00eda 25 de mayo a las 9.00 horas. <a href=\"https:\/\/servicios.unileon.es\/formacion-transversal-alumnos-de-doctorado\/files\/2026\/03\/ANALISIS-MULTIDIMENSIONAL-CON-SPSS.pdf\">AN\u00c1LISIS MULTIDIMENSIONAL CON SPSS<\/a><\/li>\n<\/ul>\n<p>&nbsp;<\/p>\n<p>&nbsp;<\/p>\n<p>&nbsp;<\/p>\n<p>&nbsp;<\/p>\n<p><span style=\"text-decoration: underline; color: #008000;\"><strong>GRABACI\u00d3N CURSOS DE INVESTIGACI\u00d3N<\/strong><\/span><\/p>\n<p>Acceso a la documentaci\u00f3n y grabaci\u00f3n de los cursos a trav\u00e9s de ariadna.unileon.es &gt; Cursos PDI &gt; Formaci\u00f3n en Investigaci\u00f3n.<\/p>\n<ul style=\"font-weight: 400; text-align: justify;\">\n<li><span style=\"color: #000000;\"><strong>\u00a1NUEVO! Ya est\u00e1 disponible la presentaci\u00f3n y la grabaci\u00f3n del curso celebrado el 26 de noviembre de 2025\u00a0<\/strong><\/span> <a href=\"https:\/\/ariadna.unileon.es\/course\/view.php?id=1874\">C\u00f3mo presentar de forma eficiente la solicitud de Sexenios de Investigaci\u00f3n 2025<\/a>. Para acceder, deber\u00e1 matricularse (automatr\u00edcula), identific\u00e1ndose con su cuenta de la Universidad de Le\u00f3n.<\/li>\n<\/ul>\n<p>&nbsp;<\/p>\n<p><strong><span style=\"color: #ff0000;\">IMPORTANTE<\/span><\/strong><\/p>\n<ul>\n<li style=\"text-align: justify;\">Solo pueden acceder a los cursos los alumnos de doctorado de la Universidad de Le\u00f3n (con <span style=\"text-decoration: underline;\">matr\u00edcula activa en el curso acad\u00e9mico 2024-2025<\/span>)<\/li>\n<\/ul>\n<ul style=\"text-align: justify;\">\n<li>A la hora de inscribirse en un curso, hay que registrarse con el <span style=\"text-decoration: underline;\">correo institucional de la Universidad de Le\u00f3n<\/span>.<\/li>\n<\/ul>\n<p>&nbsp;<\/p>\n<p><a href=\"https:\/\/www.unileon.es\/estudiantes\/oferta-academica\/doctorados\"><strong>Escuela de Doctorado ULe: oferta acad\u00e9mica<\/strong><\/a><\/p>\n<p><a href=\"https:\/\/servicios.unileon.es\/formacion-transversal-alumnos-de-doctorado\/files\/2025\/05\/MEMORIA-ESCUELA-DE-FORMACION-2024.pdf\">MEMORIA ESCUELA DE FORMACI\u00d3N 2024<\/a><\/p>\n","protected":false},"excerpt":{"rendered":"<p>\u00a1NUEVO! Primera edici\u00f3n 2026 del MOOC \u00abSoy competente digital\u00bb www.soycompetentedigital.es El curso comienza el 17 de marzo y finaliza el pr\u00f3ximo 17 de junio. Las inscripciones ya est\u00e1n disponibles y el plazo para poder inscribirse en el curso es hasta &hellip; <a href=\"https:\/\/servicios.unileon.es\/formacion-transversal-alumnos-de-doctorado\/\">Sigue leyendo <span class=\"meta-nav\">&rarr;<\/span><\/a><\/p>\n","protected":false},"author":344,"featured_media":0,"parent":0,"menu_order":0,"comment_status":"closed","ping_status":"closed","template":"","meta":{"footnotes":""},"class_list":["post-9","page","type-page","status-publish","hentry"],"_links":{"self":[{"href":"https:\/\/servicios.unileon.es\/formacion-transversal-alumnos-de-doctorado\/wp-json\/wp\/v2\/pages\/9","targetHints":{"allow":["GET"]}}],"collection":[{"href":"https:\/\/servicios.unileon.es\/formacion-transversal-alumnos-de-doctorado\/wp-json\/wp\/v2\/pages"}],"about":[{"href":"https:\/\/servicios.unileon.es\/formacion-transversal-alumnos-de-doctorado\/wp-json\/wp\/v2\/types\/page"}],"author":[{"embeddable":true,"href":"https:\/\/servicios.unileon.es\/formacion-transversal-alumnos-de-doctorado\/wp-json\/wp\/v2\/users\/344"}],"replies":[{"embeddable":true,"href":"https:\/\/servicios.unileon.es\/formacion-transversal-alumnos-de-doctorado\/wp-json\/wp\/v2\/comments?post=9"}],"version-history":[{"count":1143,"href":"https:\/\/servicios.unileon.es\/formacion-transversal-alumnos-de-doctorado\/wp-json\/wp\/v2\/pages\/9\/revisions"}],"predecessor-version":[{"id":1591,"href":"https:\/\/servicios.unileon.es\/formacion-transversal-alumnos-de-doctorado\/wp-json\/wp\/v2\/pages\/9\/revisions\/1591"}],"wp:attachment":[{"href":"https:\/\/servicios.unileon.es\/formacion-transversal-alumnos-de-doctorado\/wp-json\/wp\/v2\/media?parent=9"}],"curies":[{"name":"wp","href":"https:\/\/api.w.org\/{rel}","templated":true}]}}