{"id":8983,"date":"2024-04-24T11:09:36","date_gmt":"2024-04-24T11:09:36","guid":{"rendered":"https:\/\/servicios.unileon.es\/formacion-pdi\/?page_id=8983"},"modified":"2026-02-19T09:24:20","modified_gmt":"2026-02-19T09:24:20","slug":"programa-de-formacion-docente-inicial-de-las-universidades-publicas-de-cyl","status":"publish","type":"page","link":"https:\/\/servicios.unileon.es\/formacion-pdi\/programa-de-formacion-docente-inicial-de-las-universidades-publicas-de-cyl\/","title":{"rendered":"Programa de Formaci\u00f3n Docente Inicial de las Universidades P\u00fablicas de CYL"},"content":{"rendered":"<div>\n<p style=\"text-align: justify;\"><span style=\"text-decoration: underline; color: #008000;\"><strong>NUEVAS EDICIONES*<\/strong><\/span><\/p>\n<ul>\n<li style=\"text-align: justify;\"><strong><span style=\"text-decoration: underline;\"><span style=\"color: #008000; text-decoration: underline;\">Presencial en Ponferrada:<\/span><\/span> M\u00f3dulo 1. Informaci\u00f3n general sobre la Universidad y sus servicios. <\/strong>10-11-12 de marzo. El plazo de matr\u00edcula se abre el d\u00eda 24 de febrero a las 9:00 horas. <a href=\"http:\/\/servicios.unileon.es\/formacion-pdi\/files\/2026\/02\/Modulo-1-Formacion-Inicial_Informacion-General-sobre-la-Universidad_Ponferrada.pdf\">M\u00f3dulo 1 Formaci\u00f3n Inicial_Informaci\u00f3n General sobre la Universidad_Ponferrada<\/a><\/li>\n<\/ul>\n<p>&nbsp;<\/p>\n<ul>\n<li style=\"text-align: justify;\"><strong><span style=\"text-decoration: underline;\"><span style=\"color: #008000; text-decoration: underline;\">Presencial en Ponferrada:<\/span><\/span> M\u00f3dulo 2. Recursos para la docencia: digitalizaci\u00f3n. <\/strong>\u00a014-15-21 de abril. El plazo de matr\u00edcula se abre el d\u00eda 24 de marzo a las 9:00 horas. <a href=\"http:\/\/servicios.unileon.es\/formacion-pdi\/files\/2026\/02\/Modulo-2-Formacion-Inicial_Recursos-para-la-docencia.-Digitalizacion_Ponferrada.pdf\">M\u00f3dulo 2 Formaci\u00f3n Inicial Recursos para la docencia. Digitalizaci\u00f3n_Ponferrada<\/a><\/li>\n<\/ul>\n<p>&nbsp;<\/p>\n<ul>\n<li style=\"text-align: justify;\"><strong><span style=\"text-decoration: underline;\"><span style=\"color: #008000; text-decoration: underline;\">Online<\/span><\/span><span style=\"color: #008000;\">: <\/span>M\u00f3dulo 4. Innovaci\u00f3n Docente (edici\u00f3n 4). <\/strong>\u00a0Del 16 al 19 de marzo. El plazo de matr\u00edcula se abre el d\u00eda 2 de marzo a las 9:00 horas. <a href=\"http:\/\/servicios.unileon.es\/formacion-pdi\/files\/2026\/02\/MODULO-4-INNOVACION-DOCENTE.-EDICION-4.pdf\">M\u00d3DULO 4 INNOVACI\u00d3N DOCENTE. EDICI\u00d3N 4<\/a><\/li>\n<\/ul>\n<p>&nbsp;<\/p>\n<ul>\n<li style=\"text-align: justify;\"><strong><span style=\"color: #008000;\"><span style=\"text-decoration: underline;\">Online<\/span>: <\/span>M\u00f3dulo 4. Innovaci\u00f3n Docente (edici\u00f3n 5).\u00a0<\/strong>Del 11 al 13 de mayo. El plazo de matr\u00edcula se abre el d\u00eda 28 de abril a las 9:00 horas. <a href=\"http:\/\/servicios.unileon.es\/formacion-pdi\/files\/2026\/02\/MODULO-4-INNOVACION-DOCENTE.-EDICION-5.pdf\">M\u00d3DULO 4 INNOVACI\u00d3N DOCENTE. EDICI\u00d3N 5<\/a><\/li>\n<\/ul>\n<p>&nbsp;<\/p>\n<p style=\"text-align: justify;\">*Los cursos est\u00e1n dirigidos, preferentemente, a profesores Ayudantes Doctores LOSU.\u00a0 En funci\u00f3n de cu\u00e1ntas personas queden en la reserva, se ir\u00e1n ofertando en los pr\u00f3ximos meses nuevas ediciones de cada m\u00f3dulo hasta cubrir todas las necesidades.<\/p>\n<\/div>\n<p>&nbsp;<\/p>\n<ul>\n<li style=\"text-align: justify;\"><strong><span style=\"color: #008000;\"><span style=\"text-decoration: underline;\">Online<\/span>: <\/span>M\u00f3dulo 3. Planificaci\u00f3n docente: metodolog\u00edas activas y evaluaci\u00f3n (edici\u00f3n 2). <\/strong>Del 23 de febrero al 26 de marzo. <em>La selecci\u00f3n de los admitidos se realizar\u00e1 a trav\u00e9s de la lista de reserva de la Edici\u00f3n 1, seg\u00fan orden de inscripci\u00f3n.<\/em> <a href=\"http:\/\/servicios.unileon.es\/formacion-pdi\/files\/2026\/02\/MODULO-3-EDICION-SEGUNDA.pdf\">M\u00d3DULO 3 EDICI\u00d3N SEGUNDA<\/a><\/li>\n<\/ul>\n<p>&nbsp;<\/p>\n<p>&nbsp;<\/p>\n<p style=\"text-align: justify;\"><span style=\"color: #008000;\"><span style=\"color: #000000;\"><a href=\"https:\/\/servicios.unileon.es\/formacion-pdi\/files\/2024\/09\/PROGRAMA-DE-FORMACION-DOCENTE-INICIAL-DE-LAS-UNIVERSIDADES-PUBLICAS-DE-CYL.pdf\">PROGRAMA DE FORMACI\u00d3N DOCENTE INICIAL DE LAS UNIVERSIDADES P\u00daBLICAS DE CYL<\/a>\u00a075 horas<\/span><\/span><\/p>\n<p style=\"text-align: justify;\"><strong>Formaci\u00f3n Obligatoria para los Profesores Ayudantes Doctores LOSU.<\/strong><\/p>\n<p style=\"text-align: justify;\">El programa est\u00e1 formado por CINCO M\u00d3DULOS que se ir\u00e1n repitiendo de forma c\u00edclica. Los contenidos de cada m\u00f3dulo y sus procesos de certificaci\u00f3n y matr\u00edcula\u00a0 son INDEPENDIENTES.<\/p>\n<p style=\"text-align: justify;\"><strong><span style=\"color: #008000;\">M\u00d3DULO1:<\/span><\/strong> Informaci\u00f3n General sobre la Universidad y sus Servicios. 10 Horas.<\/p>\n<p style=\"text-align: justify;\"><strong><span style=\"color: #008000;\">M\u00d3DULO2:<\/span> <\/strong>Recursos para la Docencia. Digitalizaci\u00f3n. 10 horas<\/p>\n<p style=\"text-align: justify;\"><span style=\"color: #008000;\"><strong><span style=\"color: #008000;\">M\u00d3DULO3<\/span>:<\/strong><\/span> Metodolog\u00eda Docente. 30 horas.<\/p>\n<p style=\"text-align: justify;\"><strong><span style=\"color: #008000;\">M\u00d3DULO4:<\/span><\/strong> Innovaci\u00f3n Docente. 10 horas.<\/p>\n<p style=\"text-align: justify;\"><strong><span style=\"color: #008000;\">M\u00d3DULO5:<\/span> <\/strong>Competencias Relacionales y Responsabilidad Social. Atenci\u00f3n a la Diversidad.<\/p>\n<p>&nbsp;<\/p>\n<p>&nbsp;<\/p>\n<p>&nbsp;<\/p>\n","protected":false},"excerpt":{"rendered":"<p>NUEVAS EDICIONES* Presencial en Ponferrada: M\u00f3dulo 1. Informaci\u00f3n general sobre la Universidad y sus servicios. 10-11-12 de marzo. El plazo de matr\u00edcula se abre el d\u00eda 24 de febrero a las 9:00 horas. M\u00f3dulo 1 Formaci\u00f3n Inicial_Informaci\u00f3n General sobre la &hellip; <a href=\"https:\/\/servicios.unileon.es\/formacion-pdi\/programa-de-formacion-docente-inicial-de-las-universidades-publicas-de-cyl\/\">Sigue leyendo <span class=\"meta-nav\">&rarr;<\/span><\/a><\/p>\n","protected":false},"author":432,"featured_media":0,"parent":0,"menu_order":0,"comment_status":"closed","ping_status":"closed","template":"","meta":{"footnotes":""},"class_list":["post-8983","page","type-page","status-publish","hentry"],"_links":{"self":[{"href":"https:\/\/servicios.unileon.es\/formacion-pdi\/wp-json\/wp\/v2\/pages\/8983","targetHints":{"allow":["GET"]}}],"collection":[{"href":"https:\/\/servicios.unileon.es\/formacion-pdi\/wp-json\/wp\/v2\/pages"}],"about":[{"href":"https:\/\/servicios.unileon.es\/formacion-pdi\/wp-json\/wp\/v2\/types\/page"}],"author":[{"embeddable":true,"href":"https:\/\/servicios.unileon.es\/formacion-pdi\/wp-json\/wp\/v2\/users\/432"}],"replies":[{"embeddable":true,"href":"https:\/\/servicios.unileon.es\/formacion-pdi\/wp-json\/wp\/v2\/comments?post=8983"}],"version-history":[{"count":29,"href":"https:\/\/servicios.unileon.es\/formacion-pdi\/wp-json\/wp\/v2\/pages\/8983\/revisions"}],"predecessor-version":[{"id":9405,"href":"https:\/\/servicios.unileon.es\/formacion-pdi\/wp-json\/wp\/v2\/pages\/8983\/revisions\/9405"}],"wp:attachment":[{"href":"https:\/\/servicios.unileon.es\/formacion-pdi\/wp-json\/wp\/v2\/media?parent=8983"}],"curies":[{"name":"wp","href":"https:\/\/api.w.org\/{rel}","templated":true}]}}