{"id":227,"date":"2013-03-08T13:03:09","date_gmt":"2013-03-08T13:03:09","guid":{"rendered":"http:\/\/servicios.unileon.es\/escuela-de-formacion\/?page_id=227"},"modified":"2026-04-16T11:58:26","modified_gmt":"2026-04-16T11:58:26","slug":"jornadas-y-congresos-sobre-docencia-e-innovacion","status":"publish","type":"page","link":"https:\/\/servicios.unileon.es\/formacion-pdi\/jornadas-y-congresos-sobre-docencia-e-innovacion\/","title":{"rendered":"Jornadas y Congresos sobre Docencia e Innovaci\u00f3n"},"content":{"rendered":"<p><span style=\"text-decoration: underline; color: #008000;\"><strong>ABRIL 2026<\/strong><\/span><\/p>\n<p style=\"text-align: justify;\"><a href=\"https:\/\/ubi-learn.com\/2026-conference\">19th International Conference on e-Learning &amp; Innovative Pedagogies.<\/a> Rodas, Grecia, 16 y 17 de abril. La asistencia puede ser presencial o virtual. Finalizado el plazo para el env\u00edo de comunicaciones.<\/p>\n<p style=\"text-align: justify;\"><a href=\"https:\/\/eventos.uco.es\/145856\/detail\/congreso-internacional-e-interuniversitario-de-innovacion-docente-y-educativa-retos-del-presente.html\">Congreso Internacional e Interuniversitario de Innovaci\u00f3n Docente y Educativa. Retos del presente\u00a0(CIIIDE-2026).<\/a> C\u00f3rdoba, del 22 al 24 de abril. La asistencia puede ser presencial u online. Finalizado el plazo para el env\u00edo de comunicaciones.<\/p>\n<p><span style=\"text-decoration: underline;\"><span style=\"color: #008000;\"><strong>MAYO 2026<\/strong><\/span><\/span><\/p>\n<p style=\"text-align: justify;\"><a href=\"https:\/\/ciei.es\/\">19th Congreso Internacional de Educaci\u00f3n e Innovaci\u00f3n<\/a>. Liepaja, Letonia. Del 6 al 8 de mayo. La asistencia puede ser presencial u online. Finalizado el plazo para el env\u00edo de comunicaciones.<\/p>\n<p><a tabindex=\"-1\" href=\"https:\/\/ciineco.org\/\">CIINECO 2026. V\u00a0Congreso Internacional Innovaci\u00f3n Docente, Educaci\u00f3n y Transferencia del Conocimiento<\/a>. Virtual, del 7 al 9 de mayo. Finalizado el plazo para el env\u00edo de comunicaciones.<\/p>\n<p style=\"text-align: justify;\"><a href=\"https:\/\/www.iteconference.org\/\">4th International Conference of Innovative in Teaching and Education<\/a>. Londres, Inglaterra. Del 15 al 17 de mayo. Asistencia presencial (es necesario pedir un\u00a0<a href=\"https:\/\/apply-for-an-eta.homeoffice.gov.uk\/apply\/electronic-travel-authorisation\/easier-on-the-app\">visado de entrada<\/a>\u00a0un mes antes). Plazo de presentaci\u00f3n de comunicaciones hasta el 24 de abril de 2026.<\/p>\n<p style=\"text-align: justify;\"><a tabindex=\"-1\" href=\"https:\/\/www.civinedu.org\/esp-comites-congreso\/\">X Congreso Internacional virtual en Investigaci\u00f3n e Innovaci\u00f3n Educativa<\/a>. Virtual, 27 y 28 de mayo. Finalizado el plazo para el env\u00edo de comunicaciones.<\/p>\n<p style=\"text-align: justify;\"><span style=\"text-decoration: underline;\"><span style=\"color: #008000;\"><strong>JUNIO 2026<\/strong><\/span><\/span><\/p>\n<p style=\"text-align: justify;\"><a href=\"https:\/\/jornadasinnovaciondocente.usj.es\/?elq_mid=3115&amp;elq_cid=148859\">XIV Edici\u00f3n de las Jornadas de Innovaci\u00f3n Docente<\/a> de la Universidad San Jorge. <em>\u00abEducaci\u00f3n inclusiva\u00bb: de la integraci\u00f3n a la transformaci\u00f3n sist\u00e9mica.<\/em> Zaragoza, 10 y 11 de junio de 2026. Finalizado el plazo para el env\u00edo de comunicaciones.<\/p>\n<p style=\"text-align: justify;\"><a href=\"https:\/\/www.learningideasconf.org\/\">19 th The Learning Ideas Conference.<\/a> Nueva York, del 10 al 12 de junio. La asistencia puede ser presencial o virtual. Finalizado el plazo para el env\u00edo de comunicaciones.<\/p>\n<p style=\"text-align: justify;\"><a tabindex=\"-1\" href=\"https:\/\/headconf.org\/save-the-date-head26\/\">12<sup>th<\/sup>\u00a0International Conference on Higher Education Advances (HEAd\u201926) <\/a>Nueva York, del 15 al 18 de junio. La asistencia puede ser presencial o virtual. Finalizado el plazo para el env\u00edo de comunicaciones.<\/p>\n<p style=\"text-align: justify;\"><a href=\"https:\/\/www.forofecies.com\/\">FECIES XXII Foro Internacional sobre evaluaci\u00f3n de la calidad de la investigaci\u00f3n y la Educaci\u00f3n Superior.<\/a> Virtual, del 17 al 19 de junio. Finalizado el plazo para el env\u00edo de comunicaciones.<\/p>\n<p style=\"text-align: justify;\"><a tabindex=\"-1\" href=\"https:\/\/end-educationconference.org\/\">International Conference on Education and New Developments (END 2026)<\/a> Portugal, del 20 al 22 de junio. Finalizado el plazo para el env\u00edo de comunicaciones.<\/p>\n<p style=\"text-align: justify;\"><a href=\"https:\/\/iced26.es\/\">Congreso ICED 2026 \u00abAgency and Academic Development\u00bb<\/a>. Salamanca, del 24 al 26 de junio. La asistencia puede ser presencial o virtual. Finalizado el plazo para el env\u00edo de comunicaciones.<\/p>\n<p style=\"text-align: justify;\"><a href=\"https:\/\/inndoc.org\/\">VI Congreso Internacional de Formaci\u00f3n permanente Innovaci\u00f3n en la docencia e investigaci\u00f3n de las Ciencias Sociales, Jur\u00eddicas y Humanidades.<\/a> Virtual, 25 y 26 de junio. Plazo de presentaci\u00f3n de comunicaciones: 1 de junio de 2026.<\/p>\n<p style=\"text-align: justify;\"><a href=\"https:\/\/iated.org\/edulearn\/\">EDULEARN 26, 18 th International Conference on Education and New Learning Technologies.<\/a> Palma de Mallorca, 29 de junio al 1 de julio de 2026. Finalizado el plazo para el env\u00edo de comunicaciones.<\/p>\n<p><span style=\"text-decoration: underline;\"><strong><span style=\"color: #008000; text-decoration: underline;\">JULIO 2026<\/span><\/strong><\/span><\/p>\n<p style=\"text-align: justify;\"><a href=\"https:\/\/congresotaee.es\/\">XVII Congreso Internacional de Tecnolog\u00eda, Aprendizaje y Ense\u00f1anza de la Electr\u00f3nica (TAEE 2026)<\/a>. Santander, del 1 al 3 de julio. Finalizado el plazo para el env\u00edo de comunicaciones.<\/p>\n<p style=\"text-align: justify;\"><a href=\"https:\/\/sede.uniovi.es\/web\/jornadas-de-innovaci%C3%B3n-docente\">I Congreso Internacional y XVIII Jornadas de Innovaci\u00f3n Docente.<\/a> Universidad de Oviedo, del 1 al 3 de julio. Plazo de presentaci\u00f3n de comunicaciones: 7 de junio de 2026.<\/p>\n<p style=\"text-align: justify;\"><a tabindex=\"-1\" href=\"https:\/\/amieedu.org\/\">XIV\u00a0Congreso Internacional Multidisciplinar de Investigaci\u00f3n Educativa #CIMIE26<\/a> Bilbao, 2 y 3 de julio. Finalizado el plazo para el env\u00edo de comunicaciones.<\/p>\n<p style=\"text-align: justify;\"><a href=\"https:\/\/thelearner.com\/2026-conference\/call-for-papers\">33rd International Conference on Learning<\/a>. Hong Kong, del 8 al 10 de julio. La asistencia puede ser presencial o virtual. Plazo de presentaci\u00f3n de comunicaciones: 8 de junio de 2026.<\/p>\n<p><a href=\"https:\/\/iticse.acm.org\/2026\/\">ACM Conference on Innovation and Technology in Computer Science Education (ITiCSE 26).<\/a> Madrid, del 13 al 15 de julio de 2026. Finalizado el plazo para el env\u00edo de comunicaciones.<\/p>\n<p><span style=\"text-decoration: underline;\"><span style=\"color: #008000;\"><strong>AGOSTO 2026<\/strong><\/span><\/span><\/p>\n<p style=\"text-align: justify;\"><a tabindex=\"-1\" href=\"https:\/\/rediie.cl\/ciie-2026\/\">IV Congreso Internacional de Investigaci\u00f3n Educativa (CIIE 2026)<\/a> Virtual, 28-29 de agosto. Plazo de presentaci\u00f3n de comunicaciones: 17 de julio de 2026.<\/p>\n<p><span style=\"text-decoration: underline;\"><strong>NOVIEMBRE 2026<\/strong><\/span><\/p>\n<p style=\"text-align: justify;\"><a href=\"https:\/\/iated.org\/iceri\/online_submission\">19th International Conference of Education, Research and Innovation.<\/a> Sevilla, del 9 al 11 de noviembre de 2026. Plazo de presentaci\u00f3n de comunicaciones: 9 de julio de 2026.<\/p>\n<p><span style=\"text-decoration: underline;\"><span style=\"color: #008000;\"><strong>A\u00d1O 2027<\/strong><\/span><\/span><\/p>\n<p style=\"text-align: justify;\"><a href=\"https:\/\/www.eduemer.org\/congreso-eduemer-2025\/\">EduEmer II Congreso Internacional virtual de Educaci\u00f3n, Innovaci\u00f3n y Transferencia del Conocimiento.<\/a> Sevilla, 11 y 12 de marzo de 2027.<\/p>\n","protected":false},"excerpt":{"rendered":"<p>ABRIL 2026 19th International Conference on e-Learning &amp; Innovative Pedagogies. Rodas, Grecia, 16 y 17 de abril. La asistencia puede ser presencial o virtual. Finalizado el plazo para el env\u00edo de comunicaciones. Congreso Internacional e Interuniversitario de Innovaci\u00f3n Docente y &hellip; <a href=\"https:\/\/servicios.unileon.es\/formacion-pdi\/jornadas-y-congresos-sobre-docencia-e-innovacion\/\">Sigue leyendo <span class=\"meta-nav\">&rarr;<\/span><\/a><\/p>\n","protected":false},"author":432,"featured_media":0,"parent":0,"menu_order":0,"comment_status":"closed","ping_status":"closed","template":"","meta":{"footnotes":""},"class_list":["post-227","page","type-page","status-publish","hentry"],"_links":{"self":[{"href":"https:\/\/servicios.unileon.es\/formacion-pdi\/wp-json\/wp\/v2\/pages\/227","targetHints":{"allow":["GET"]}}],"collection":[{"href":"https:\/\/servicios.unileon.es\/formacion-pdi\/wp-json\/wp\/v2\/pages"}],"about":[{"href":"https:\/\/servicios.unileon.es\/formacion-pdi\/wp-json\/wp\/v2\/types\/page"}],"author":[{"embeddable":true,"href":"https:\/\/servicios.unileon.es\/formacion-pdi\/wp-json\/wp\/v2\/users\/432"}],"replies":[{"embeddable":true,"href":"https:\/\/servicios.unileon.es\/formacion-pdi\/wp-json\/wp\/v2\/comments?post=227"}],"version-history":[{"count":460,"href":"https:\/\/servicios.unileon.es\/formacion-pdi\/wp-json\/wp\/v2\/pages\/227\/revisions"}],"predecessor-version":[{"id":10659,"href":"https:\/\/servicios.unileon.es\/formacion-pdi\/wp-json\/wp\/v2\/pages\/227\/revisions\/10659"}],"wp:attachment":[{"href":"https:\/\/servicios.unileon.es\/formacion-pdi\/wp-json\/wp\/v2\/media?parent=227"}],"curies":[{"name":"wp","href":"https:\/\/api.w.org\/{rel}","templated":true}]}}

Jornadas y Congresos sobre Docencia e Innovación

<p><span style="text-decoration: underline; color: #008000;"><strong>ABRIL 2026</strong></span></p>
<p style="text-align: justify;"><a href="https://ubi-learn.com/2026-conference">19th International Conference on e-Learning &amp; Innovative Pedagogies.</a> Rodas, Grecia, 16 y 17 de abril. La asistencia puede ser presencial o virtual. Finalizado el plazo para el envío de comunicaciones.</p>
<p style="text-align: justify;"><a href="https://eventos.uco.es/145856/detail/congreso-internacional-e-interuniversitario-de-innovacion-docente-y-educativa-retos-del-presente.html">Congreso Internacional e Interuniversitario de Innovación Docente y Educativa. Retos del presente (CIIIDE-2026).</a> Córdoba, del 22 al 24 de abril. La asistencia puede ser presencial u online. Finalizado el plazo para el envío de comunicaciones.</p>
<p><span style="text-decoration: underline;"><span style="color: #008000;"><strong>MAYO 2026</strong></span></span></p>
<p style="text-align: justify;"><a href="https://ciei.es/">19th Congreso Internacional de Educación e Innovación</a>. Liepaja, Letonia. Del 6 al 8 de mayo. La asistencia puede ser presencial u online. Finalizado el plazo para el envío de comunicaciones.</p>
<p><a tabindex="-1" href="https://ciineco.org/">CIINECO 2026. V Congreso Internacional Innovación Docente, Educación y Transferencia del Conocimiento</a>. Virtual, del 7 al 9 de mayo. Finalizado el plazo para el envío de comunicaciones.</p>
<p style="text-align: justify;"><a href="https://www.iteconference.org/">4th International Conference of Innovative in Teaching and Education</a>. Londres, Inglaterra. Del 15 al 17 de mayo. Asistencia presencial (es necesario pedir un <a href="https://apply-for-an-eta.homeoffice.gov.uk/apply/electronic-travel-authorisation/easier-on-the-app">visado de entrada</a> un mes antes). Plazo de presentación de comunicaciones hasta el 24 de abril de 2026.</p>
<p style="text-align: justify;"><a tabindex="-1" href="https://www.civinedu.org/esp-comites-congreso/">X Congreso Internacional virtual en Investigación e Innovación Educativa</a>. Virtual, 27 y 28 de mayo. Finalizado el plazo para el envío de comunicaciones.</p>
<p style="text-align: justify;"><span style="text-decoration: underline;"><span style="color: #008000;"><strong>JUNIO 2026</strong></span></span></p>
<p style="text-align: justify;"><a href="https://jornadasinnovaciondocente.usj.es/?elq_mid=3115&amp;elq_cid=148859">XIV Edición de las Jornadas de Innovación Docente</a> de la Universidad San Jorge. <em>«Educación inclusiva»: de la integración a la transformación sistémica.</em> Zaragoza, 10 y 11 de junio de 2026. Finalizado el plazo para el envío de comunicaciones.</p>
<p style="text-align: justify;"><a href="https://www.learningideasconf.org/">19 th The Learning Ideas Conference.</a> Nueva York, del 10 al 12 de junio. La asistencia puede ser presencial o virtual. Finalizado el plazo para el envío de comunicaciones.</p>
<p style="text-align: justify;"><a tabindex="-1" href="https://headconf.org/save-the-date-head26/">12<sup>th</sup> International Conference on Higher Education Advances (HEAd’26) </a>Nueva York, del 15 al 18 de junio. La asistencia puede ser presencial o virtual. Finalizado el plazo para el envío de comunicaciones.</p>
<p style="text-align: justify;"><a href="https://www.forofecies.com/">FECIES XXII Foro Internacional sobre evaluación de la calidad de la investigación y la Educación Superior.</a> Virtual, del 17 al 19 de junio. Finalizado el plazo para el envío de comunicaciones.</p>
<p style="text-align: justify;"><a tabindex="-1" href="https://end-educationconference.org/">International Conference on Education and New Developments (END 2026)</a> Portugal, del 20 al 22 de junio. Finalizado el plazo para el envío de comunicaciones.</p>
<p style="text-align: justify;"><a href="https://iced26.es/">Congreso ICED 2026 «Agency and Academic Development»</a>. Salamanca, del 24 al 26 de junio. La asistencia puede ser presencial o virtual. Finalizado el plazo para el envío de comunicaciones.</p>
<p style="text-align: justify;"><a href="https://inndoc.org/">VI Congreso Internacional de Formación permanente Innovación en la docencia e investigación de las Ciencias Sociales, Jurídicas y Humanidades.</a> Virtual, 25 y 26 de junio. Plazo de presentación de comunicaciones: 1 de junio de 2026.</p>
<p style="text-align: justify;"><a href="https://iated.org/edulearn/">EDULEARN 26, 18 th International Conference on Education and New Learning Technologies.</a> Palma de Mallorca, 29 de junio al 1 de julio de 2026. Finalizado el plazo para el envío de comunicaciones.</p>
<p><span style="text-decoration: underline;"><strong><span style="color: #008000; text-decoration: underline;">JULIO 2026</span></strong></span></p>
<p style="text-align: justify;"><a href="https://congresotaee.es/">XVII Congreso Internacional de Tecnología, Aprendizaje y Enseñanza de la Electrónica (TAEE 2026)</a>. Santander, del 1 al 3 de julio. Finalizado el plazo para el envío de comunicaciones.</p>
<p style="text-align: justify;"><a href="https://sede.uniovi.es/web/jornadas-de-innovaci%C3%B3n-docente">I Congreso Internacional y XVIII Jornadas de Innovación Docente.</a> Universidad de Oviedo, del 1 al 3 de julio. Plazo de presentación de comunicaciones: 7 de junio de 2026.</p>
<p style="text-align: justify;"><a tabindex="-1" href="https://amieedu.org/">XIV Congreso Internacional Multidisciplinar de Investigación Educativa #CIMIE26</a> Bilbao, 2 y 3 de julio. Finalizado el plazo para el envío de comunicaciones.</p>
<p style="text-align: justify;"><a href="https://thelearner.com/2026-conference/call-for-papers">33rd International Conference on Learning</a>. Hong Kong, del 8 al 10 de julio. La asistencia puede ser presencial o virtual. Plazo de presentación de comunicaciones: 8 de junio de 2026.</p>
<p><a href="https://iticse.acm.org/2026/">ACM Conference on Innovation and Technology in Computer Science Education (ITiCSE 26).</a> Madrid, del 13 al 15 de julio de 2026. Finalizado el plazo para el envío de comunicaciones.</p>
<p><span style="text-decoration: underline;"><span style="color: #008000;"><strong>AGOSTO 2026</strong></span></span></p>
<p style="text-align: justify;"><a tabindex="-1" href="https://rediie.cl/ciie-2026/">IV Congreso Internacional de Investigación Educativa (CIIE 2026)</a> Virtual, 28-29 de agosto. Plazo de presentación de comunicaciones: 17 de julio de 2026.</p>
<p><span style="text-decoration: underline;"><strong>NOVIEMBRE 2026</strong></span></p>
<p style="text-align: justify;"><a href="https://iated.org/iceri/online_submission">19th International Conference of Education, Research and Innovation.</a> Sevilla, del 9 al 11 de noviembre de 2026. Plazo de presentación de comunicaciones: 9 de julio de 2026.</p>
<p><span style="text-decoration: underline;"><span style="color: #008000;"><strong>AÑO 2027</strong></span></span></p>
<p style="text-align: justify;"><a href="https://www.eduemer.org/congreso-eduemer-2025/">EduEmer II Congreso Internacional virtual de Educación, Innovación y Transferencia del Conocimiento.</a> Sevilla, 11 y 12 de marzo de 2027.</p>

<p>ABRIL 2026 19th International Conference on e-Learning &amp; Innovative Pedagogies. Rodas, Grecia, 16 y 17 de abril. La asistencia puede ser presencial o virtual. Finalizado el plazo para el envío de comunicaciones. Congreso Internacional e Interuniversitario de Innovación Docente y &hellip; <a href="https://servicios.unileon.es/formacion-pdi/jornadas-y-congresos-sobre-docencia-e-innovacion/">Sigue leyendo <span class="meta-nav">&rarr;</span></a></p>
