{"id":4,"date":"2014-02-03T08:57:38","date_gmt":"2014-02-03T08:57:38","guid":{"rendered":"http:\/\/servicios.unileon.es\/formacion-pas\/?page_id=4"},"modified":"2026-04-29T11:03:02","modified_gmt":"2026-04-29T11:03:02","slug":"novedades","status":"publish","type":"page","link":"https:\/\/servicios.unileon.es\/formacion-pas\/","title":{"rendered":"Novedades"},"content":{"rendered":"<p style=\"text-align: justify;\"><span style=\"color: #008000;\"><strong>\u00a1NUEVO!<\/strong><\/span> Ya est\u00e1 disponible la grabaci\u00f3n del curso <span style=\"color: #008000;\"><strong>Uso de tramitador electr\u00f3nico para el tr\u00e1mite de procedimiento expone solicita y sugerencias y quejas de la Universidad de Le\u00f3n.\u00a0<\/strong><\/span>El acceso al v\u00eddeo solo est\u00e1 disponible desde una cuenta de la Universidad de Le\u00f3n.<\/p>\n<p style=\"text-align: right;\"><a href=\"https:\/\/drive.google.com\/file\/d\/1iLI2OxN6E4AAosF1wv4yo2p_WvMUS5jZ\/view?usp=drive_link\">Acceso a la grabaci\u00f3n<\/a><\/p>\n<p style=\"text-align: right;\"><a href=\"http:\/\/servicios.unileon.es\/formacion-pas\/files\/2026\/03\/USO-DE-TRAMITADOR-ELECTRONICO.pdf\">USO DE TRAMITADOR ELECTR\u00d3NICO<\/a><\/p>\n<p>&nbsp;<\/p>\n<p><span style=\"text-decoration: underline; color: #008000;\"><strong>DOCUMENTACI\u00d3N CURSO CIBERVIOLENCIAS<\/strong><\/span><\/p>\n<p style=\"text-align: right;\"><a href=\"http:\/\/servicios.unileon.es\/formacion-pas\/files\/2026\/02\/PRESENTACION-PROFESORA-TAMARA-ALVAREZ-ROBLES.pdf\">PRESENTACI\u00d3N PROFESORA TAMARA \u00c1LVAREZ ROBLES<\/a><\/p>\n<p style=\"text-align: right;\"><a href=\"http:\/\/servicios.unileon.es\/formacion-pas\/files\/2026\/02\/PROTOCOLO-DE-PREVENCION-Y-DE-ACTUACION-CONTRA-EL-ACOSO-SEXUAL.pdf\">PROTOCOLO DE PREVENCI\u00d3N Y DE ACTUACI\u00d3N CONTRA EL ACOSO<\/a><\/p>\n<p style=\"text-align: right;\"><a href=\"http:\/\/servicios.unileon.es\/formacion-pas\/files\/2026\/02\/PROTOCOLO-DE-PREVENCION-Y-DE-ACTUACION-CONTRA-EL-ACOSO-SEXUAL.pdf\"> SEXUAL<\/a><a href=\"http:\/\/servicios.unileon.es\/formacion-pas\/files\/2026\/02\/REGALMENTO-PROTOCOLO-DE-ACTUACION-FRENTE-AL-ACOSO-EN-LA-UNIVERSIDAD-DE-LEON.pdf\">REGALMENTO PROTOCOLO DE ACTUACI\u00d3N FRENTE AL ACOSO EN LA UNIVERSIDAD DE LE\u00d3N<\/a><\/p>\n<p style=\"text-align: right;\"><a href=\"http:\/\/servicios.unileon.es\/formacion-pas\/files\/2026\/02\/PRESENTACION-PROFESOR-LUIS-MIGUEL-RAMOS.pdf\">PRESENTACI\u00d3N PROFESOR LUIS MIGUEL RAMOS<\/a><\/p>\n<p>&nbsp;<\/p>\n<p>&nbsp;<\/p>\n<p><span style=\"color: #008000;\"><strong><span style=\"color: #ff0000;\">\u00a1NUEVO!<\/span><span style=\"color: #008000;\"> ECLAP: SEMINARIOS WEB<\/span><\/strong><\/span><\/p>\n<p><span style=\"text-decoration: underline;\"><span style=\"color: #000000; text-decoration: underline;\"><strong>Seminarios de portugu\u00e9s<\/strong>:\u00a0<\/span><\/span><\/p>\n<ul>\n<li>Se realizan\u00a0los martes de\u00a0<strong>16:30\u00a0a 18:30\u00a0horas.<\/strong><\/li>\n<\/ul>\n<p><span style=\"text-decoration: underline;\"><span style=\"color: #000000; text-decoration: underline;\"><strong>Seminarios multitem\u00e1ticos<\/strong>:<\/span><\/span><\/p>\n<ul>\n<li>Se realizan\u00a0los mi\u00e9rcoles\u00a0<strong>de 16:30\u00a0a 18:30\u00a0horas<\/strong>.<\/li>\n<\/ul>\n<p><span style=\"text-decoration: underline;\"><span style=\"color: #000000; text-decoration: underline;\"><strong>Seminarios de ingl\u00e9s<\/strong>:\u00a0<\/span><\/span><\/p>\n<ul>\n<li>Se realizan\u00a0los jueves\u00a0de\u00a0<strong>16:30\u00a0a 18:30\u00a0horas.<\/strong><\/li>\n<\/ul>\n<p style=\"text-align: justify;\">Los seminarios web (portugu\u00e9s, multitem\u00e1ticos e ingl\u00e9s), que se van a impartir en el mes de febrero,\u00a0se podr\u00e1n solicitar desde el\u00a0<strong>27 de enero hasta el d\u00eda anterior a la realizaci\u00f3n de cada\u00a0seminario.<\/strong><\/p>\n<p style=\"text-align: right;\"><a href=\"https:\/\/eclap.jcyl.es\/web\/es\/formacion\/seminarios.html\">Acceso a toda la informaci\u00f3n y MATR\u00cdCULA<\/a><\/p>\n<p>&nbsp;<\/p>\n<p style=\"text-align: left;\"><span style=\"text-decoration: underline;\"><span style=\"color: #008000; text-decoration: underline;\"><strong><span style=\"color: #008000; text-decoration: underline;\">FORMACI\u00d3N A DISTANCIA AULA MENTOR<\/span><\/strong><\/span><\/span><\/p>\n<p style=\"text-align: justify;\"><span style=\"color: #000000;\">El Aula Mentor es una iniciativa del Ministerio de Educaci\u00f3n, Cultura y Deporte que ofrece formaci\u00f3n abierta a trav\u00e9s de internet.<\/span><\/p>\n<p style=\"text-align: justify;\"><span style=\"color: #000000;\">Los cursos subvencionados por la Universidad de Le\u00f3n para el Personal T\u00e9cnico de Gesti\u00f3n y\u00a0 de Administraci\u00f3n y Servicios son:<\/span><\/p>\n<ul>\n<li style=\"text-align: justify;\"><span style=\"color: #000000;\"><strong><a href=\"http:\/\/servicios.unileon.es\/formacion-pas\/files\/2025\/09\/Curso-IFC-Access.pdf\">Access<\/a><\/strong>\u00a0(90 horas)<\/span><\/li>\n<li style=\"text-align: justify;\"><span style=\"color: #000000;\"><strong><a href=\"http:\/\/servicios.unileon.es\/formacion-pas\/files\/2025\/09\/Curso-IFC-Excel.pdf\">Excel<\/a><\/strong>\u00a0(90 horas)<\/span><\/li>\n<li style=\"text-align: justify;\"><span style=\"color: #000000;\"><strong><a href=\"http:\/\/servicios.unileon.es\/formacion-pas\/files\/2025\/09\/Curso-IFC-Word.pdf\">Word<\/a><\/strong>\u00a0(90 horas)<\/span><\/li>\n<li><strong><a href=\"https:\/\/aulamentor.es\/wp-content\/uploads\/2025\/02\/Curso-IFC-Multimedia-y-web-2.0.pdf\">Multimedia y web 2.0<\/a><\/strong> (120 horas)<\/li>\n<li style=\"text-align: justify;\"><span style=\"color: #000000;\"><strong>That\u00b4s English *<\/strong><\/span><span style=\"color: #000000;\">Niveles 1-8 (80 horas\/curso)<\/span><\/li>\n<\/ul>\n<p><span style=\"color: #000000;\">*Se subvencionar\u00e1 un nivel de ingl\u00e9s al a\u00f1o.<\/span><\/p>\n<p><span style=\"color: #ff0000;\"><strong>Condiciones de reembolso aplicables a las nuevas matriculaciones a partir del 1 de enero de 2026. <a href=\"https:\/\/servicios.unileon.es\/formacion-pas\/cursos-aula-mentor\/\">Ver condiciones de reembolso<\/a>.<\/strong><\/span><\/p>\n<p style=\"text-align: right;\"><a href=\"http:\/\/servicios.unileon.es\/formacion-pas\/files\/2026\/02\/INFORMACION-AULA-MENTOR-2026.pdf\">INFORMACI\u00d3N AULA MENTOR 2026<\/a><\/p>\n<p>&nbsp;<\/p>\n<p>&nbsp;<\/p>\n<p style=\"text-align: justify;\"><strong><span style=\"color: #008000;\">Documentaci\u00f3n Curso Acoso en el Entorno Universitario.<\/span><\/strong><\/p>\n<ul style=\"font-weight: 400;\">\n<li style=\"text-align: justify;\"><a href=\"https:\/\/www.youtube.com\/watch?v=E4WTnJCMrH8\">Consentimiento Sexual Explicado con T\u00e9<\/a> [doblaje espa\u00f1ol].<\/li>\n<li style=\"text-align: justify;\"><a href=\"https:\/\/www.elperiodico.com\/es\/videos\/politica\/juan-medio-corta-falda-directo\/4159166.shtml\">Juan y Medio corta la falda en directo a su compa\u00f1era<\/a>.<\/li>\n<li style=\"text-align: justify;\"><a href=\"https:\/\/www.youtube.com\/watch?v=vCox1M8Cssc\">V\u00f3s tenes que ver. Acoso<\/a>.<\/li>\n<li style=\"text-align: justify;\"><span style=\"font-family: trebuchet ms, sans-serif;\"><a href=\"https:\/\/www.youtube.com\/watch?v=MmnJEGCzBZU\">Indignaci\u00f3n por gritos machistas en residencia estudiantil en Madrid<\/a>\u00a0<\/span><\/li>\n<li style=\"text-align: justify;\"><a href=\"http:\/\/v=6I8R_YQsliM&amp;pp=ygULI2VsaWFzYWh1amE%3D\">COLEGIO MAYOR-CHICA INSULTADA: \u00abEs una SIMPLE &#8230;\u00a0<\/a><\/li>\n<li style=\"text-align: justify;\"><span style=\"font-family: trebuchet ms, sans-serif;\"><a href=\"https:\/\/www.youtube.com\/watch?v=nZaFyyOLoMo\">Una periodista espa\u00f1ola fue agredida sexualmente mientras hac\u00eda un m\u00f3vil: \u201c\u00bfTe acaba de tocar?\u201d<\/a><\/span><\/li>\n<\/ul>\n<ul style=\"list-style-type: circle;\">\n<li><a href=\"http:\/\/servicios.unileon.es\/formacion-pas\/files\/2025\/04\/1-ACOSO-ULE.pdf\">1 Acoso ULE<\/a><\/li>\n<li><a href=\"http:\/\/servicios.unileon.es\/formacion-pas\/files\/2025\/04\/2-ACOSO-ULE.pdf\">2 Acoso ULE<\/a><\/li>\n<li><a href=\"http:\/\/servicios.unileon.es\/formacion-pas\/files\/2025\/04\/Enlaces.pdf\">Enlaces<\/a><\/li>\n<\/ul>\n<p>&nbsp;<\/p>\n<p><span style=\"color: #008000;\"><strong>\u00a1NUEVO! <a href=\"http:\/\/servicios.unileon.es\/formacion-pas\/files\/2026\/04\/MEMORIA-ESCUELA-DE-FORMACION-2025.pdf\">MEMORIA ESCUELA DE FORMACI\u00d3N 2025<\/a><\/strong><\/span><\/p>\n<p><span style=\"color: #008000;\"><strong><a href=\"http:\/\/servicios.unileon.es\/formacion-pas\/files\/2025\/04\/MEMORIA-ESCUELA-DE-FORMACION-2024.docx.pdf\">MEMORIA ESCUELA DE FORMACI\u00d3N 2024.docx<\/a><\/strong><\/span><\/p>\n<p><a href=\"https:\/\/servicios.unileon.es\/formacion-pas\/files\/2024\/02\/MEMORIA-ESCUELA-DE-FORMACION-2023.pdf\">MEMORIA ESCUELA DE FORMACI\u00d3N 2023<\/a><\/p>\n<p>&nbsp;<\/p>\n<p style=\"text-align: justify;\"><strong><span style=\"color: #008000;\"><span style=\"color: #000000;\">LA AGENCIA EUROPEA DE PROTECCI\u00d3N DE DATOS PRESENTA<\/span>\u00a0<\/span><\/strong><span style=\"color: #008000;\"><span style=\"color: #000000;\">el<\/span> <a href=\"https:\/\/www.agpd.es\/portalwebAGPD\/canaldocumentacion\/publicaciones\/common\/Guias\/2018\/ProteccionDatosPrevencionDelitos.pdf\">Manual Protecci\u00f3n de Datos y Prevenci\u00f3n de delitos<\/a>.<\/span><\/p>\n<p style=\"text-align: justify;\">El manual se complementa con <a href=\"https:\/\/www.agpd.es\/portalwebAGPD\/canaldocumentacion\/publicaciones\/common\/Guias\/2018\/ProteccionDatosPrevencionDelitosFichas.pdf\">diez fichas did\u00e1cticas<\/a> en las que definen conductas como, entre otras, el sexting, el grooming o el ciberacoso, y ofrecen informaci\u00f3n sobre sus consecuencias, as\u00ed como consejos para saber qu\u00e9 hacer ante estas situaciones.<\/p>\n<p>&nbsp;<\/p>\n<p style=\"text-align: justify;\"><strong>Otros materiales de utilidad<\/strong><br \/>\nLa Agencia present\u00f3 las gu\u00edas <a href=\"http:\/\/www.tudecideseninternet.es\/agpd1\/images\/guias\/Guia_menores2016.pdf\">\u2018S\u00e9 legal en internet\u2019<\/a>, dirigida a j\u00f3venes, y <a href=\"http:\/\/www.tudecideseninternet.es\/agpd1\/images\/guias\/Guia_formadores2016.pdf\">\u2018Ens\u00e9\u00f1ales a ser legales en internet\u2019<\/a>, para familiares, profesores y personas pr\u00f3ximas al menor, que facilitan orientaciones y pautas \u00fatiles con el fin de evitar que los menores cometan delitos o favorezcan su comisi\u00f3n por terceros sin ser conscientes de ello. Estos materiales se encuentran disponibles en el portal de la AEPD <a href=\"http:\/\/www.tudecideseninternet.es\/agpd1\/\">\u2018T\u00fa decides en internet\u2019<\/a>.<\/p>\n<p>&nbsp;<\/p>\n<p style=\"text-align: justify;\">En nuestro apartado <a href=\"http:\/\/servicios.unileon.es\/formacion-pas\/recursos-en-la-red\/\"><strong><span style=\"color: #0066cc;\">SUGERENCIAS DE OTRAS ACTIVIDADES FORMATIVAS<\/span><\/strong> <\/a>encontrar\u00e1s una selecci\u00f3n de Jornadas, Cursos y Actividades que ofrecen tanto\u00a0la ULE como otras Universidades y Organismos que creemos pueden ser de tu inter\u00e9s<\/p>\n","protected":false},"excerpt":{"rendered":"<p>\u00a1NUEVO! Ya est\u00e1 disponible la grabaci\u00f3n del curso Uso de tramitador electr\u00f3nico para el tr\u00e1mite de procedimiento expone solicita y sugerencias y quejas de la Universidad de Le\u00f3n.\u00a0El acceso al v\u00eddeo solo est\u00e1 disponible desde una cuenta de la Universidad &hellip; <a href=\"https:\/\/servicios.unileon.es\/formacion-pas\/\">Sigue leyendo <span class=\"meta-nav\">&rarr;<\/span><\/a><\/p>\n","protected":false},"author":1,"featured_media":0,"parent":0,"menu_order":0,"comment_status":"closed","ping_status":"open","template":"","meta":{"footnotes":""},"class_list":["post-4","page","type-page","status-publish","hentry"],"_links":{"self":[{"href":"https:\/\/servicios.unileon.es\/formacion-pas\/wp-json\/wp\/v2\/pages\/4","targetHints":{"allow":["GET"]}}],"collection":[{"href":"https:\/\/servicios.unileon.es\/formacion-pas\/wp-json\/wp\/v2\/pages"}],"about":[{"href":"https:\/\/servicios.unileon.es\/formacion-pas\/wp-json\/wp\/v2\/types\/page"}],"author":[{"embeddable":true,"href":"https:\/\/servicios.unileon.es\/formacion-pas\/wp-json\/wp\/v2\/users\/1"}],"replies":[{"embeddable":true,"href":"https:\/\/servicios.unileon.es\/formacion-pas\/wp-json\/wp\/v2\/comments?post=4"}],"version-history":[{"count":984,"href":"https:\/\/servicios.unileon.es\/formacion-pas\/wp-json\/wp\/v2\/pages\/4\/revisions"}],"predecessor-version":[{"id":2046,"href":"https:\/\/servicios.unileon.es\/formacion-pas\/wp-json\/wp\/v2\/pages\/4\/revisions\/2046"}],"wp:attachment":[{"href":"https:\/\/servicios.unileon.es\/formacion-pas\/wp-json\/wp\/v2\/media?parent=4"}],"curies":[{"name":"wp","href":"https:\/\/api.w.org\/{rel}","templated":true}]}}