{"id":14,"date":"2014-02-03T08:58:42","date_gmt":"2014-02-03T08:58:42","guid":{"rendered":"http:\/\/servicios.unileon.es\/formacion-pas\/?page_id=14"},"modified":"2021-04-30T07:52:52","modified_gmt":"2021-04-30T07:52:52","slug":"paginas-de-interes","status":"publish","type":"page","link":"https:\/\/servicios.unileon.es\/formacion-pas\/paginas-de-interes\/","title":{"rendered":"P\u00e1ginas de inter\u00e9s"},"content":{"rendered":"<ul>\n<li>\n<div style=\"text-align: justify;\"><strong><span style=\"color: #000080;\"><a href=\"http:\/\/www.eclap.jcyl.es\/web\/jcyl\/ECLAP\/es\/Plantilla66y33\/1259395037582\/_\/_\/_\"><span style=\"color: #000080;\">ESCUELA DE ADMINISTRACI\u00d3N P\u00daBLICA DE CASTILLA Y LE\u00d3N (ECLAP): <\/span><\/a><\/span><\/strong>es el centro de formaci\u00f3n y cualificaci\u00f3n de los empleados p\u00fablicos de la Comunidad de Castilla y Le\u00f3n y de investigaci\u00f3n y estudio de las materias y t\u00e9cnicas aplicables a las Administraciones P\u00fablicas. Anualmente sacan un Plan de Formaci\u00f3n con cursos a desarrollar a lo largo del a\u00f1o. Entre toda la informaci\u00f3n disponible en su web destacamos:<\/div>\n<\/li>\n<\/ul>\n<p style=\"text-align: justify;\"><a href=\"http:\/\/www.eclap.jcyl.es\/web\/jcyl\/ECLAP\/es\/Plantilla66y33\/1284153710350\/_\/_\/_\">E-boletines:<\/a> Bolet\u00edn de noticias\u00a0 mensual que informa de las actividades de la Escuela y de las novedades en sus secciones. <a href=\"https:\/\/eclap.jcyl.es\/web\/es\/eclap\/boletin-2021.html\">BOLET\u00cdN ABRIL 2021<\/a><\/p>\n<p style=\"text-align: justify;\"><a href=\"https:\/\/eclap.jcyl.es\/web\/es\/recursos-didacticos\/pildoras-autoformativas.html\">P\u00edldoras autoformativas:<\/a> video tutoriales cortos, sencillos y \u00fatiles sobre temas relacionados con la Administraci\u00f3n y la Gesti\u00f3n.<\/p>\n<p style=\"text-align: justify;\"><a href=\"http:\/\/eclaponline.jcyl.es\/ortographics\/default.htm\">Ludolearning:<\/a> espacio con diferentes tests que ponen a prueba tu conocimiento ortogr\u00e1fico, lenguaje y redacci\u00f3n administrativa.<\/p>\n<p>&nbsp;<\/p>\n<ul>\n<li>\n<div style=\"text-align: justify;\"><strong><span style=\"color: #000080;\"><a href=\"http:\/\/www.mentor.mec.es\/\"><span style=\"color: #000080;\">AULA MENTOR<\/span><\/a>:<\/span><\/strong> es una iniciativa de formaci\u00f3n abierta, flexible y a trav\u00e9s de Internet dirigida a personas adultas que deseen ampliar sus competencias personales y profesionales. La iniciativa est\u00e1 promovida por el Ministerio de Educaci\u00f3n, Cultura y Deporte en colaboraci\u00f3n con otras instituciones p\u00fablicas y privadas tanto nacionales como internacionales. Ofrecen una gran variedad de cursos y el coste de los cursos es de 24\u20ac mensuales.<\/div>\n<\/li>\n<\/ul>\n<p>&nbsp;<\/p>\n<ul>\n<li>\n<div style=\"text-align: justify;\"><span style=\"color: #000080;\"><strong>La Universidad Nacional de Educaci\u00f3n a Distancia<\/strong> <\/span><strong><span style=\"color: #000080;\">(UNED)<\/span> <\/strong>\u00a0ofrece una gran cantidad de cursos dentro del \u00e1rea de <a href=\"http:\/\/formacionpermanente.uned.es\/\/\">FORMACI\u00d3N PERMANENTE<\/a>, <a href=\"http:\/\/extension.uned.es\/\">EXTENSI\u00d3N UNIVERSITARIA<\/a> y una gran variedad\u00a0de \u00a0actividades y recursos formativos es <a href=\"https:\/\/iedra.uned.es\/\">UNED ABIERTA<\/a>.<\/div>\n<\/li>\n<\/ul>\n<p>&nbsp;<\/p>\n<ul>\n<li>\n<div style=\"text-align: left;\"><strong><span style=\"color: #000080;\">Muchas Universidades<\/span><\/strong> ofertan Cursos de Formaci\u00f3n on-line y a distancia:<\/div>\n<\/li>\n<\/ul>\n<p><a href=\"http:\/\/fgulem.unileon.es\/euniversitaria\/oferta.aspx?tipo=1\">Extensi\u00f3n universitaria.<\/a> Universidad de Le\u00f3n<\/p>\n<p style=\"text-align: justify;\"><a href=\"http:\/\/vaporetto.usal.es\/preactform\/inicio\">Cursos extraordinarios de la USAL<\/a>. Universidad de Salamanca<\/p>\n<p style=\"text-align: justify;\"><a href=\"https:\/\/www.ubu.es\/ubuabierta-cursos-de-extension-universitaria\/cursos-ubuabierta\">UBU Abierta.<\/a> Universidad de Burgos<\/p>\n<p>&nbsp;<\/p>\n<ul>\n<li>\n<div style=\"text-align: left;\">Los diferentes\u00a0<strong><span style=\"color: #000080;\">SINDICATOS<\/span><\/strong>suelen ofertar formaci\u00f3n para desempleados, aut\u00f3nomos y trabajadores en activo. Muchos de ellos son gratuitos y no es necesario estar afiliado al sindicato para poder acceder a ellos.<\/div>\n<\/li>\n<\/ul>\n<p style=\"text-align: left;\"><strong>IFES:<\/strong> <a href=\"https:\/\/www.uco.es\/ugt\/v2\/index.php\/25-articulos\/formacion\/871-cursos-de-ifes-ugt-con-plazo-de-preinscripcion-abierto\">Instituto de Formaci\u00f3n y Estudios Sociales.\u00a0<\/a><\/p>\n<p style=\"text-align: left;\"><strong>FOREM:<\/strong>\u00a0\u00a0<a href=\"http:\/\/www.forem.es\/\">Fundaci\u00f3n formaci\u00f3n y Empleo Miguel Escalera<\/a>.\u00a0<a href=\"http:\/\/gestion.forem.es\/publico2012\/ofertaformativa\/FOREM\/Default.aspx?Expedienteid=1102\">EFOREM<\/a><\/p>\n<p style=\"text-align: left;\"><strong>CSIF<\/strong> <a href=\"http:\/\/www.csi-f.es\/departamento\/formacion\/ambito\/nacional\">Formaci\u00f3n<\/a><\/p>\n<p>&nbsp;<\/p>\n<ul>\n<li>\n<div style=\"text-align: justify;\"><strong><span style=\"color: #000080;\">Centro Espacio CYL Digital Le\u00f3n:<\/span><\/strong><span style=\"color: #000080;\"><span style=\"color: #000000;\">Cuenta con un \u00e1rea de formaci\u00f3n con dos aulas, de cursos y talleres, equipadas con ordenadores port\u00e1tiles para los usuarios asistentes y pantallas para la visualizaci\u00f3n de datos. La oferta formativa se actualiza con car\u00e1cter mensual e incluye hasta tres niveles de formaci\u00f3n, a saber, b\u00e1sico, medio y avanzado. Tienen car\u00e1cter gratuito. <\/span><\/span><\/div>\n<\/li>\n<\/ul>\n","protected":false},"excerpt":{"rendered":"<p>ESCUELA DE ADMINISTRACI\u00d3N P\u00daBLICA DE CASTILLA Y LE\u00d3N (ECLAP): es el centro de formaci\u00f3n y cualificaci\u00f3n de los empleados p\u00fablicos de la Comunidad de Castilla y Le\u00f3n y de investigaci\u00f3n y estudio de las materias y t\u00e9cnicas aplicables a las &hellip; <a href=\"https:\/\/servicios.unileon.es\/formacion-pas\/paginas-de-interes\/\">Sigue leyendo <span class=\"meta-nav\">&rarr;<\/span><\/a><\/p>\n","protected":false},"author":1,"featured_media":0,"parent":0,"menu_order":0,"comment_status":"closed","ping_status":"open","template":"","meta":{"footnotes":""},"class_list":["post-14","page","type-page","status-publish","hentry"],"_links":{"self":[{"href":"https:\/\/servicios.unileon.es\/formacion-pas\/wp-json\/wp\/v2\/pages\/14","targetHints":{"allow":["GET"]}}],"collection":[{"href":"https:\/\/servicios.unileon.es\/formacion-pas\/wp-json\/wp\/v2\/pages"}],"about":[{"href":"https:\/\/servicios.unileon.es\/formacion-pas\/wp-json\/wp\/v2\/types\/page"}],"author":[{"embeddable":true,"href":"https:\/\/servicios.unileon.es\/formacion-pas\/wp-json\/wp\/v2\/users\/1"}],"replies":[{"embeddable":true,"href":"https:\/\/servicios.unileon.es\/formacion-pas\/wp-json\/wp\/v2\/comments?post=14"}],"version-history":[{"count":33,"href":"https:\/\/servicios.unileon.es\/formacion-pas\/wp-json\/wp\/v2\/pages\/14\/revisions"}],"predecessor-version":[{"id":102,"href":"https:\/\/servicios.unileon.es\/formacion-pas\/wp-json\/wp\/v2\/pages\/14\/revisions\/102"}],"wp:attachment":[{"href":"https:\/\/servicios.unileon.es\/formacion-pas\/wp-json\/wp\/v2\/media?parent=14"}],"curies":[{"name":"wp","href":"https:\/\/api.w.org\/{rel}","templated":true}]}}