{"id":99,"date":"2018-06-12T11:44:29","date_gmt":"2018-06-12T11:44:29","guid":{"rendered":"http:\/\/servicios.unileon.es\/defensor\/?page_id=99"},"modified":"2021-05-10T07:33:59","modified_gmt":"2021-05-10T07:33:59","slug":"xxi-reunion-de-la-cedu","status":"publish","type":"page","link":"https:\/\/servicios.unileon.es\/defensor\/xxi-reunion-de-la-cedu\/","title":{"rendered":"XXI Reuni\u00f3n de la CEDU"},"content":{"rendered":"CEDU son las siglas de la Conferencia Estatal de Defensores Universitarios y entre el 17 y el 19 de octubre de 2018, la Universidad de Le\u00f3n acoger\u00e1 el XXI Encuentro Estatal de Defensores Universitarios, tanto de Universidades p\u00fablicas como privadas, de Espa\u00f1a.\r\n\r\n<strong>Temas de trabajo:<\/strong>\r\n\r\n1. Sesi\u00f3n 1: El miedo ante la presentaci\u00f3n de una queja: posibles consecuencias por la ausencia de confidencialidad.\r\n\r\n2. Sesi\u00f3n 2: La relaci\u00f3n institucional de las Defensor\u00edas con los Servicios de Inspecci\u00f3n Universitarios, el Defensor del Pueblo y sus hom\u00f3logos auton\u00f3micos.\r\n\r\n3. Sesi\u00f3n 3: La imagen p\u00fablica de la Universidad\r\n<table style=\"border-collapse: collapse; width: 100%;\">\r\n<tbody>\r\n<tr>\r\n<td style=\"width: 50%; text-align: center;\"><a href=\"https:\/\/servicios.unileon.es\/defensor\/files\/2021\/05\/Programa-XXI-Encuentro-Estatal-de-Defensores-Universitarios-Difusion.pdf\">PROGRAMA &#8211; XXI Encuentro Estatal de Defensores Universitarios<\/a><\/td>\r\n<td style=\"width: 50%; text-align: center;\"><a href=\"https:\/\/servicios.unileon.es\/defensor\/galeria-de-fotos-cedu\/\">GALER\u00cdA DE FOTOS<\/a><\/td>\r\n<\/tr>\r\n<tr>\r\n<td style=\"width: 50%;\"><\/td>\r\n<td style=\"width: 50%;\"><\/td>\r\n<\/tr>\r\n<\/tbody>\r\n<\/table>","protected":false},"excerpt":{"rendered":"<p>CEDU son las siglas de la Conferencia Estatal de Defensores Universitarios y entre el 17 y el 19 de octubre de 2018, la Universidad de Le\u00f3n acoger\u00e1 el XXI Encuentro Estatal de Defensores Universitarios, tanto de Universidades p\u00fablicas como privadas, de Espa\u00f1a. Temas de trabajo: 1. Sesi\u00f3n 1: El miedo ante la presentaci\u00f3n de una [&hellip;]<\/p>\n","protected":false},"author":757,"featured_media":0,"parent":0,"menu_order":0,"comment_status":"closed","ping_status":"closed","template":"","meta":{"footnotes":""},"class_list":["post-99","page","type-page","status-publish","hentry"],"_links":{"self":[{"href":"https:\/\/servicios.unileon.es\/defensor\/wp-json\/wp\/v2\/pages\/99","targetHints":{"allow":["GET"]}}],"collection":[{"href":"https:\/\/servicios.unileon.es\/defensor\/wp-json\/wp\/v2\/pages"}],"about":[{"href":"https:\/\/servicios.unileon.es\/defensor\/wp-json\/wp\/v2\/types\/page"}],"author":[{"embeddable":true,"href":"https:\/\/servicios.unileon.es\/defensor\/wp-json\/wp\/v2\/users\/757"}],"replies":[{"embeddable":true,"href":"https:\/\/servicios.unileon.es\/defensor\/wp-json\/wp\/v2\/comments?post=99"}],"version-history":[{"count":8,"href":"https:\/\/servicios.unileon.es\/defensor\/wp-json\/wp\/v2\/pages\/99\/revisions"}],"predecessor-version":[{"id":387,"href":"https:\/\/servicios.unileon.es\/defensor\/wp-json\/wp\/v2\/pages\/99\/revisions\/387"}],"wp:attachment":[{"href":"https:\/\/servicios.unileon.es\/defensor\/wp-json\/wp\/v2\/media?parent=99"}],"curies":[{"name":"wp","href":"https:\/\/api.w.org\/{rel}","templated":true}]}}

XXI Reunión de la CEDU

CEDU son las siglas de la Conferencia Estatal de Defensores Universitarios y entre el 17 y el 19 de octubre de 2018, la Universidad de León acogerá el XXI Encuentro Estatal de Defensores Universitarios, tanto de Universidades públicas como privadas, de España.

<strong>Temas de trabajo:</strong>

1. Sesión 1: El miedo ante la presentación de una queja: posibles consecuencias por la ausencia de confidencialidad.

2. Sesión 2: La relación institucional de las Defensorías con los Servicios de Inspección Universitarios, el Defensor del Pueblo y sus homólogos autonómicos.

3. Sesión 3: La imagen pública de la Universidad
<table style="border-collapse: collapse; width: 100%;">
<tbody>
<tr>
<td style="width: 50%; text-align: center;"><a href="https://servicios.unileon.es/defensor/files/2021/05/Programa-XXI-Encuentro-Estatal-de-Defensores-Universitarios-Difusion.pdf">PROGRAMA &#8211; XXI Encuentro Estatal de Defensores Universitarios</a></td>
<td style="width: 50%; text-align: center;"><a href="https://servicios.unileon.es/defensor/galeria-de-fotos-cedu/">GALERÍA DE FOTOS</a></td>
</tr>
<tr>
<td style="width: 50%;"></td>
<td style="width: 50%;"></td>
</tr>
</tbody>
</table>

<p>CEDU son las siglas de la Conferencia Estatal de Defensores Universitarios y entre el 17 y el 19 de octubre de 2018, la Universidad de León acogerá el XXI Encuentro Estatal de Defensores Universitarios, tanto de Universidades públicas como privadas, de España. Temas de trabajo: 1. Sesión 1: El miedo ante la presentación de una [&hellip;]</p>
