{"id":457,"date":"2022-07-28T07:58:52","date_gmt":"2022-07-28T07:58:52","guid":{"rendered":"https:\/\/servicios.unileon.es\/defensor\/?page_id=457"},"modified":"2022-07-28T09:16:12","modified_gmt":"2022-07-28T09:16:12","slug":"reunion-de-la-red-de-defensorias-de-la-comunidad-universitaria-de-castilla-y-leon","status":"publish","type":"page","link":"https:\/\/servicios.unileon.es\/defensor\/reunion-de-la-red-de-defensorias-de-la-comunidad-universitaria-de-castilla-y-leon\/","title":{"rendered":"Reuni\u00f3n de la Red de Defensor\u00edas de la Comunidad Universitaria de CyL &#8211; 13\/7\/2022"},"content":{"rendered":"<p style=\"text-align: justify;\">La Red de Defensor\u00edas de la Comunidad Universitaria de Castilla y le\u00f3n, reunida en el Campus de Ponferrada de la Universidad de Le\u00f3n el d\u00eda 13 de julio de 2022 con asistencia de los Defensores y Defensoras de la Universidad de Burgos, Universidad Europea Miguel de Cervantes, Universidad Isabel I, Universidad de Le\u00f3n, Universidad Pontificia de Salamanca, Universidad de Salamanca y Universidad de Valladolid, y la asistencia de los adjuntos de las Defensor\u00edas de la Universidad de Salamanca y la Universidad de Valladolid, han alcanzado los siguientes<\/p>\r\n<p style=\"text-align: justify;\">ACUERDOS:<\/p>\r\n<p style=\"text-align: justify;\">La Red de Defensor\u00edas de las Universidades de CyL es consciente de la necesidad de desarrollar urgentemente los instrumentos y normas que desarrollan la Ley de Convivencia.\r\n* Apostamos por un modelo que sea com\u00fan en el conjunto de las Universidades con una Comisi\u00f3n de Convivencia paritaria, lo m\u00e1s sencilla posible, para agilizar su actividad. En este sentido, la Comisi\u00f3n deber\u00e1 dotarse de sus propias reglas de funcionamiento.\r\n* Compartimos la idea de que la presencia de la Defensor\u00eda es fundamental en la Comisi\u00f3n de Convivencia, pero con voz y sin voto para salvaguardar la independencia inherente a nuestra funci\u00f3n.\r\n* Entendemos que, en este marco, las Defensor\u00edas podr\u00e1n mantener sus funciones actuales y, a la vez, colaborar en la aplicaci\u00f3n eficiente de la Ley de Convivencia.<\/p>\r\n<p style=\"text-align: justify;\">La Red de Defensor\u00edas de las Universidades de Castilla y Le\u00f3n, independientemente del modelo de normas de convivencia por el que opte cada universidad, debe velarse por una armonizaci\u00f3n coherente de las normas existentes en cada una de las Universidades cuando se opte por la compilaci\u00f3n de las mismas.<\/p>\r\n<p style=\"text-align: justify;\">La Red de Defensor\u00edas de las Universidades de Castilla y Le\u00f3n, considera que en la redacci\u00f3n final de la LOSU debe corregirse la falta de menci\u00f3n de la instituci\u00f3n de la Defensor\u00eda en relaci\u00f3n a las universidades privadas.\r\nEntendemos que debe tratarse del uso de una defectuosa t\u00e9cnica legislativa, dada la acreditada importancia de las Defensor\u00edas en las universidades privadas en la legislaci\u00f3n vigente, su papel garante de los derechos de la Comunidad Universitaria y de la calidad de los procedimientos.<\/p>\r\n<a href=\"https:\/\/servicios.unileon.es\/defensor\/galeria-de-fotos-reunion-defensores-cyl-13-7-2022\/\">GALER\u00cdA DE FOTOS<\/a>","protected":false},"excerpt":{"rendered":"<p>La Red de Defensor\u00edas de la Comunidad Universitaria de Castilla y le\u00f3n, reunida en el Campus de Ponferrada de la Universidad de Le\u00f3n el d\u00eda 13 de julio de 2022 con asistencia de los Defensores y Defensoras de la Universidad de Burgos, Universidad Europea Miguel de Cervantes, Universidad Isabel I, Universidad de Le\u00f3n, Universidad Pontificia [&hellip;]<\/p>\n","protected":false},"author":757,"featured_media":0,"parent":0,"menu_order":0,"comment_status":"closed","ping_status":"closed","template":"","meta":{"footnotes":""},"class_list":["post-457","page","type-page","status-publish","hentry"],"_links":{"self":[{"href":"https:\/\/servicios.unileon.es\/defensor\/wp-json\/wp\/v2\/pages\/457","targetHints":{"allow":["GET"]}}],"collection":[{"href":"https:\/\/servicios.unileon.es\/defensor\/wp-json\/wp\/v2\/pages"}],"about":[{"href":"https:\/\/servicios.unileon.es\/defensor\/wp-json\/wp\/v2\/types\/page"}],"author":[{"embeddable":true,"href":"https:\/\/servicios.unileon.es\/defensor\/wp-json\/wp\/v2\/users\/757"}],"replies":[{"embeddable":true,"href":"https:\/\/servicios.unileon.es\/defensor\/wp-json\/wp\/v2\/comments?post=457"}],"version-history":[{"count":7,"href":"https:\/\/servicios.unileon.es\/defensor\/wp-json\/wp\/v2\/pages\/457\/revisions"}],"predecessor-version":[{"id":476,"href":"https:\/\/servicios.unileon.es\/defensor\/wp-json\/wp\/v2\/pages\/457\/revisions\/476"}],"wp:attachment":[{"href":"https:\/\/servicios.unileon.es\/defensor\/wp-json\/wp\/v2\/media?parent=457"}],"curies":[{"name":"wp","href":"https:\/\/api.w.org\/{rel}","templated":true}]}}