{"id":449,"date":"2022-06-27T07:55:27","date_gmt":"2022-06-27T07:55:27","guid":{"rendered":"https:\/\/servicios.unileon.es\/defensor\/?page_id=449"},"modified":"2022-06-27T08:02:08","modified_gmt":"2022-06-27T08:02:08","slug":"28-6-2022-declaracion-de-la-defensoria-de-la-comunidad-universitaria","status":"publish","type":"page","link":"https:\/\/servicios.unileon.es\/defensor\/28-6-2022-declaracion-de-la-defensoria-de-la-comunidad-universitaria\/","title":{"rendered":"28\/6\/2022 &#8211; Declaraci\u00f3n de la Defensor\u00eda de la Comunidad Universitaria"},"content":{"rendered":"<p style=\"text-align: center;\"><strong><img loading=\"lazy\" decoding=\"async\" class=\"aligncenter wp-image-453\" src=\"https:\/\/servicios.unileon.es\/defensor\/files\/2022\/06\/Bandera-en-la-ventana.jpg\" alt=\"\" width=\"144\" height=\"174\" \/><\/strong><\/p>\r\n<p style=\"text-align: center;\"><strong>Declaraci\u00f3n de la Defensor\u00eda de la Comunidad Universitaria de la Universidad de Le\u00f3n con motivo de la conmemoraci\u00f3n del 28 de junio<\/strong><\/p>\r\n<p style=\"text-align: justify;\">A principios de septiembre de 1977, los ponentes de la Constituci\u00f3n espa\u00f1ola hab\u00edan dado forma pr\u00e1cticamente definitiva a un art\u00edculo sobre el que se asentar\u00eda toda la estructura del sistema democr\u00e1tico; era el art\u00edculo 16 y en sus tres apartados dec\u00eda:<\/p>\r\n<p style=\"text-align: justify;\"><em>1) Se reconoce la dignidad intangible de la persona humana.<\/em><\/p>\r\n<p style=\"text-align: justify;\"><em>2) Los derechos inviolables de la persona son fundamento del orden pol\u00edtico y de la paz social.<\/em><\/p>\r\n<p style=\"text-align: justify;\"><em>3) El reconocimiento, respeto y protecci\u00f3n de estos derechos informar\u00e1 la legislaci\u00f3n positiva, la pr\u00e1ctica judicial y toda la acci\u00f3n de los poderes p\u00fablicos<\/em><\/p>\r\n<p style=\"text-align: justify;\">Todas las constituciones europeas posteriores a la II Guerra Mundial -o a las dictaduras fascistas que pervivieron hasta el \u00faltimo tercio del siglo XX- contienen un disposici\u00f3n que se expresa en t\u00e9rminos similares a esos; esto es, a los que finalmente adopt\u00f3 el art\u00edculo 13 del borrador de la Constituci\u00f3n y, a la postre, el art\u00edculo 10.1 de la Constituci\u00f3n vigente:<\/p>\r\n<p style=\"text-align: justify;\"><em>\u201cLa dignidad de la persona, los derechos inviolables que le son inherentes, el libre desarrollo de la personalidad, el respeto a la ley y a los derechos de los dem\u00e1s son fundamento del orden pol\u00edtico y de la paz social.\u201d<\/em><\/p>\r\n<p style=\"text-align: justify;\">En Espa\u00f1a, como en Europa, la diferencia entre quien \u201ces constitucionalista\u201d y quien \u201cno es constitucionalista\u201d radica en su adhesi\u00f3n y compromiso para con lo afirmado en esas pocas frases.<\/p>\r\n<p style=\"text-align: justify;\">Es coherente, por ello, que la Federaci\u00f3n Espa\u00f1ola de Municipios y Provincias en su declaraci\u00f3n institucional de 2022 recuerde que:<\/p>\r\n<p style=\"text-align: justify;\">\u201c<em>Los seres humanos nacen libres e iguales en dignidad y derechos sin distinci\u00f3n alguna. Debemos trabajar por un mundo de absoluta tolerancia, libertad e igualdad. Desde las instituciones debemos asegurar la igualdad efectiva de todas las personas LGTBI y sus familias, como elemento esencial de una buena convivencia para el progreso y el desarrollo social<\/em>\u201d<\/p>\r\n<p style=\"text-align: justify;\">Es l\u00f3gico que el Parlamento Europeo se pronunciara de manera rotunda el 11 de marzo de 2021 para declarar la UE \u201c<em>zona de libertad para las personas LGBTIQ<\/em>\u201d<a href=\"#_ftn1\" name=\"_ftnref1\">[1]<\/a> por cuanto:<\/p>\r\n<p style=\"text-align: justify;\">\u201c<em>Las personas LGBTIQ en toda la Uni\u00f3n Europea deben disfrutar de la libertad de vivir y mostrar p\u00fablicamente su orientaci\u00f3n sexual, identidad de g\u00e9nero, expresi\u00f3n de g\u00e9nero y caracter\u00edsticas sexuales sin temor a la intolerancia, la discriminaci\u00f3n o la persecuci\u00f3n por esos motivos (\u2026) y las autoridades de todos los niveles de gobernanza en toda la Uni\u00f3n Europea deben proteger y promover la igualdad y los derechos fundamentales de todas las personas, incluidas las personas LGBTIQ, y garantizar plenamente sus derechos<\/em>\u201d.<\/p>\r\n<p style=\"text-align: justify;\">Es apropiado, sin duda, que la Presidenta de la Comisi\u00f3n Europea, la dem\u00f3crata cristiana Von del Leyen, haya conseguido dotar a la Uni\u00f3n de la <em>Estrategia para la igualdad LGBTIQ 2020-2025<\/em>, extenso y detallado documento determinado por una idea central:<\/p>\r\n<p style=\"text-align: justify;\">\u201c<em>En la Uni\u00f3n Europea, cada persona ha de tener seguridad y libertad para ser ella misma. Nuestra fuerza social, pol\u00edtica y econ\u00f3mica, procede de nuestra unidad en torno a la diversidad. Igualdad y no discriminaci\u00f3n son valores esenciales y derechos fundamentales de la Uni\u00f3n, consagrados en los Tratados y en la Carta de Derechos Fundamentales. La Comisi\u00f3n, el Parlamento y el Consejo, as\u00ed como los Estados miembros, comparten la responsabilidad de proteger los derechos fundamentales y asegurar la igualdad de todas las personas<\/em>\u201d<a href=\"#_ftn2\" name=\"_ftnref2\">[2]<\/a><\/p>\r\n<p style=\"text-align: justify;\">En Espa\u00f1a, quien no est\u00e1 con la dignidad y el libre desarrollo personal, no es constitucionalista.<\/p>\r\n<p style=\"text-align: justify;\">En Europa, quien no est\u00e1 con el respeto de los derechos fundamentales inherentes a cada una de las personas, no es dem\u00f3crata.<\/p>\r\n<p style=\"text-align: justify;\">Feliz 28 de junio de 2022.<\/p>\r\n<p style=\"text-align: justify;\">Feliz cada uno de nuestros d\u00edas.<\/p>\r\n&nbsp;\r\n<p style=\"text-align: justify;\"><a href=\"#_ftnref1\" name=\"_ftn1\">[1]<\/a>https:\/\/www.europarl.europa.eu\/doceo\/document\/TA-9-2021-0089_ES.html.<\/p>\r\n<p style=\"text-align: justify;\"><a href=\"#_ftnref2\" name=\"_ftn2\">[2]<\/a>Communication From The Commission To The European Parliament, The Council, The European Economic And Social Committee And The Committee Of The Regions. Union of Equality: LGBTIQ Equality Strategy 2020-2025.<\/p>","protected":false},"excerpt":{"rendered":"<p>Declaraci\u00f3n de la Defensor\u00eda de la Comunidad Universitaria de la Universidad de Le\u00f3n con motivo de la conmemoraci\u00f3n del 28 de junio A principios de septiembre de 1977, los ponentes de la Constituci\u00f3n espa\u00f1ola hab\u00edan dado forma pr\u00e1cticamente definitiva a un art\u00edculo sobre el que se asentar\u00eda toda la estructura del sistema democr\u00e1tico; era el [&hellip;]<\/p>\n","protected":false},"author":757,"featured_media":0,"parent":0,"menu_order":0,"comment_status":"closed","ping_status":"closed","template":"","meta":{"footnotes":""},"class_list":["post-449","page","type-page","status-publish","hentry"],"_links":{"self":[{"href":"https:\/\/servicios.unileon.es\/defensor\/wp-json\/wp\/v2\/pages\/449","targetHints":{"allow":["GET"]}}],"collection":[{"href":"https:\/\/servicios.unileon.es\/defensor\/wp-json\/wp\/v2\/pages"}],"about":[{"href":"https:\/\/servicios.unileon.es\/defensor\/wp-json\/wp\/v2\/types\/page"}],"author":[{"embeddable":true,"href":"https:\/\/servicios.unileon.es\/defensor\/wp-json\/wp\/v2\/users\/757"}],"replies":[{"embeddable":true,"href":"https:\/\/servicios.unileon.es\/defensor\/wp-json\/wp\/v2\/comments?post=449"}],"version-history":[{"count":4,"href":"https:\/\/servicios.unileon.es\/defensor\/wp-json\/wp\/v2\/pages\/449\/revisions"}],"predecessor-version":[{"id":452,"href":"https:\/\/servicios.unileon.es\/defensor\/wp-json\/wp\/v2\/pages\/449\/revisions\/452"}],"wp:attachment":[{"href":"https:\/\/servicios.unileon.es\/defensor\/wp-json\/wp\/v2\/media?parent=449"}],"curies":[{"name":"wp","href":"https:\/\/api.w.org\/{rel}","templated":true}]}}

28/6/2022 &#8211; Declaración de la Defensoría de la Comunidad Universitaria

<p style="text-align: center;"><strong><img loading="lazy" decoding="async" class="aligncenter wp-image-453" src="https://servicios.unileon.es/defensor/files/2022/06/Bandera-en-la-ventana.jpg" alt="" width="144" height="174" /></strong></p>
<p style="text-align: center;"><strong>Declaración de la Defensoría de la Comunidad Universitaria de la Universidad de León con motivo de la conmemoración del 28 de junio</strong></p>
<p style="text-align: justify;">A principios de septiembre de 1977, los ponentes de la Constitución española habían dado forma prácticamente definitiva a un artículo sobre el que se asentaría toda la estructura del sistema democrático; era el artículo 16 y en sus tres apartados decía:</p>
<p style="text-align: justify;"><em>1) Se reconoce la dignidad intangible de la persona humana.</em></p>
<p style="text-align: justify;"><em>2) Los derechos inviolables de la persona son fundamento del orden político y de la paz social.</em></p>
<p style="text-align: justify;"><em>3) El reconocimiento, respeto y protección de estos derechos informará la legislación positiva, la práctica judicial y toda la acción de los poderes públicos</em></p>
<p style="text-align: justify;">Todas las constituciones europeas posteriores a la II Guerra Mundial -o a las dictaduras fascistas que pervivieron hasta el último tercio del siglo XX- contienen un disposición que se expresa en términos similares a esos; esto es, a los que finalmente adoptó el artículo 13 del borrador de la Constitución y, a la postre, el artículo 10.1 de la Constitución vigente:</p>
<p style="text-align: justify;"><em>“La dignidad de la persona, los derechos inviolables que le son inherentes, el libre desarrollo de la personalidad, el respeto a la ley y a los derechos de los demás son fundamento del orden político y de la paz social.”</em></p>
<p style="text-align: justify;">En España, como en Europa, la diferencia entre quien “es constitucionalista” y quien “no es constitucionalista” radica en su adhesión y compromiso para con lo afirmado en esas pocas frases.</p>
<p style="text-align: justify;">Es coherente, por ello, que la Federación Española de Municipios y Provincias en su declaración institucional de 2022 recuerde que:</p>
<p style="text-align: justify;">“<em>Los seres humanos nacen libres e iguales en dignidad y derechos sin distinción alguna. Debemos trabajar por un mundo de absoluta tolerancia, libertad e igualdad. Desde las instituciones debemos asegurar la igualdad efectiva de todas las personas LGTBI y sus familias, como elemento esencial de una buena convivencia para el progreso y el desarrollo social</em>”</p>
<p style="text-align: justify;">Es lógico que el Parlamento Europeo se pronunciara de manera rotunda el 11 de marzo de 2021 para declarar la UE “<em>zona de libertad para las personas LGBTIQ</em>”<a href="#_ftn1" name="_ftnref1">[1]</a> por cuanto:</p>
<p style="text-align: justify;">“<em>Las personas LGBTIQ en toda la Unión Europea deben disfrutar de la libertad de vivir y mostrar públicamente su orientación sexual, identidad de género, expresión de género y características sexuales sin temor a la intolerancia, la discriminación o la persecución por esos motivos (…) y las autoridades de todos los niveles de gobernanza en toda la Unión Europea deben proteger y promover la igualdad y los derechos fundamentales de todas las personas, incluidas las personas LGBTIQ, y garantizar plenamente sus derechos</em>”.</p>
<p style="text-align: justify;">Es apropiado, sin duda, que la Presidenta de la Comisión Europea, la demócrata cristiana Von del Leyen, haya conseguido dotar a la Unión de la <em>Estrategia para la igualdad LGBTIQ 2020-2025</em>, extenso y detallado documento determinado por una idea central:</p>
<p style="text-align: justify;">“<em>En la Unión Europea, cada persona ha de tener seguridad y libertad para ser ella misma. Nuestra fuerza social, política y económica, procede de nuestra unidad en torno a la diversidad. Igualdad y no discriminación son valores esenciales y derechos fundamentales de la Unión, consagrados en los Tratados y en la Carta de Derechos Fundamentales. La Comisión, el Parlamento y el Consejo, así como los Estados miembros, comparten la responsabilidad de proteger los derechos fundamentales y asegurar la igualdad de todas las personas</em>”<a href="#_ftn2" name="_ftnref2">[2]</a></p>
<p style="text-align: justify;">En España, quien no está con la dignidad y el libre desarrollo personal, no es constitucionalista.</p>
<p style="text-align: justify;">En Europa, quien no está con el respeto de los derechos fundamentales inherentes a cada una de las personas, no es demócrata.</p>
<p style="text-align: justify;">Feliz 28 de junio de 2022.</p>
<p style="text-align: justify;">Feliz cada uno de nuestros días.</p>
&nbsp;
<p style="text-align: justify;"><a href="#_ftnref1" name="_ftn1">[1]</a>https://www.europarl.europa.eu/doceo/document/TA-9-2021-0089_ES.html.</p>
<p style="text-align: justify;"><a href="#_ftnref2" name="_ftn2">[2]</a>Communication From The Commission To The European Parliament, The Council, The European Economic And Social Committee And The Committee Of The Regions. Union of Equality: LGBTIQ Equality Strategy 2020-2025.</p>

<p>Declaración de la Defensoría de la Comunidad Universitaria de la Universidad de León con motivo de la conmemoración del 28 de junio A principios de septiembre de 1977, los ponentes de la Constitución española habían dado forma prácticamente definitiva a un artículo sobre el que se asentaría toda la estructura del sistema democrático; era el [&hellip;]</p>
