{"id":436,"date":"2021-12-14T12:12:36","date_gmt":"2021-12-14T12:12:36","guid":{"rendered":"https:\/\/servicios.unileon.es\/defensor\/?page_id=436"},"modified":"2025-02-20T12:28:04","modified_gmt":"2025-02-20T12:28:04","slug":"memoria-defensor-c-universitaria","status":"publish","type":"page","link":"https:\/\/servicios.unileon.es\/defensor\/memoria-defensor-c-universitaria\/","title":{"rendered":"Memorias Defensor\u00eda C. Universitaria"},"content":{"rendered":"<p style=\"text-align: justify;\"><span id=\"page60R_mcid31\" class=\"markedContent\"><span dir=\"ltr\" role=\"presentation\">Seg\u00fan dispone el art. 214.3 del Estatuto de la Universidad de Le\u00f3n, el Defensor de la Comunidad Universitaria presentar\u00e1 <\/span><span dir=\"ltr\" role=\"presentation\">al Claustro Universitario, anualmente, un informe de las actuaciones que ha llevado a cabo durante el correspondiente <\/span><span dir=\"ltr\" role=\"presentation\">periodo de desempe\u00f1o de su cargo (en id\u00e9nticos t\u00e9rminos se expresa el art. 17 del Reglamento de la Defensor\u00eda de la <\/span><span dir=\"ltr\" role=\"presentation\">Comunidad Universitaria, aprobado por acuerdo del Claustro de 12\/12\/2019).<\/span><\/span><\/p>\r\n\r\n<ul class=\"big\">\r\n    <li><a href=\"https:\/\/servicios.unileon.es\/defensor\/files\/2025\/02\/memoria_defensoria_ule2024.pdf\" target=\"_blank\" rel=\"noopener\"><strong>Presentaci\u00f3n Memoria Defensor\u00eda C.Universitaria 2024<\/strong><\/a><\/li>\r\n    <li><a href=\"https:\/\/servicios.unileon.es\/defensor\/files\/2021\/12\/Presentacion-Memoria-Defensoria-C.Universitaria-2020-21.pdf\" target=\"_blank\" rel=\"noopener\">Presentaci\u00f3n Memoria Defensor\u00eda C.Universitaria 2021<\/a><\/li>\r\n<\/ul>","protected":false},"excerpt":{"rendered":"<p>Seg\u00fan dispone el art. 214.3 del Estatuto de la Universidad de Le\u00f3n, el Defensor de la Comunidad Universitaria presentar\u00e1 al Claustro Universitario, anualmente, un informe de las actuaciones que ha llevado a cabo durante el correspondiente periodo de desempe\u00f1o de su cargo (en id\u00e9nticos t\u00e9rminos se expresa el art. 17 del Reglamento de la Defensor\u00eda [&hellip;]<\/p>\n","protected":false},"author":757,"featured_media":0,"parent":0,"menu_order":0,"comment_status":"closed","ping_status":"closed","template":"","meta":{"footnotes":""},"class_list":["post-436","page","type-page","status-publish","hentry"],"_links":{"self":[{"href":"https:\/\/servicios.unileon.es\/defensor\/wp-json\/wp\/v2\/pages\/436","targetHints":{"allow":["GET"]}}],"collection":[{"href":"https:\/\/servicios.unileon.es\/defensor\/wp-json\/wp\/v2\/pages"}],"about":[{"href":"https:\/\/servicios.unileon.es\/defensor\/wp-json\/wp\/v2\/types\/page"}],"author":[{"embeddable":true,"href":"https:\/\/servicios.unileon.es\/defensor\/wp-json\/wp\/v2\/users\/757"}],"replies":[{"embeddable":true,"href":"https:\/\/servicios.unileon.es\/defensor\/wp-json\/wp\/v2\/comments?post=436"}],"version-history":[{"count":8,"href":"https:\/\/servicios.unileon.es\/defensor\/wp-json\/wp\/v2\/pages\/436\/revisions"}],"predecessor-version":[{"id":563,"href":"https:\/\/servicios.unileon.es\/defensor\/wp-json\/wp\/v2\/pages\/436\/revisions\/563"}],"wp:attachment":[{"href":"https:\/\/servicios.unileon.es\/defensor\/wp-json\/wp\/v2\/media?parent=436"}],"curies":[{"name":"wp","href":"https:\/\/api.w.org\/{rel}","templated":true}]}}