{"id":10,"date":"2016-02-11T10:12:00","date_gmt":"2016-02-11T10:12:00","guid":{"rendered":"http:\/\/servicios.unileon.es\/defensor\/?page_id=10"},"modified":"2024-07-03T09:53:01","modified_gmt":"2024-07-03T09:53:01","slug":"presentacion","status":"publish","type":"page","link":"https:\/\/servicios.unileon.es\/defensor\/","title":{"rendered":"Presentaci\u00f3n"},"content":{"rendered":"<p style=\"text-align: justify;\">La persona titular de la Defensor\u00eda est\u00e1 comisionada por el Claustro para velar por la calidad de la Universidad y por el respeto a los derechos y las libertades de los estudiantes, personal de administraci\u00f3n y servicios y profesores.<\/p>\r\n<p style=\"text-align: justify;\">Sus actuaciones vendr\u00e1n regidas por los principios de independencia y autonom\u00eda.<\/p>\r\n<p style=\"text-align: justify;\">Los art\u00edculos 212 a 214 de los Estatutos de la Universidad y el Reglamento de la Defensor\u00eda, aprobado por unanimidad en sesi\u00f3n del Claustro Universitario de 12 de diciembre de 2019 (BOCyL 16 de enero de 2020), regulan sus funciones y procedimientos de actuaci\u00f3n.<\/p>\r\n<p style=\"text-align: justify;\">Es elegida por un periodo de dos a\u00f1os, renovables por otro periodo sucesivo.<\/p>\r\n<p style=\"text-align: justify;\">Para la consecuci\u00f3n de sus fines, integra en su actuaci\u00f3n a representantes de la Comunidad Universitaria, impulsa cambios normativos, atiende quejas y promueve mediaciones; participa en \u00f3rganos y comisiones de la ULe o colabora con el Procurador del Com\u00fan.<\/p>\r\n<p style=\"text-align: justify;\">Asimismo, organiza actividades como el Ciclo de Jornadas Abiertas sobre G\u00e9nero, Diversidad Sexual y Derecho (junto a la Unidad de Igualdad) o impulsa campa\u00f1as contra la violencia de g\u00e9nero, el bullying o en favor de la accesibilidad o la igualdad de colectivos LGTBIQ+.<\/p>\r\n<p style=\"text-align: justify;\">Honra a la Universidad de Le\u00f3n haber sido la primera de entre las espa\u00f1olas en contar con esta figura (desde febrero de 1987). Es socia fundadora de la Red Iberoamericana de Defensor\u00edas (RidDU) y ha auspiciado, en junio de 2019, el XV Encuentro de Defensor\u00edas Europeas (ENOHE&#8217;s Conference\/Assembly).<\/p>\r\nHan desempe\u00f1ado este cargo:\r\n<ul>\r\n \t<li>Juan M\u00aa Garc\u00eda Campal.<\/li>\r\n \t<li>Jos\u00e9 C. Pena \u00c1lvarez.<\/li>\r\n \t<li>Santiago Asenjo Rodr\u00edguez.<\/li>\r\n \t<li>D\u00f1a. Cristina Santos Lobato.<\/li>\r\n \t<li>D\u00f1a. Alicia Ester Serantes G\u00f3mez.<\/li>\r\n \t<li>Pablo Guti\u00e9rrez Rodr\u00edguez.<\/li>\r\n \t<li>D\u00f1a. Mar\u00eda Giganto Pastor.<\/li>\r\n \t<li>D\u00f1a. Marta Elena Alonso de la Varga.<\/li>\r\n \t<li>D. Paulino C\u00e9sar Pardo Prieto.<\/li>\r\n \t<li>Y en la actualidad: D\u00f1a. Marta Zubiaur Gonz\u00e1lez.<\/li>\r\n<\/ul>","protected":false},"excerpt":{"rendered":"<p>La persona titular de la Defensor\u00eda est\u00e1 comisionada por el Claustro para velar por la calidad de la Universidad y por el respeto a los derechos y las libertades de los estudiantes, personal de administraci\u00f3n y servicios y profesores. Sus actuaciones vendr\u00e1n regidas por los principios de independencia y autonom\u00eda. Los art\u00edculos 212 a 214 [&hellip;]<\/p>\n","protected":false},"author":344,"featured_media":0,"parent":0,"menu_order":0,"comment_status":"closed","ping_status":"closed","template":"","meta":{"footnotes":""},"class_list":["post-10","page","type-page","status-publish","hentry"],"_links":{"self":[{"href":"https:\/\/servicios.unileon.es\/defensor\/wp-json\/wp\/v2\/pages\/10","targetHints":{"allow":["GET"]}}],"collection":[{"href":"https:\/\/servicios.unileon.es\/defensor\/wp-json\/wp\/v2\/pages"}],"about":[{"href":"https:\/\/servicios.unileon.es\/defensor\/wp-json\/wp\/v2\/types\/page"}],"author":[{"embeddable":true,"href":"https:\/\/servicios.unileon.es\/defensor\/wp-json\/wp\/v2\/users\/344"}],"replies":[{"embeddable":true,"href":"https:\/\/servicios.unileon.es\/defensor\/wp-json\/wp\/v2\/comments?post=10"}],"version-history":[{"count":9,"href":"https:\/\/servicios.unileon.es\/defensor\/wp-json\/wp\/v2\/pages\/10\/revisions"}],"predecessor-version":[{"id":511,"href":"https:\/\/servicios.unileon.es\/defensor\/wp-json\/wp\/v2\/pages\/10\/revisions\/511"}],"wp:attachment":[{"href":"https:\/\/servicios.unileon.es\/defensor\/wp-json\/wp\/v2\/media?parent=10"}],"curies":[{"name":"wp","href":"https:\/\/api.w.org\/{rel}","templated":true}]}}

Presentación

<p style="text-align: justify;">La persona titular de la Defensoría está comisionada por el Claustro para velar por la calidad de la Universidad y por el respeto a los derechos y las libertades de los estudiantes, personal de administración y servicios y profesores.</p>
<p style="text-align: justify;">Sus actuaciones vendrán regidas por los principios de independencia y autonomía.</p>
<p style="text-align: justify;">Los artículos 212 a 214 de los Estatutos de la Universidad y el Reglamento de la Defensoría, aprobado por unanimidad en sesión del Claustro Universitario de 12 de diciembre de 2019 (BOCyL 16 de enero de 2020), regulan sus funciones y procedimientos de actuación.</p>
<p style="text-align: justify;">Es elegida por un periodo de dos años, renovables por otro periodo sucesivo.</p>
<p style="text-align: justify;">Para la consecución de sus fines, integra en su actuación a representantes de la Comunidad Universitaria, impulsa cambios normativos, atiende quejas y promueve mediaciones; participa en órganos y comisiones de la ULe o colabora con el Procurador del Común.</p>
<p style="text-align: justify;">Asimismo, organiza actividades como el Ciclo de Jornadas Abiertas sobre Género, Diversidad Sexual y Derecho (junto a la Unidad de Igualdad) o impulsa campañas contra la violencia de género, el bullying o en favor de la accesibilidad o la igualdad de colectivos LGTBIQ+.</p>
<p style="text-align: justify;">Honra a la Universidad de León haber sido la primera de entre las españolas en contar con esta figura (desde febrero de 1987). Es socia fundadora de la Red Iberoamericana de Defensorías (RidDU) y ha auspiciado, en junio de 2019, el XV Encuentro de Defensorías Europeas (ENOHE&#8217;s Conference/Assembly).</p>
Han desempeñado este cargo:
<ul>
 	<li>Juan Mª García Campal.</li>
 	<li>José C. Pena Álvarez.</li>
 	<li>Santiago Asenjo Rodríguez.</li>
 	<li>Dña. Cristina Santos Lobato.</li>
 	<li>Dña. Alicia Ester Serantes Gómez.</li>
 	<li>Pablo Gutiérrez Rodríguez.</li>
 	<li>Dña. María Giganto Pastor.</li>
 	<li>Dña. Marta Elena Alonso de la Varga.</li>
 	<li>D. Paulino César Pardo Prieto.</li>
 	<li>Y en la actualidad: Dña. Marta Zubiaur González.</li>
</ul>

<p>La persona titular de la Defensoría está comisionada por el Claustro para velar por la calidad de la Universidad y por el respeto a los derechos y las libertades de los estudiantes, personal de administración y servicios y profesores. Sus actuaciones vendrán regidas por los principios de independencia y autonomía. Los artículos 212 a 214 [&hellip;]</p>
