{"id":30,"date":"2010-11-12T10:50:41","date_gmt":"2010-11-12T10:50:41","guid":{"rendered":"http:\/\/servicios.unileon.es\/czule\/"},"modified":"2010-11-12T10:50:41","modified_gmt":"2010-11-12T10:50:41","slug":"proyectos-en-ejecucion","status":"publish","type":"page","link":"https:\/\/servicios.unileon.es\/czule\/proyectos-en-ejecucion\/","title":{"rendered":"Proyectos en Ejecuci\u00f3n"},"content":{"rendered":"<ul>\n<li>Inventario de las colecciones zool\u00f3gicas de la Universidad de Le\u00f3n.<\/li>\n<li>Informatizaci\u00f3n de las colecciones depositadas en las instalaciones de CZULE.<\/li>\n<li>Convenio con la Fundaci\u00f3n Dr. Romero Nieto para la catalogaci\u00f3n y mejora de la gesti\u00f3n de los fondos del Museo de la Fauna Salvaje.<\/li>\n<li>Convenio con \u00abGesti\u00f3n de Equipamientos Acuariol\u00f3gicos Gij\u00f3n S.L.\u00bb para el intercambio de ejemplares, pr\u00e1cticas de alumnos y titulados y la realizaci\u00f3n de cursos de inter\u00e9s com\u00fan.<\/li>\n<\/ul>\n","protected":false},"excerpt":{"rendered":"<p>Inventario de las colecciones zool\u00f3gicas de la Universidad de Le\u00f3n. Informatizaci\u00f3n de las colecciones depositadas en las instalaciones de CZULE. Convenio con la Fundaci\u00f3n Dr. Romero Nieto para la catalogaci\u00f3n y mejora de la gesti\u00f3n de los fondos del Museo &hellip; <a href=\"https:\/\/servicios.unileon.es\/czule\/proyectos-en-ejecucion\/\">Sigue leyendo <span class=\"meta-nav\">&rarr;<\/span><\/a><\/p>\n","protected":false},"author":1,"featured_media":0,"parent":0,"menu_order":0,"comment_status":"closed","ping_status":"open","template":"","meta":{"footnotes":""},"class_list":["post-30","page","type-page","status-publish","hentry"],"_links":{"self":[{"href":"https:\/\/servicios.unileon.es\/czule\/wp-json\/wp\/v2\/pages\/30","targetHints":{"allow":["GET"]}}],"collection":[{"href":"https:\/\/servicios.unileon.es\/czule\/wp-json\/wp\/v2\/pages"}],"about":[{"href":"https:\/\/servicios.unileon.es\/czule\/wp-json\/wp\/v2\/types\/page"}],"author":[{"embeddable":true,"href":"https:\/\/servicios.unileon.es\/czule\/wp-json\/wp\/v2\/users\/1"}],"replies":[{"embeddable":true,"href":"https:\/\/servicios.unileon.es\/czule\/wp-json\/wp\/v2\/comments?post=30"}],"version-history":[{"count":1,"href":"https:\/\/servicios.unileon.es\/czule\/wp-json\/wp\/v2\/pages\/30\/revisions"}],"predecessor-version":[{"id":31,"href":"https:\/\/servicios.unileon.es\/czule\/wp-json\/wp\/v2\/pages\/30\/revisions\/31"}],"wp:attachment":[{"href":"https:\/\/servicios.unileon.es\/czule\/wp-json\/wp\/v2\/media?parent=30"}],"curies":[{"name":"wp","href":"https:\/\/api.w.org\/{rel}","templated":true}]}}