{"id":28,"date":"2011-06-08T12:35:29","date_gmt":"2011-06-08T12:35:29","guid":{"rendered":"http:\/\/servicios.unileon.es\/cartografia\/?page_id=28"},"modified":"2021-02-08T08:25:38","modified_gmt":"2021-02-08T08:25:38","slug":"servicios","status":"publish","type":"page","link":"https:\/\/servicios.unileon.es\/cartografia\/servicios\/","title":{"rendered":"Servicios"},"content":{"rendered":"<p>El Servicio de Cartograf\u00eda ofrece los siguientes servicios, que pueden ser solicitados de acuerdo con las <strong><a href=\"\/cartografia\/normas-de-uso-del-servicio\/\">Normas de uso del Servicio<\/a><\/strong>:<\/p>\n<h2>Servicios a usuarios de la Universidad de Le\u00f3n<\/h2>\n<ul>\n<li><strong>Apoyo a proyectos de investigaci\u00f3n<\/strong> (investigadores, grupos de investigaci\u00f3n, alumnos de grado y postgrado de la Universidad de Le\u00f3n) que requieran asesoramiento en tecnolog\u00eda cartogr\u00e1fica, Sistemas de Informaci\u00f3n Geogr\u00e1fica y Teledetecci\u00f3n.<\/li>\n<li><strong>Apoyo a la docencia en tecnolog\u00eda cartogr\u00e1fica<\/strong>, Sistemas de Informaci\u00f3n Geogr\u00e1fica y Teledetecci\u00f3n en la Universidad de Le\u00f3n:\n<ul>\n<li>Dise\u00f1o e impartici\u00f3n de cursos sobre Cartograf\u00eda, SIG y Teledetecci\u00f3n para personal docente e investigador de la Universidad de Le\u00f3n.<\/li>\n<li>Puesta a disposici\u00f3n de los docentes, PAS y alumnos del equipamiento espec\u00edfico (hardware y software) necesario para la impartici\u00f3n de pr\u00e1cticas de Cartograf\u00eda, SIG y Teledetecci\u00f3n.<\/li>\n<li>Apoyo a alumnos en desarrollo de proyectos de Fin de Grado (TFG) y Fin de Master (TFM).<\/li>\n<\/ul>\n<\/li>\n<li><strong>Distribuci\u00f3n datos georreferenciados de la Comunidad Aut\u00f3noma de Castilla y Le\u00f3n <\/strong>(cartograf\u00eda vectorial, modelos digitales del terreno, ortofotograf\u00edas, fotogramas, etc\u00e9tera).<\/li>\n<li>Impresiones en gran formato.<\/li>\n<li>Escaneados en gran formato.<\/li>\n<\/ul>\n<h2>Servicios a usuarios externos (instituciones, empresas, particulares)<\/h2>\n<p>La oferta de servicios est\u00e1 disponible para usuarios externos mediante la firma de convenios o contratos.<\/p>\n<p>El Servicio de Cartograf\u00eda est\u00e1 especializado en la producci\u00f3n de <strong>cartograf\u00eda de alta calidad<\/strong>, a todas las escalas para:<\/p>\n<ul>\n<li>Gu\u00edas Tur\u00edsticas, Gu\u00edas de Rutas y publicaciones en general.<\/li>\n<li>Equipamiento de Centros de Interpretaci\u00f3n.<\/li>\n<li>Mapas Municipales, Comarcales, etc.<\/li>\n<li>Callejeros.<\/li>\n<li>Cartograf\u00eda para inserci\u00f3n en p\u00e1ginas web.<\/li>\n<\/ul>\n<p>El personal del Servicio de Cartograf\u00eda es especialista en:<\/p>\n<ul>\n<li>Realizaci\u00f3n de <strong>cartograf\u00eda tem\u00e1tica<\/strong> sobre variables ambientales y socioecon\u00f3micas.<\/li>\n<li>Asesoramiento y realizaci\u00f3n de proyectos con metodolog\u00eda de Sistemas de Informaci\u00f3n Geogr\u00e1fica.<\/li>\n<\/ul>\n","protected":false},"excerpt":{"rendered":"<p>El Servicio de Cartograf\u00eda ofrece los siguientes servicios, que pueden ser solicitados de acuerdo con las Normas de uso del Servicio: Servicios a usuarios de la Universidad de Le\u00f3n Apoyo a proyectos de investigaci\u00f3n (investigadores, grupos de investigaci\u00f3n, alumnos de &hellip; <a href=\"https:\/\/servicios.unileon.es\/cartografia\/servicios\/\">Sigue leyendo <span class=\"meta-nav\">&rarr;<\/span><\/a><\/p>\n","protected":false},"author":1,"featured_media":0,"parent":0,"menu_order":0,"comment_status":"closed","ping_status":"open","template":"","meta":{"footnotes":""},"class_list":["post-28","page","type-page","status-publish","hentry"],"_links":{"self":[{"href":"https:\/\/servicios.unileon.es\/cartografia\/wp-json\/wp\/v2\/pages\/28","targetHints":{"allow":["GET"]}}],"collection":[{"href":"https:\/\/servicios.unileon.es\/cartografia\/wp-json\/wp\/v2\/pages"}],"about":[{"href":"https:\/\/servicios.unileon.es\/cartografia\/wp-json\/wp\/v2\/types\/page"}],"author":[{"embeddable":true,"href":"https:\/\/servicios.unileon.es\/cartografia\/wp-json\/wp\/v2\/users\/1"}],"replies":[{"embeddable":true,"href":"https:\/\/servicios.unileon.es\/cartografia\/wp-json\/wp\/v2\/comments?post=28"}],"version-history":[{"count":14,"href":"https:\/\/servicios.unileon.es\/cartografia\/wp-json\/wp\/v2\/pages\/28\/revisions"}],"predecessor-version":[{"id":200,"href":"https:\/\/servicios.unileon.es\/cartografia\/wp-json\/wp\/v2\/pages\/28\/revisions\/200"}],"wp:attachment":[{"href":"https:\/\/servicios.unileon.es\/cartografia\/wp-json\/wp\/v2\/media?parent=28"}],"curies":[{"name":"wp","href":"https:\/\/api.w.org\/{rel}","templated":true}]}}