{"id":25,"date":"2011-06-08T12:34:21","date_gmt":"2011-06-08T12:34:21","guid":{"rendered":"http:\/\/servicios.unileon.es\/cartografia\/?page_id=25"},"modified":"2013-04-23T22:20:33","modified_gmt":"2013-04-23T22:20:33","slug":"normas-de-uso-del-servicio","status":"publish","type":"page","link":"https:\/\/servicios.unileon.es\/cartografia\/normas-de-uso-del-servicio\/","title":{"rendered":"Normas de uso del Servicio"},"content":{"rendered":"<p>Podr\u00e1n solicitar una prestaci\u00f3n de servicio, los profesores, investigadores y personal en formaci\u00f3n de la Universidad de Le\u00f3n, as\u00ed como los profesionales de cualquier Organismos o Entidad p\u00fablica o privada, que as\u00ed lo soliciten.<\/p>\n<ul>\n<li>La solicitud de una prestaci\u00f3n de servicio ordinario se har\u00e1 al personal adscrito al Servicio de Cartograf\u00eda.<\/li>\n<li>La solicitud de una prestaci\u00f3n de servicios que por su complejidad (volumen, discontinuidad temporal, etc.) demanden un tratamiento singularizado o la firma de convenios o contratos se har\u00e1 a la Secretaria de \u00c1rea.<\/li>\n<li>Las solicitudes de uso del Aula SIG se dirigir\u00e1n a la Secretaria de \u00c1rea.<\/li>\n<\/ul>\n<p>En todo caso, las solicitudes se acomodar\u00e1n a lo establecido en el <a href=\"http:\/\/www.unileon.es\/modelos\/archivo\/norregint\/20010930122702ServiciodeCartografia.rtf\"><strong>Reglamento del Servicio de Cartograf\u00eda<\/strong><\/a>.<\/p>\n<p>A efectos de gesti\u00f3n del coste de los servicios prestados (si lo hubiere), el usario deber\u00e1 cubrir y depositar en el Servicio el ejemplar de <strong>Solicitud de Servicios<\/strong> disponible en la p\u00e1gina web de la ULE (SEGI, impreso 63).<\/p>\n<p>En su momento, el usuario recibir\u00e1 factura correspondiente a los servicios prestados a efectos de satisfacer su importe por los cauces establecidos. El coste del servicio prestado se calcular\u00e1 de acuerdo al <strong><a href=\"\/cartografia\/tarifas\/\">listado de tarifas<\/a><\/strong> de la anualidad correspondiente especificado en el Presupuesto General de la Universidad de Le\u00f3n.<\/p>\n","protected":false},"excerpt":{"rendered":"<p>Podr\u00e1n solicitar una prestaci\u00f3n de servicio, los profesores, investigadores y personal en formaci\u00f3n de la Universidad de Le\u00f3n, as\u00ed como los profesionales de cualquier Organismos o Entidad p\u00fablica o privada, que as\u00ed lo soliciten. La solicitud de una prestaci\u00f3n de &hellip; <a href=\"https:\/\/servicios.unileon.es\/cartografia\/normas-de-uso-del-servicio\/\">Sigue leyendo <span class=\"meta-nav\">&rarr;<\/span><\/a><\/p>\n","protected":false},"author":1,"featured_media":0,"parent":0,"menu_order":0,"comment_status":"closed","ping_status":"open","template":"","meta":{"footnotes":""},"class_list":["post-25","page","type-page","status-publish","hentry"],"_links":{"self":[{"href":"https:\/\/servicios.unileon.es\/cartografia\/wp-json\/wp\/v2\/pages\/25","targetHints":{"allow":["GET"]}}],"collection":[{"href":"https:\/\/servicios.unileon.es\/cartografia\/wp-json\/wp\/v2\/pages"}],"about":[{"href":"https:\/\/servicios.unileon.es\/cartografia\/wp-json\/wp\/v2\/types\/page"}],"author":[{"embeddable":true,"href":"https:\/\/servicios.unileon.es\/cartografia\/wp-json\/wp\/v2\/users\/1"}],"replies":[{"embeddable":true,"href":"https:\/\/servicios.unileon.es\/cartografia\/wp-json\/wp\/v2\/comments?post=25"}],"version-history":[{"count":5,"href":"https:\/\/servicios.unileon.es\/cartografia\/wp-json\/wp\/v2\/pages\/25\/revisions"}],"predecessor-version":[{"id":106,"href":"https:\/\/servicios.unileon.es\/cartografia\/wp-json\/wp\/v2\/pages\/25\/revisions\/106"}],"wp:attachment":[{"href":"https:\/\/servicios.unileon.es\/cartografia\/wp-json\/wp\/v2\/media?parent=25"}],"curies":[{"name":"wp","href":"https:\/\/api.w.org\/{rel}","templated":true}]}}