{"id":29,"date":"2010-11-30T10:34:03","date_gmt":"2010-11-30T10:34:03","guid":{"rendered":"http:\/\/servicios.unileon.es\/accesibilidad-asuntos-sociales\/"},"modified":"2025-12-09T14:16:02","modified_gmt":"2025-12-09T13:16:02","slug":"programa-de-acercamiento-intergeneracional","status":"publish","type":"page","link":"https:\/\/servicios.unileon.es\/area-de-inclusion-igualdad-y-accion-social\/programa-de-acercamiento-intergeneracional\/","title":{"rendered":"Programa de Acercamiento Intergeneracional"},"content":{"rendered":"<p>Este programa social, activo desde 1997, es fruto de la colaboraci\u00f3n entre la Gerencia de Servicios Sociales de Castilla y Le\u00f3n y los Ayuntamientos de Le\u00f3n y Ponferrada. Su objetivo es fomentar las relaciones intergeneracionales, creando lazos de apoyo mutuo entre estudiantes universitarios y personas mayores. A trav\u00e9s de la convivencia y el intercambio de experiencias, el programa promueve la solidaridad y el bienestar social de ambos colectivos.<\/p>\r\n\r\n<ul class=\"big\">\r\n    <li><a href=\"https:\/\/servicios.unileon.es\/area-de-inclusion-igualdad-y-accion-social\/programa-de-acercamiento-intergeneracional\/alojamientos-compartidos\/\">Alojamientos Compartidos<\/a>\r\n        <ul>\r\n            <li><a href=\"https:\/\/servicios.unileon.es\/area-de-inclusion-igualdad-y-accion-social\/programa-de-acercamiento-intergeneracional\/alojamientos-compartidos\/inscripcion-en-el-programa-de-convivencia-en-alojamientos-compartidos\/\">Inscripci\u00f3n en el Programa de Convivencia en Alojamientos Compartidos<\/a><\/li>\r\n        <\/ul>\r\n    <\/li>\r\n    <li><a href=\"https:\/\/servicios.unileon.es\/area-de-inclusion-igualdad-y-accion-social\/files\/2021\/12\/Diptico_Aulas_Intergeneracionales.pdf\">Aulas Intergeneracionales<\/a><\/li>\r\n<\/ul>\r\n\r\n<h2>IFORMACI\u00d3N Y CONTACTO<\/h2>\r\n\r\n<ul>\r\n  <li><strong>Mabel Garc\u00eda Porro<\/strong><\/li>\r\n  <li><strong>T\u00e9cnica del Programa de Acercamiento Intergeneracional<\/strong><\/li>\r\n  <li><strong>Tel\u00e9fono:<\/strong> 987 29 37 18<\/li>\r\n  <li><strong>Correo electr\u00f3nico:<\/strong> <a mailto=\"mgarpo@unileon.es\">mgarpo@unileon.es<\/a><\/li>\r\n<\/ul>\r\n\r\n<!--\r\n\r\n<table class=\"extendida\">\r\n    <tbody>\r\n        <tr>\r\n            <th>&nbsp;<\/th>\r\n            <td><strong>Programa de Acercamiento Intergeneracional<br \/>Vic. de Responsabilidad Social, Cultura y Deporte<\/strong><\/td>\r\n        <\/tr>\r\n        <tr>\r\n            <th>Responsable<\/th>\r\n            <td>Mabel Garc\u00eda Porro<\/td>\r\n        <\/tr>\r\n        <tr>\r\n            <th>Direcci\u00f3n<\/th>\r\n            <td>Campus de Vegazana. Edificio de Administraci\u00f3n y Servicios.<br \/>Despacho 1022<\/td>\r\n        <\/tr>\r\n        <tr>\r\n            <th>Tel\u00e9fono<\/th>\r\n            <td>987 29 37 18<\/td>\r\n        <\/tr>\r\n        <tr>\r\n            <th>Buz\u00f3n electr\u00f3nico<\/th>\r\n            <td><a href=\"mailto:mgarpo@unileon.es\">mgarpo@unileon.es<\/a><\/td>\r\n        <\/tr>\r\n    <\/tbody>\r\n<\/table>\r\n-->","protected":false},"excerpt":{"rendered":"<p>Este programa social, activo desde 1997, es fruto de la colaboraci\u00f3n entre la Gerencia de Servicios Sociales de Castilla y Le\u00f3n y los Ayuntamientos de Le\u00f3n y Ponferrada. Su objetivo es fomentar las relaciones intergeneracionales, creando lazos de apoyo mutuo entre estudiantes universitarios y personas mayores. A trav\u00e9s de la convivencia y el intercambio de [&hellip;]<\/p>\n","protected":false},"author":1,"featured_media":0,"parent":0,"menu_order":0,"comment_status":"closed","ping_status":"open","template":"","meta":{"footnotes":""},"class_list":["post-29","page","type-page","status-publish","hentry"],"_links":{"self":[{"href":"https:\/\/servicios.unileon.es\/area-de-inclusion-igualdad-y-accion-social\/wp-json\/wp\/v2\/pages\/29","targetHints":{"allow":["GET"]}}],"collection":[{"href":"https:\/\/servicios.unileon.es\/area-de-inclusion-igualdad-y-accion-social\/wp-json\/wp\/v2\/pages"}],"about":[{"href":"https:\/\/servicios.unileon.es\/area-de-inclusion-igualdad-y-accion-social\/wp-json\/wp\/v2\/types\/page"}],"author":[{"embeddable":true,"href":"https:\/\/servicios.unileon.es\/area-de-inclusion-igualdad-y-accion-social\/wp-json\/wp\/v2\/users\/1"}],"replies":[{"embeddable":true,"href":"https:\/\/servicios.unileon.es\/area-de-inclusion-igualdad-y-accion-social\/wp-json\/wp\/v2\/comments?post=29"}],"version-history":[{"count":19,"href":"https:\/\/servicios.unileon.es\/area-de-inclusion-igualdad-y-accion-social\/wp-json\/wp\/v2\/pages\/29\/revisions"}],"predecessor-version":[{"id":2119,"href":"https:\/\/servicios.unileon.es\/area-de-inclusion-igualdad-y-accion-social\/wp-json\/wp\/v2\/pages\/29\/revisions\/2119"}],"wp:attachment":[{"href":"https:\/\/servicios.unileon.es\/area-de-inclusion-igualdad-y-accion-social\/wp-json\/wp\/v2\/media?parent=29"}],"curies":[{"name":"wp","href":"https:\/\/api.w.org\/{rel}","templated":true}]}}