{"id":2027,"date":"2025-11-12T13:37:49","date_gmt":"2025-11-12T12:37:49","guid":{"rendered":"https:\/\/servicios.unileon.es\/area-de-inclusion-igualdad-y-accion-social\/?page_id=2027"},"modified":"2025-11-12T14:10:56","modified_gmt":"2025-11-12T13:10:56","slug":"servicio-de-apoyo-a-las-personas-con-discapacidad-o-necesidades-educativas-de-apoyo-especifico","status":"publish","type":"page","link":"https:\/\/servicios.unileon.es\/area-de-inclusion-igualdad-y-accion-social\/unidad-de-igualdad-y-diversidad\/servicio-de-apoyo-a-las-personas-con-discapacidad-o-necesidades-educativas-de-apoyo-especifico\/","title":{"rendered":"Servicio de Apoyo a las personas con Discapacidad o Necesidades Educativas de apoyo Espec\u00edfico"},"content":{"rendered":"<p>Este servicio es el recurso esencial para la inclusi\u00f3n efectiva de estudiantes con discapacidad o necesidades educativas de apoyo espec\u00edfico (NEAE) en la Universidad. Ofrecemos asesoramiento, adaptaciones curriculares y recursos t\u00e9cnicos para garantizar la igualdad de oportunidades y la plena participaci\u00f3n en la vida acad\u00e9mica. Nuestro objetivo es eliminar barreras y asegurar un acceso equitativo a la educaci\u00f3n superior.<\/p>\r\n\r\n<p><a href=\"https:\/\/servicios.unileon.es\/servicio-de-apoyo-a-personas-con-discapacidad-o-necesidades-especificas\/\" target=\"_blank\">Aqu\u00ed puedes ver todos los servicios que se prestan desde el servicio.<\/a><\/p>\r\n","protected":false},"excerpt":{"rendered":"<p>Este servicio es el recurso esencial para la inclusi\u00f3n efectiva de estudiantes con discapacidad o necesidades educativas de apoyo espec\u00edfico (NEAE) en la Universidad. Ofrecemos asesoramiento, adaptaciones curriculares y recursos t\u00e9cnicos para garantizar la igualdad de oportunidades y la plena participaci\u00f3n en la vida acad\u00e9mica. Nuestro objetivo es eliminar barreras y asegurar un acceso equitativo [&hellip;]<\/p>\n","protected":false},"author":378,"featured_media":0,"parent":1093,"menu_order":0,"comment_status":"closed","ping_status":"closed","template":"","meta":{"footnotes":""},"class_list":["post-2027","page","type-page","status-publish","hentry"],"_links":{"self":[{"href":"https:\/\/servicios.unileon.es\/area-de-inclusion-igualdad-y-accion-social\/wp-json\/wp\/v2\/pages\/2027","targetHints":{"allow":["GET"]}}],"collection":[{"href":"https:\/\/servicios.unileon.es\/area-de-inclusion-igualdad-y-accion-social\/wp-json\/wp\/v2\/pages"}],"about":[{"href":"https:\/\/servicios.unileon.es\/area-de-inclusion-igualdad-y-accion-social\/wp-json\/wp\/v2\/types\/page"}],"author":[{"embeddable":true,"href":"https:\/\/servicios.unileon.es\/area-de-inclusion-igualdad-y-accion-social\/wp-json\/wp\/v2\/users\/378"}],"replies":[{"embeddable":true,"href":"https:\/\/servicios.unileon.es\/area-de-inclusion-igualdad-y-accion-social\/wp-json\/wp\/v2\/comments?post=2027"}],"version-history":[{"count":2,"href":"https:\/\/servicios.unileon.es\/area-de-inclusion-igualdad-y-accion-social\/wp-json\/wp\/v2\/pages\/2027\/revisions"}],"predecessor-version":[{"id":2084,"href":"https:\/\/servicios.unileon.es\/area-de-inclusion-igualdad-y-accion-social\/wp-json\/wp\/v2\/pages\/2027\/revisions\/2084"}],"up":[{"embeddable":true,"href":"https:\/\/servicios.unileon.es\/area-de-inclusion-igualdad-y-accion-social\/wp-json\/wp\/v2\/pages\/1093"}],"wp:attachment":[{"href":"https:\/\/servicios.unileon.es\/area-de-inclusion-igualdad-y-accion-social\/wp-json\/wp\/v2\/media?parent=2027"}],"curies":[{"name":"wp","href":"https:\/\/api.w.org\/{rel}","templated":true}]}}