{"id":18,"date":"2025-10-27T08:43:36","date_gmt":"2025-10-27T07:43:36","guid":{"rendered":"https:\/\/servicios.unileon.es\/area-de-apoyo-a-la-acreditacion-del-profesorado\/?page_id=18"},"modified":"2025-12-05T10:23:58","modified_gmt":"2025-12-05T09:23:58","slug":"informacion-de-interes-acreditacion-nacional","status":"publish","type":"page","link":"https:\/\/servicios.unileon.es\/area-de-apoyo-a-la-acreditacion-del-profesorado\/informacion-de-interes-acreditacion-nacional\/","title":{"rendered":"Informaci\u00f3n de Inter\u00e9s (Acreditaci\u00f3n Nacional)"},"content":{"rendered":"<p style=\"text-align: center;\"><a href=\"https:\/\/www.aneca.es\/acreditaciones\"><img loading=\"lazy\" decoding=\"async\" class=\"aligncenter\" src=\"https:\/\/encrypted-tbn0.gstatic.com\/images?q=tbn:ANd9GcROIUvEIrQru8c_swPYi3Dd7rfLyvAalQ07YQ&amp;s\" alt=\"USO DEL LOGO ANECA\" width=\"309\" height=\"196\" \/><\/a><\/p>\r\nLa <strong>Agencia Nacional de Evaluaci\u00f3n de la Calidad y Acreditaci\u00f3n (ANECA)<\/strong> es el organismo estatal encargado de evaluar y acreditar al profesorado universitario en Espa\u00f1a, garantizando que cumple los requisitos de calidad para acceder a plazas docentes e investigadoras.\r\n\r\nA trav\u00e9s de dos aplicaciones distintas, permite la evaluaci\u00f3n y acreditaci\u00f3n a figuras de Personal Contratado y Personal Funcionario:\r\n\r\n<hr \/>\r\n\r\n<table style=\"border-collapse: collapse; width: 100%;\">\r\n<tbody>\r\n<tr>\r\n<td style=\"width: 43.6068%;\"><img loading=\"lazy\" decoding=\"async\" class=\"\" src=\"https:\/\/www.aneca.es\/documents\/20123\/147990\/PEP_Color_RGB.png\/d221149c-40dd-75d1-3b5d-3c09fe58dc32?t=1666948110960\" alt=\"ANECA informa sobre la acreditaci\u00f3n a Profesorado Contratado Doctor y Profesorado de Universidad Privada - Aneca Web\" width=\"295\" height=\"104\" \/><\/td>\r\n<td style=\"width: 56.3932%;\">Evaluaci\u00f3n y acreditaci\u00f3n a: <a href=\"https:\/\/www.aneca.es\/contratado-doctor\">Profesor\/a Contratado\/a Doctor<\/a> y <a href=\"https:\/\/www.aneca.es\/universidad-privada\">Profesor\/a de Universidad Privada<\/a>.<\/td>\r\n<\/tr>\r\n<tr>\r\n<td style=\"width: 43.6068%;\"><img loading=\"lazy\" decoding=\"async\" class=\"\" src=\"https:\/\/www.csif.es\/uploads\/articulo\/imagenPrincipal\/1714464974-academia-color-rgb-1714464960.png\" alt=\"CSIF | Informaci\u00f3n sobre las soluciones ANECA a las incidencias producidas en el cierre de ACADEMIA el 31 de marzo\" width=\"298\" height=\"86\" \/><\/td>\r\n<td style=\"width: 56.3932%;\">Evaluaci\u00f3n y acreditaci\u00f3n a: <a href=\"https:\/\/www.aneca.es\/procedimiento-de-acreditaci%C3%B3n-2024\">Profesor\/a Titular de Universidad<\/a> y <a href=\"https:\/\/www.aneca.es\/procedimiento-de-acreditaci%C3%B3n-2024\">Catedr\u00e1tico\/a de Universidad<\/a>.<\/td>\r\n<\/tr>\r\n<\/tbody>\r\n<\/table>\r\n&nbsp;\r\n<p style=\"text-align: left;\"><strong>Importante:<\/strong> Toda la tramitaci\u00f3n se lleva a cabo a trav\u00e9s de la sede electr\u00f3nica por lo que se requiere acceso mediante <strong>\u00a0certificado digital, Cl@ve M\u00f3vil o Cl@ve Permanente<\/strong><\/p>\r\n&nbsp;","protected":false},"excerpt":{"rendered":"<p>La Agencia Nacional de Evaluaci\u00f3n de la Calidad y Acreditaci\u00f3n (ANECA) es el organismo estatal encargado de evaluar y acreditar al profesorado universitario en Espa\u00f1a, garantizando que cumple los requisitos de calidad para acceder a plazas docentes e investigadoras. A trav\u00e9s de dos aplicaciones distintas, permite la evaluaci\u00f3n y acreditaci\u00f3n a figuras de Personal Contratado [&hellip;]<\/p>\n","protected":false},"author":344,"featured_media":0,"parent":0,"menu_order":0,"comment_status":"closed","ping_status":"closed","template":"","meta":{"footnotes":""},"class_list":["post-18","page","type-page","status-publish","hentry"],"_links":{"self":[{"href":"https:\/\/servicios.unileon.es\/area-de-apoyo-a-la-acreditacion-del-profesorado\/wp-json\/wp\/v2\/pages\/18","targetHints":{"allow":["GET"]}}],"collection":[{"href":"https:\/\/servicios.unileon.es\/area-de-apoyo-a-la-acreditacion-del-profesorado\/wp-json\/wp\/v2\/pages"}],"about":[{"href":"https:\/\/servicios.unileon.es\/area-de-apoyo-a-la-acreditacion-del-profesorado\/wp-json\/wp\/v2\/types\/page"}],"author":[{"embeddable":true,"href":"https:\/\/servicios.unileon.es\/area-de-apoyo-a-la-acreditacion-del-profesorado\/wp-json\/wp\/v2\/users\/344"}],"replies":[{"embeddable":true,"href":"https:\/\/servicios.unileon.es\/area-de-apoyo-a-la-acreditacion-del-profesorado\/wp-json\/wp\/v2\/comments?post=18"}],"version-history":[{"count":16,"href":"https:\/\/servicios.unileon.es\/area-de-apoyo-a-la-acreditacion-del-profesorado\/wp-json\/wp\/v2\/pages\/18\/revisions"}],"predecessor-version":[{"id":101,"href":"https:\/\/servicios.unileon.es\/area-de-apoyo-a-la-acreditacion-del-profesorado\/wp-json\/wp\/v2\/pages\/18\/revisions\/101"}],"wp:attachment":[{"href":"https:\/\/servicios.unileon.es\/area-de-apoyo-a-la-acreditacion-del-profesorado\/wp-json\/wp\/v2\/media?parent=18"}],"curies":[{"name":"wp","href":"https:\/\/api.w.org\/{rel}","templated":true}]}}