{"id":23,"date":"2010-12-21T09:55:38","date_gmt":"2010-12-21T09:55:38","guid":{"rendered":"http:\/\/servicios.unileon.es\/animalario\/"},"modified":"2025-06-09T11:53:44","modified_gmt":"2025-06-09T11:53:44","slug":"solicitar-de-servicio","status":"publish","type":"page","link":"https:\/\/servicios.unileon.es\/animalario\/solicitar-de-servicio\/","title":{"rendered":"Solicitud de servicio"},"content":{"rendered":"<p>La solicitud de servicio se efect\u00faa cumplimentando los formularios establecidos que est\u00e1n a disposici\u00f3n de los posibles usuarios:<\/p>\r\n<ul>\r\n    <li><a href=\"#\">Solicitud general de servicio<\/a> <strong>(pendiente de desarrollar)<\/strong><\/li>\r\n    <li><a href=\"#\">Solicitud de animales<\/a> <strong>(pendiente de desarrollar)<\/strong><\/li>\r\n<\/ul>\r\n\r\n<p>La utilizaci\u00f3n de las instalaciones y los equipos implica que los usuarios asumen unas normas de funcionamiento que figuran en el <a href=\"https:\/\/www.unileon.es\/modelos\/archivo\/norregint\/20252310302996_n_reglamento_servicio_de_investigacion_y_bienestar_animal.pdf\"><strong>Reglamento -><\/strong><\/a><\/p>","protected":false},"excerpt":{"rendered":"<p>La solicitud de servicio se efect\u00faa cumplimentando los formularios establecidos que est\u00e1n a disposici\u00f3n de los posibles usuarios: Solicitud general de servicio (pendiente de desarrollar) Solicitud de animales (pendiente de desarrollar) La utilizaci\u00f3n de las instalaciones y los equipos implica que los usuarios asumen unas normas de funcionamiento que figuran en el Reglamento -><\/p>\n","protected":false},"author":1,"featured_media":0,"parent":0,"menu_order":0,"comment_status":"closed","ping_status":"open","template":"","meta":{"footnotes":""},"class_list":["post-23","page","type-page","status-publish","hentry"],"_links":{"self":[{"href":"https:\/\/servicios.unileon.es\/animalario\/wp-json\/wp\/v2\/pages\/23","targetHints":{"allow":["GET"]}}],"collection":[{"href":"https:\/\/servicios.unileon.es\/animalario\/wp-json\/wp\/v2\/pages"}],"about":[{"href":"https:\/\/servicios.unileon.es\/animalario\/wp-json\/wp\/v2\/types\/page"}],"author":[{"embeddable":true,"href":"https:\/\/servicios.unileon.es\/animalario\/wp-json\/wp\/v2\/users\/1"}],"replies":[{"embeddable":true,"href":"https:\/\/servicios.unileon.es\/animalario\/wp-json\/wp\/v2\/comments?post=23"}],"version-history":[{"count":8,"href":"https:\/\/servicios.unileon.es\/animalario\/wp-json\/wp\/v2\/pages\/23\/revisions"}],"predecessor-version":[{"id":192,"href":"https:\/\/servicios.unileon.es\/animalario\/wp-json\/wp\/v2\/pages\/23\/revisions\/192"}],"wp:attachment":[{"href":"https:\/\/servicios.unileon.es\/animalario\/wp-json\/wp\/v2\/media?parent=23"}],"curies":[{"name":"wp","href":"https:\/\/api.w.org\/{rel}","templated":true}]}}