{"id":173,"date":"2025-06-09T11:37:25","date_gmt":"2025-06-09T11:37:25","guid":{"rendered":"https:\/\/servicios.unileon.es\/animalario\/?page_id=173"},"modified":"2025-06-09T11:37:25","modified_gmt":"2025-06-09T11:37:25","slug":"tarifas","status":"publish","type":"page","link":"https:\/\/servicios.unileon.es\/animalario\/tarifas\/","title":{"rendered":"Tarifas"},"content":{"rendered":"<p>Los usuarios deber\u00e1n abonar obligatoriamente los costes derivados del Servicio. La facturaci\u00f3n a los diferentes  se lleva a cabo de acuerdo con unas tarifas (quitar enlace), que se establecen anualmente, y se tramitan a trav\u00e9s de la unidad correspondiente del Vicerrectorado de Investigaci\u00f3n.<\/p>\r\n<p>Las tarifas de uso del Servicio del Servicio de Investigaci\u00f3n y Bienestar Animal para el a\u00f1o en curso son las siguientes: <a href=\"https:\/\/servicios.unileon.es\/animalario\/files\/2025\/03\/animalario_tarifas2025.pdf\"><strong>Tarifas 2025<\/strong><\/a><\/p>","protected":false},"excerpt":{"rendered":"<p>Los usuarios deber\u00e1n abonar obligatoriamente los costes derivados del Servicio. La facturaci\u00f3n a los diferentes se lleva a cabo de acuerdo con unas tarifas (quitar enlace), que se establecen anualmente, y se tramitan a trav\u00e9s de la unidad correspondiente del Vicerrectorado de Investigaci\u00f3n. Las tarifas de uso del Servicio del Servicio de Investigaci\u00f3n y Bienestar [&hellip;]<\/p>\n","protected":false},"author":344,"featured_media":0,"parent":0,"menu_order":0,"comment_status":"closed","ping_status":"closed","template":"","meta":{"footnotes":""},"class_list":["post-173","page","type-page","status-publish","hentry"],"_links":{"self":[{"href":"https:\/\/servicios.unileon.es\/animalario\/wp-json\/wp\/v2\/pages\/173","targetHints":{"allow":["GET"]}}],"collection":[{"href":"https:\/\/servicios.unileon.es\/animalario\/wp-json\/wp\/v2\/pages"}],"about":[{"href":"https:\/\/servicios.unileon.es\/animalario\/wp-json\/wp\/v2\/types\/page"}],"author":[{"embeddable":true,"href":"https:\/\/servicios.unileon.es\/animalario\/wp-json\/wp\/v2\/users\/344"}],"replies":[{"embeddable":true,"href":"https:\/\/servicios.unileon.es\/animalario\/wp-json\/wp\/v2\/comments?post=173"}],"version-history":[{"count":1,"href":"https:\/\/servicios.unileon.es\/animalario\/wp-json\/wp\/v2\/pages\/173\/revisions"}],"predecessor-version":[{"id":174,"href":"https:\/\/servicios.unileon.es\/animalario\/wp-json\/wp\/v2\/pages\/173\/revisions\/174"}],"wp:attachment":[{"href":"https:\/\/servicios.unileon.es\/animalario\/wp-json\/wp\/v2\/media?parent=173"}],"curies":[{"name":"wp","href":"https:\/\/api.w.org\/{rel}","templated":true}]}}