{"id":147,"date":"2025-06-09T11:11:44","date_gmt":"2025-06-09T11:11:44","guid":{"rendered":"https:\/\/servicios.unileon.es\/animalario\/?page_id=147"},"modified":"2025-06-09T12:17:09","modified_gmt":"2025-06-09T12:17:09","slug":"inicio","status":"publish","type":"page","link":"https:\/\/servicios.unileon.es\/animalario\/","title":{"rendered":"Inicio"},"content":{"rendered":"<p style=\"text-align: left;\"><a href=\"http:\/\/servicios.unileon.es\/animalario\/files\/2025\/06\/animalario_campus-scaled.jpg\"><img decoding=\"async\" src=\"https:\/\/servicios.unileon.es\/animalario\/files\/2025\/06\/animalario_campus-768x576.jpg\" style=\"width: 500px;\" alt=\"Edificio Animalario - Campus\" \/><\/a><br>\r\n<span style=\"font-size: 14px; font-style: italic;\">Edificio Animalario-Campus<\/span><\/p>\r\n<p>&nbsp;<\/p>\r\n<p style=\"text-align: right;\"><a href=\"http:\/\/servicios.unileon.es\/animalario\/files\/2025\/06\/edificio_ncb_serna-scaled.jpg\"><img decoding=\"async\" src=\"https:\/\/servicios.unileon.es\/animalario\/files\/2025\/06\/edificio_ncb_serna-768x497.jpg\" style=\"width: 500px;\" alt=\"Edificio NCB - Serna\" \/><\/a><br>\r\n<span style=\"font-size: 14px; font-style: italic;\">Edificio NCB-La Serna<\/span><\/p>\r\n\r\n<h4><strong>CONTACTO<\/strong><\/h4>\r\n\r\n<table style=\"width: 100%\">\r\n    <tbody>\r\n        <tr>\r\n            <th>Direcci\u00f3n Postal<\/th>\r\n            <td>UNIVERSIDAD DE LE\u00d3N<br \/>Edificio Animalario &#8211; Campus &#8211; C\/Profesor Pedro C\u00e1rmenes s\/n<br \/>Edificio NCB-La Serna &#8211; C\/La Serna, 58<br \/>24071 LE\u00d3N<\/td>\r\n        <\/tr>\r\n        <tr>\r\n            <th>Tel\u00e9fono<\/th>\r\n            <td>987 29 12 32 (Direcci\u00f3n)<br \/>987 29 12 33 (\u00c1rea Animales &#8211; Edificio Animalario Campus)<br \/>987 29 19 15 (\u00c1rea Animales &#8211; Edificio NCB-La Serna)<\/td>\r\n        <\/tr>\r\n        <tr>\r\n            <th>Buz\u00f3n electr\u00f3nico<\/th>\r\n            <td><a href=\"mailto:serani@unileon.es\">serani@unileon.es<\/a><\/td>\r\n        <\/tr>\r\n    <\/tbody>\r\n<\/table>","protected":false},"excerpt":{"rendered":"<p>Edificio Animalario-Campus &nbsp; Edificio NCB-La Serna CONTACTO Direcci\u00f3n Postal UNIVERSIDAD DE LE\u00d3NEdificio Animalario &#8211; Campus &#8211; C\/Profesor Pedro C\u00e1rmenes s\/nEdificio NCB-La Serna &#8211; C\/La Serna, 5824071 LE\u00d3N Tel\u00e9fono 987 29 12 32 (Direcci\u00f3n)987 29 12 33 (\u00c1rea Animales &#8211; Edificio Animalario Campus)987 29 19 15 (\u00c1rea Animales &#8211; Edificio NCB-La Serna) Buz\u00f3n electr\u00f3nico serani@unileon.es<\/p>\n","protected":false},"author":344,"featured_media":0,"parent":0,"menu_order":0,"comment_status":"closed","ping_status":"closed","template":"","meta":{"footnotes":""},"class_list":["post-147","page","type-page","status-publish","hentry"],"_links":{"self":[{"href":"https:\/\/servicios.unileon.es\/animalario\/wp-json\/wp\/v2\/pages\/147","targetHints":{"allow":["GET"]}}],"collection":[{"href":"https:\/\/servicios.unileon.es\/animalario\/wp-json\/wp\/v2\/pages"}],"about":[{"href":"https:\/\/servicios.unileon.es\/animalario\/wp-json\/wp\/v2\/types\/page"}],"author":[{"embeddable":true,"href":"https:\/\/servicios.unileon.es\/animalario\/wp-json\/wp\/v2\/users\/344"}],"replies":[{"embeddable":true,"href":"https:\/\/servicios.unileon.es\/animalario\/wp-json\/wp\/v2\/comments?post=147"}],"version-history":[{"count":15,"href":"https:\/\/servicios.unileon.es\/animalario\/wp-json\/wp\/v2\/pages\/147\/revisions"}],"predecessor-version":[{"id":194,"href":"https:\/\/servicios.unileon.es\/animalario\/wp-json\/wp\/v2\/pages\/147\/revisions\/194"}],"wp:attachment":[{"href":"https:\/\/servicios.unileon.es\/animalario\/wp-json\/wp\/v2\/media?parent=147"}],"curies":[{"name":"wp","href":"https:\/\/api.w.org\/{rel}","templated":true}]}}