{"id":9,"date":"2010-11-11T10:53:58","date_gmt":"2010-11-11T10:53:58","guid":{"rendered":"http:\/\/servicios.unileon.es\/actividad-estudiantil\/"},"modified":"2026-02-18T13:50:31","modified_gmt":"2026-02-18T11:50:31","slug":"asociaciones","status":"publish","type":"page","link":"https:\/\/servicios.unileon.es\/actividad-estudiantil\/asociaciones\/","title":{"rendered":"Asociaciones de Estudiantes Universitarios"},"content":{"rendered":"<style type=\"text\/css\">\r\n    .libros {\r\n        border: 1px solid #ccc;\r\n        background-color: #eee;\r\n        padding: 10px;\r\n        margin-top: 20px;\r\n    }\r\n\r\n    .floatleft {\r\n        float:right;\r\n    }\r\n\r\n    .mlibros {\r\n        padding: 10px;\r\n    }\r\n\r\n    p {\r\n        margin-top: 10px;\r\n    }\r\n\r\n<\/style>\r\n\r\n<div class=\"libros\">\r\n<p class=\"floatleft mlibros\"><a href=\"https:\/\/servicios.unileon.es\/actividad-estudiantil\/files\/2026\/02\/logo_cuac.png\"><img decoding=\"async\" style=\"width: 153px;\" src=\"https:\/\/servicios.unileon.es\/actividad-estudiantil\/files\/2026\/02\/logo_cuac.png\" alt=\"Logo de la Asociaci\u00f3n\" \/><\/a><\/p>\r\n<p>El Club Universitario de Arte y Creatividad (CUAC) es una asociaci\u00f3n abierta a todos los estudiantes de la Universidad de Le\u00f3n que buscan un espacio libre para crear, dise\u00f1ar y potenciar su talento. Nuestra misi\u00f3n es dinamizar la vida cultural del Campus de Vegazana a trav\u00e9s de la expresi\u00f3n art\u00edstica en todas sus formas.<\/p>\r\n<p>Nos reunimos todas las semanas para disfrutar de un ambiente tranquilo donde expresarnos art\u00edsticamente, aprender y compartir nuestro arte. Realizamos proyectos y visitas a museos, exposiciones y talleres de arte.<\/p>\r\n<p>Si te interesa el arte fotograf\u00eda o dise\u00f1o, o buscar aprender y mejorar, \u00a1Este es tu sitio!<\/p>\r\n<a href=\"https:\/\/www.instagram.com\/cuac_clubdearte\">Instragram: @cuac_clubdearte<\/a><br \/>\r\n<a href=\"mailto:clubarteycreatividad@unileon.es\">clubarteycreatividad@unileon.es<\/a><br \/>\r\n<a href=\"https:\/\/mairodesign.shop\/pagecontactb\/cuac\/\">Web: mairodesign.shop\/pagecontactb\/cuac\/<\/a><\/p>\r\n<\/p>\r\n<\/div>\r\n\r\n<div class=\"libros\">\r\n<p class=\"floatleft mlibros\"><a href=\"https:\/\/servicios.unileon.es\/actividad-estudiantil\/files\/2026\/02\/logo_acesi.png\"><img decoding=\"async\" style=\"width: 153px;\" src=\"https:\/\/servicios.unileon.es\/actividad-estudiantil\/files\/2026\/02\/logo_acesi.png\" alt=\"Logo de la Asociaci\u00f3n\" \/><\/a><\/p>\r\n<p><strong>Asociaci\u00f3n Cultural Estudiantil San Isidoro \u00abACESI\u00bb<\/strong><\/p>\r\n<p>Los fines de la Asociaci\u00f3n Cultural Estudiantil San Isidoro \u00abACESI\u00bb son los siguientes:<\/p>\r\n<ol>\r\n    <li>Conocimiento y estudio de todo aquello relacionado con la cultura del Reino de Espa\u00f1a.<\/li>\r\n    <li>Divulgaci\u00f3n de la cultura y su importancia en la actualidad.<\/li>\r\n    <li>Formaci\u00f3n de estudiantes de la ULE, en relaci\u00f3n a la cultura espa\u00f1ola.<\/li>\r\n<\/ol>\r\n<a href=\"https:\/\/www.instagram.com\/cmu_sanisidoro\">Instragram: @cmu_sanisidoro<\/a><br \/>\r\n<a href=\"mailto:acesi@unileon.es\">acesi@unileon.es<\/a><\/p>\r\n<\/div>\r\n\r\n<div class=\"libros\">\r\n<p class=\"floatleft mlibros\"><a href=\"https:\/\/servicios.unileon.es\/actividad-estudiantil\/files\/2025\/10\/logo_musule.jpg\"><img decoding=\"async\" style=\"width: 153px;\" src=\"https:\/\/servicios.unileon.es\/actividad-estudiantil\/files\/2025\/10\/logo_musule.jpg\" alt=\"Logo de la Asociaci\u00f3n\" \/><\/a><\/p>\r\n<p><strong>Juegos de Cartas ULE<\/strong><\/p>\r\nEn una era dominada por las pantallas y la inmediatez digital, los juegos de cartas resurgen como una forma aut\u00e9ntica de conexi\u00f3n y aprendizaje. M\u00e1s que un simple pasatiempo, representan un espacio de encuentro, estrategia y complicidad que fomenta la comunicaci\u00f3n real, la empat\u00eda y el trabajo en equipo. En el entorno universitario, donde las interacciones suelen reducirse a las redes o las clases, los juegos de cartas ofrecen un refugio distinto: un lugar donde mirar al otro, interpretar gestos, compartir estrategias y crear comunidad.<br \/>\r\nJuegos de cartas ULE busca recuperar una parte de nuestra tradici\u00f3n cultural, fortalecer la convivencia y dar nueva vida a la experiencia universitaria. Es una invitaci\u00f3n a compartir, aprender y disfrutar sin pantallas de por medio. Apostar por los juegos de cartas es apostar por las personas, por el di\u00e1logo y por una universidad m\u00e1s cercana, din\u00e1mica y aut\u00e9ntica.<br \/><br \/>\r\n<a href=\"https:\/\/www.instagram.com\/_musule\">Instragram: _musule<\/a><br \/>\r\n<a href=\"mailto:juegosdecartas@unileon.es\">juegosdecartas@unileon.es<\/a><\/p>\r\n<\/div>\r\n\r\n<div class=\"libros\">\r\n<p class=\"floatleft mlibros\"><a href=\"https:\/\/servicios.unileon.es\/actividad-estudiantil\/files\/2024\/12\/logo_moda.png\"><img decoding=\"async\" style=\"width: 153px;\" src=\"https:\/\/servicios.unileon.es\/actividad-estudiantil\/files\/2024\/12\/logo_moda.png\" alt=\"Logo de la Asociaci\u00f3n\" \/><\/a><\/p>\r\n<p><strong>Club de Moda de la ULe<\/strong><\/p>\r\nEl Club de Moda de la ULe es una asociaci\u00f3n estudiantil dedicada a quienes sienten pasi\u00f3n por la moda y la expresi\u00f3n personal. Nuestro objetivo es crear una comunidad donde cada miembro pueda compartir su inter\u00e9s por los estilos \u00fanicos y los outfits que los definen.<br \/>\r\nAdem\u00e1s, es el lugar ideal para lucir tus conjuntos especiales.<br \/>\r\nNos reunimos para explorar temas como la diversidad de estilos y compartir preferencias.<br \/>\r\nAdem\u00e1s, generamos contenido din\u00e1mico e interactivo en nuestras redes sociales para inspirar y conectar a m\u00e1s personas con este fascinante mundo.<br \/>\r\nSi crees que la moda es mucho m\u00e1s que elegir qu\u00e9 ponerse y te hace \u00fanica, este es tu lugar.<br \/>\r\n\u00danete al Club de Moda de la ULe y deja que tu estilo sea nuestra inspiraci\u00f3n.<br \/><br \/>\r\n<a href=\"https:\/\/www.instagram.com\/moda_ule\">Instragram: @moda_ule<\/a><br \/>\r\n<a href=\"https:\/\/linktr.ee\/moda_ule\">Linktree: linktr.ee\/moda_ule<\/a><br \/>\r\n<a href=\"mailto:modaule@unileon.es\">modaule@unileon.es<\/a><\/p>\r\n<\/div>\r\n<div class=\"libros\">\r\n<p class=\"floatleft mlibros\"><a href=\"https:\/\/servicios.unileon.es\/actividad-estudiantil\/files\/2024\/12\/logo_ex_oriente_lux.png\"><img decoding=\"async\" style=\"width: 153px;\" src=\"https:\/\/servicios.unileon.es\/actividad-estudiantil\/files\/2024\/12\/logo_ex_oriente_lux.png\" alt=\"Logo de la Asociaci\u00f3n\" \/><\/a><\/p>\r\n<p><strong>Ex Oriente Lux<\/strong><\/p>\r\nEx Oriente Lux es una asociaci\u00f3n estudiantil dedicada a promover y divulgar la historia y la cultura del Mundo Mediterr\u00e1neo desde la Prehistoria hasta la Edad Contempor\u00e1nea. Nuestro objetivo es crear diferentes espacios que sirvan para fomentar el estudio, el debate y el intercambio de ideas en relaci\u00f3n con este espacio hist\u00f3rico con el fin de fomentar su conocimiento.<br \/>\r\nSi quieres sumergirte en el conocimiento de la historia del Mundo Mediterr\u00e1neo no dudes en contactar con nosotros o venir a los diferentes eventos que organizamos.<br \/><br \/>\r\n<a href=\"https:\/\/www.instagram.com\/_ex_oriente_lux_\/\">Instragram: @_ex_oriente_lux_<\/a><br \/>\r\n<a href=\"https:\/\/twitter.com\/@_ex_oriente_lux\">Twitter: @_ex_oriente_lux<\/a><br \/>\r\n<a href=\"mailto:exorientelux@unileon.es\">exorientelux@unileon.es<\/a>\r\n<\/div>\r\n<div class=\"libros\">\r\n<p class=\"floatleft mlibros\"><a href=\"https:\/\/servicios.unileon.es\/actividad-estudiantil\/files\/2024\/10\/logo_fsule.png\"><img decoding=\"async\" style=\"width: 153px;\" src=\"https:\/\/servicios.unileon.es\/actividad-estudiantil\/files\/2024\/10\/logo_fsule.png\" alt=\"Logo de la Asociaci\u00f3n\" \/><\/a><\/p>\r\n<p><strong>Formula Student ULE<\/strong><\/p>\r\nSomos una asociaci\u00f3n de estudiantes cuyos objetivos son el dise\u00f1o, desarrollo de proyectos de coches, motos y karts de competici\u00f3n y todo el aprendizaje, la ilusi\u00f3n, la vocaci\u00f3n que ello conlleva y el trabajo en equipo.<br \/>\r\n<strong>\u201cM\u00e1s que velocidad, es pasi\u00f3n en cada curva\u201d<\/strong><\/p>\r\n<a href=\"https:\/\/www.instagram.com\/formulastudentule\/\">Instragram: @formulastudentule<\/a><br \/>\r\n<a href=\"mailto:formulastudentule@gmail.com\">formulastudentule@gmail.com<\/a>\r\n<\/div>\r\n<div class=\"libros\">\r\n<p class=\"floatleft mlibros\"><a href=\"https:\/\/servicios.unileon.es\/actividad-estudiantil\/files\/2024\/10\/logo_ado_ule.png\"><img decoding=\"async\" style=\"width: 153px;\" src=\"https:\/\/servicios.unileon.es\/actividad-estudiantil\/files\/2024\/10\/logo_ado_ule.png\" alt=\"Logo de la Asociaci\u00f3n\" \/><\/a><\/p>\r\n<p><strong>Asociaci\u00f3n de Debate y Oratoria (ADO-ULE)<\/strong><\/p>\r\nSomos una asociaci\u00f3n estudiantil dedicada a promover el debate y el desarrollo de las habilidades de comunicaci\u00f3n en sus diversas formas. Nuestro objetivo es crear un espacio para el intercambio de ideas sobre temas actuales y formar mejores comunicadores, tanto en el aula como en el \u00e1mbito profesional.<br \/>\r\nQueremos fomentar un debate plural, respetuoso e inclusivo dentro de la comunidad universitaria, adem\u00e1s de ayudar a mejorar competencias clave como el uso de t\u00e9cnicas vocales, control del lenguaje corporal y comunicaci\u00f3n no verbal.<br \/>\r\nSi quieres sentirte seguro a la hora de presentar en clase o solo quieres compartir tus opiniones, \u00a1ap\u00fantate!<br \/><br \/>\r\n<a href=\"https:\/\/www.instagram.com\/ado.ule\/\">Instragram: @ado.ule<\/a><br \/>\r\n<a href=\"https:\/\/linktr.ee\/adoule\">Linktree<\/a>\r\n<\/div>\r\n<div class=\"libros\">\r\n<p class=\"floatleft mlibros\"><img decoding=\"async\" style=\"width: 150px;\" src=\"https:\/\/servicios.unileon.es\/actividad-estudiantil\/files\/2024\/05\/logo_IVSA.jpg\" alt=\"Logo Asociaci\u00f3n\" \/><\/p>\r\n<p><strong>IVSA &#8211; Le\u00f3n<\/strong><\/p>\r\nIVSA es una asociaci\u00f3n internacional de estudiantes de Veterinaria para mejorar la educaci\u00f3n veterinaria, aumentando el intercambio internacional e intercultural de ideas y conocimientos. Organizamos charlas y cursos en cuanto a la profesi\u00f3n veterinaria y \u00e1reas de desarrollo como cl\u00ednica, as\u00ed como intercambios estudiantiles entre facultades, visitas y publicaci\u00f3n de art\u00edculos de divulgaci\u00f3n para ayudar la orientaci\u00f3n profesional de los futuros veterinarios.<br \/><br \/>\r\n<!-- <a href=\"mailto:acodileon@unileon.es\">acodileon@unileon.es<\/a><br \/>\r\n    <a href=\"https:\/\/www.instagram.com\/acodil.leon\/\">Instragram: @acodil.leon<\/a><br \/>\r\n    <a href=\"https:\/\/twitter.com\/@acodil\">Twitter: @acodil<\/a> -->\r\n<\/div>\r\n<div class=\"libros\">\r\n<p class=\"floatleft mlibros\"><img decoding=\"async\" style=\"width: 150px;\" src=\"https:\/\/servicios.unileon.es\/actividad-estudiantil\/files\/2023\/11\/logo_acodil.jpg\" alt=\"Logo Asociaci\u00f3n\" \/><\/p>\r\n<p><strong>ACODIL<\/strong><\/p>\r\n\u00bfTe interesa el toro bravo?<br \/>\r\nACODIL es una Asociaci\u00f3n universitaria dedicada al Conocimiento y Divulgaci\u00f3n de la raza de Lidia destinada a todo aquel apasionado del campo, del ganado bravo y el entorno que la rodea. Desde ACODIL damos la posibilidad de ampliar vuestra formaci\u00f3n como futuros veterinarios y que aprend\u00e1is m\u00e1s sobre la cl\u00ednica de campo, especialmente orientada a la raza bovina de Lidia. Desde la asociaci\u00f3n organizamos distintas actividades como; visitas a ganader\u00edas, cursos te\u00f3rico-pr\u00e1cticos y encuentros de aulas taurinas, entre otras.<br \/><br \/>\r\n<a href=\"mailto:acodileon@unileon.es\">acodileon@unileon.es<\/a><br \/>\r\n<a href=\"https:\/\/www.instagram.com\/acodil.leon\/\">Instragram: @acodil.leon<\/a><br \/>\r\n<a href=\"https:\/\/twitter.com\/@acodil\">Twitter: @acodil<\/a>\r\n<\/div>\r\n<div class=\"libros\">\r\n<p class=\"floatleft mlibros\"><img decoding=\"async\" style=\"width: 150px;\" src=\"https:\/\/servicios.unileon.es\/actividad-estudiantil\/files\/2023\/01\/logo_apolo.jpg\" alt=\"Logo Asociaci\u00f3n\" \/><\/p>\r\n<p><strong>APOLO<\/strong><\/p>\r\nEn la Asociaci\u00f3n APOLO, nuestro principal objetivo es fomentar la cultura human\u00edstica dentro de la facultad. Queremos crear espacios seguros y enriquecedores, donde las distintas ramas del conocimiento puedan florecer a trav\u00e9s del trabajo comunitario y la participaci\u00f3n activa. Creemos firmemente en la importancia de la colaboraci\u00f3n para impulsar el crecimiento intelectual y cultural de todos los que formamos parte de este entorno.<br \/>\r\n<strong>Creamos cultura, construimos humanidades.<\/strong>\r\n<p>Correo Electr\u00f3nico: <a href=\"mailto:apolo.unileon@gmail.com\">apolo.unileon@gmail.com<\/a><br \/>\r\nInstragram: <a href=\"https:\/\/www.instagram.com\/apoloule\/\">@apoloule<\/a><br \/>\r\nP\u00e1gina web: <a href=\"https:\/\/apolounileon.webnode.es\/\">apolounileon.webnode.es\/<\/a><br \/>\r\nCanal de YouTube: <a href=\"https:\/\/www.youtube.com\/@APOLOUle\">https:\/\/www.youtube.com\/@APOLOUle<\/a>\r\n<\/div>\r\n<div class=\"libros\">\r\n<p class=\"floatleft mlibros\"><a href=\"\/actividad-estudiantil\/files\/2023\/03\/logo_ccule.png\"><img decoding=\"async\" style=\"width: 153px;\" src=\"\/actividad-estudiantil\/files\/2023\/03\/logo_ccule.png\" alt=\"Logo de la Asociaci\u00f3n\" \/><\/a><\/p>\r\n<p><strong>Club Cinematogr\u00e1fico de la ULE<\/strong><\/p>\r\nSomos una asociaci\u00f3n estudiantil dedicada a acercar el maravilloso mundo del cine a toda la comunidad universitaria, mediante la visualizaci\u00f3n de largometrajes y cortometrajes de todas las \u00e9pocas, adem\u00e1s de promover la creaci\u00f3n audiovisual en la Universidad de Le\u00f3n. Tambi\u00e9n organizamos concursos de cortometrajes y realizamos nuestros propios cortos, as\u00ed como colaboramos con otras asociaciones estudiantiles.<\/p>\r\n<p><strong>Lema:<\/strong> May the cinema be with you<\/p>\r\n<p><a href=\"mailto:ccule@unileon.es\">ccule@unileon.es<\/a><br \/>\r\n<a href=\"https:\/\/www.instagram.com\/cc_ule\/\">Instragram: @cc_ule<\/a><br \/>\r\n<a href=\"https:\/\/linktr.ee\/ccule\">Linktree<\/a>\r\n<\/div>\r\n<div class=\"libros\">\r\n<p class=\"floatleft mlibros\"><img decoding=\"async\" style=\"width: 150px;\" src=\"https:\/\/servicios.unileon.es\/actividad-estudiantil\/files\/2024\/10\/coheteria_ule_nw.png\" alt=\"Logo Asociaci\u00f3n\" \/><\/p>\r\n<p><strong>Grupo de Coheter\u00eda de la Universidad de Le\u00f3n<\/strong><\/p>\r\nAsociaci\u00f3n para el dise\u00f1o y construcci\u00f3n de prototipos cohete de la Universidad de Le\u00f3n.<\/p>\r\n<p>&nbsp;<\/p>\r\n<p><a href=\"https:\/\/www.gcule.unileon.es\/\">web: www.gcule.unileon.es<\/a><br \/>\r\n<a href=\"https:\/\/www.instagram.com\/GC.ULE\/\">Instragram: @GC.ULE<\/a><br \/>\r\n<a href=\"https:\/\/www.linkedin.com\/company\/grupo-de-coheter%C3%ADa-ule\/\">Lindkedin: GRUPO DE COHETERIA ULE<\/a>\r\n<\/div>\r\n<div class=\"libros\">\r\n<p class=\"floatleft mlibros\"><img decoding=\"async\" style=\"width: 150px;\" src=\"http:\/\/servicios.unileon.es\/actividad-estudiantil\/files\/2020\/03\/maker_club.jpg\" alt=\"Logo Asociaci\u00f3n\" \/><\/p>\r\n<p><strong>MAKER CLUB<\/strong><\/p>\r\nSomos una comunidad activa de personas con ilusi\u00f3n y ganas de fabricar cosas, de hacer ideas realidad, mediante el trabajo en equipo. Dream it, make it.<\/p>\r\n<p><a href=\"ulemaker@unileon.es\">ulemaker@unileon.es<\/a>\r\n<\/div>\r\n<div class=\"libros\">\r\n<p class=\"floatleft mlibros\"><img decoding=\"async\" style=\"width: 150px;\" src=\"http:\/\/servicios.unileon.es\/actividad-estudiantil\/files\/2020\/03\/aegee_leon.png\" alt=\"Logo Asociaci\u00f3n\" \/><\/p>\r\n<p><strong>AEGEE-LE\u00d3N<\/strong><\/p>\r\nAEGEE es una organizaci\u00f3n sin \u00e1nimo de lucro. Promovida por el esp\u00edritu europeo, es una asociaci\u00f3n sin fronteras que desarrolla su actividad a trav\u00e9s de proyectos, viajes, grupos de trabajo, intercambios culturales y actividades.<\/p>\r\n<p><a href=\"http:\/\/www.aegeeleon.org\">www.aegeeleon.org<\/a><br \/>\r\n<a href=\"mailto:aegeeleon@gmail.com\">info@aegeeleon.org<\/a><br \/>\r\n<a href=\"https:\/\/instagram.com\/aegeeleon\">Instragram: @aegeeleon<\/a><br \/>\r\nWhatsApp: (+34) 623 23 35 34<br \/>\r\nInstagram: @aegeeleon<br \/>\r\nTwitter: @aegeeleon\r\n<\/div>\r\n<div class=\"libros\">\r\n<p class=\"floatleft mlibros\"><img decoding=\"async\" style=\"width: 150px;\" src=\"http:\/\/servicios.unileon.es\/actividad-estudiantil\/files\/2020\/03\/ads.png\" alt=\"Logo Asociaci\u00f3n\" \/><\/p>\r\n<p><strong>ADS<\/strong><\/p>\r\n<strong>Asociaci\u00f3n de Desarrollo de Software<\/strong><\/p>\r\nAsociaci\u00f3n de Estudiantes que acerca el desarrollo de Software a la Comunidad Universitaria ofreciendo diferentes actividades y talleres formativos para todos los niveles. Tambi\u00e9n tratamos de dar a conocer las nuevas tecnolog\u00edas y compartir experiencias de profesionales del sector.<\/p>\r\n<p><a href=\"mailto:asociaciondesoftwareule@gmail.com\">asociaciondesoftwareule@gmail.com<\/a><\/p>\r\n<p><a href=\"mailto:adesoft@unileon.es\">adesoft@unileon.es<\/a>\r\n<\/div>\r\n<div class=\"libros\">\r\n<p class=\"floatleft mlibros\"><img decoding=\"async\" style=\"width: 150px;\" src=\"http:\/\/servicios.unileon.es\/actividad-estudiantil\/files\/2020\/03\/tuna_femenina.png\" alt=\"Logo Asociaci\u00f3n\" \/><\/p>\r\n<p style=\"text-align: left;\"><strong>TUNA FEMENINA<\/strong><\/p>\r\n<p style=\"text-align: left;\">Asociaci\u00f3n femenina de estudiantes con inter\u00e9s por la m\u00fasica con canciones de Tuna Tradicionales y de composici\u00f3n propia. Participan en cert\u00e1menes tanto de \u00e1mbito nacional como internacional. Su objetivo es \u201chacer disfrutar, disfrutando\u201d con alegr\u00eda y buen tunar.<\/p>\r\n<p>&nbsp;<\/p>\r\n<p style=\"text-align: left;\"><a href=\"mailto:uletunaf@unileon.es\">uletunaf@unileon.es<\/a>\r\n<p>&nbsp;<\/p>\r\n<p>&nbsp;<\/p>\r\n<\/div>\r\n<div class=\"libros\">\r\n<p class=\"floatleft mlibros\"><img decoding=\"async\" style=\"width: 150px;\" src=\"http:\/\/servicios.unileon.es\/actividad-estudiantil\/files\/2020\/03\/tuna_universitaria.jpg\" alt=\"Logo Asociaci\u00f3n\" \/><\/p>\r\n<p><strong>TUNA UNIVERSIDAD DE LE\u00d3N<\/strong><\/p>\r\nLa tuna es una de las asociaciones universitarias m\u00e1s antiguas de esta universidad. El principal objetivo es representar a nuestra universidad, y mantener viva la tradici\u00f3n del trovador espa\u00f1ol, que para pagarse sus estudios cantaba y tocaba para el agrado de la gente. Viven la m\u00fasica muy de cerca, ense\u00f1ando a tocar un instrumento y a como disfrutar la m\u00fasica desde dentro. Son muy viajeros, ya que organizan viajes por todo el territorio espa\u00f1ol y extranjero.<br \/><br \/>\r\n<a href=\"mailto:tuna@unileon.es\">tuna@unileon.es<\/a><br \/>\r\nTel\u00e9fono de contacto: 639.049.921<br \/>\r\nInstagram: tuna_leon<br \/>\r\nFacebook: tuna_leon<br \/>\r\nTwitter: @ tuna_leon\r\n<\/div>\r\n<div class=\"libros\">\r\n<p class=\"floatleft mlibros\"><img decoding=\"async\" style=\"width: 150px;\" src=\"http:\/\/servicios.unileon.es\/actividad-estudiantil\/files\/2020\/03\/aif_ule.jpg\" alt=\"Logo Asociaci\u00f3n\" \/><\/p>\r\n<p><strong>AIF-ULE<\/strong><\/p>\r\n<p style=\"font-weight: 400;\">\u00bfEstudias o trabajas? \u00a1Ambas! La Asociaci\u00f3n de Investigadores\/as en Formaci\u00f3n de la Universidad de Le\u00f3n tiene como fines principales: la defensa de los intereses de quienes desarrollan labores de investigaci\u00f3n en una fase formativa inicial en la ULe; dar a conocer y poner en valor su trabajo; y promover y organizar actividades cient\u00edficas, acad\u00e9micas, formativas, culturales, art\u00edsticas\u2026 de inter\u00e9s para sus socios\/as.<\/p>\r\n<p style=\"font-weight: 400;\"><a href=\"mailto:uleinvfo@unileon.es\">uleinvfo@unileon.es<\/a><\/p>\r\n<p>&nbsp;\r\n<\/div>\r\n<div class=\"libros\">\r\n<p class=\"floatleft mlibros\"><img decoding=\"async\" style=\"width: 150px;\" src=\"https:\/\/servicios.unileon.es\/actividad-estudiantil\/files\/2023\/01\/logo_bioma.png\" alt=\"Logo Asociaci\u00f3n\" \/><\/p>\r\n<p><strong>BIOMA<\/strong><\/p>\r\nBioma est\u00e1 formado por estudiantes con ganas de disfrutar y observar las naturaleza.<br \/>\r\nSi tienes ganas de hacer rutas, concursos, talleres y conocer gente \u00a1este es tu sitio!<br \/>\r\n\u00a1\u00danete a Bioma!<br \/>\r\nCon sede en la Facultad de Ciencias Biol\u00f3gicas y Ambientales (Le\u00f3n).<br \/><br \/>\r\nhttps:\/\/linktr.ee\/ASOCBIOMA<br \/>\r\nInstagram: @ASOCBIOMA<br \/>\r\nTwitter: @ASOCBIOMA<br \/>\r\nFacebook: https:\/\/www.facebook.com\/ASOCBIOMA<br \/>\r\n<a href=\"mailto:bioma@unileon.es\">bioma@unileon.es<\/a>\r\n<\/div>\r\n<div class=\"libros\">\r\n<p class=\"floatleft mlibros\"><img decoding=\"async\" style=\"width: 150px;\" src=\"https:\/\/servicios.unileon.es\/actividad-estudiantil\/files\/2022\/02\/logo_AVAFES.png\" alt=\"Logo Asociaci\u00f3n\" \/><\/p>\r\n<p><strong>AVAFES<\/strong><\/p>\r\nAsociaci\u00f3n de Veterinarios para la Atenci\u00f3n de Fauna Ex\u00f3tica y Silvestre. Somos una organizaci\u00f3n de estudiantes para estudiantes en la que organizamos charlas, cursos y excursiones para ayudar a todos aquellos que se interesen por la fauna ex\u00f3tica y silvestre a complementar su formaci\u00f3n.<br \/><br \/>\r\nInstagram: @avafesleon<br \/>\r\nWordpress: <a>avafesleon.wordpress.com<\/a><br \/>\r\n<a href=\"mailto:uleavaf@unileon.es\">uleavaf@unileon.es<\/a>\r\n<\/div>\r\n<div class=\"libros\" style=\"padding-bottom: 20px;\">\r\n<p class=\"floatleft mlibros\"><img decoding=\"async\" style=\"width: 120px;\" src=\"https:\/\/servicios.unileon.es\/actividad-estudiantil\/files\/2023\/06\/ULEBAE-Logo.png\" alt=\"Logo Asociaci\u00f3n\" \/><\/p>\r\n<p><strong>ULEBAE<\/strong><\/p>\r\nAsociaci\u00f3n formada por estudiantes de las diversas titulaciones de la Universidad de Le\u00f3n en el Campus de Ponferrada. El objetivo principal es impulsar la vida universitaria, organizar actividades centradas en el bienestar de la persona y el medio natural, y promover la cultura y el entorno de la comarca del Bierzo.<br \/><br \/>\r\n<\/div>","protected":false},"excerpt":{"rendered":"<p>El Club Universitario de Arte y Creatividad (CUAC) es una asociaci\u00f3n abierta a todos los estudiantes de la Universidad de Le\u00f3n que buscan un espacio libre para crear, dise\u00f1ar y potenciar su talento. Nuestra misi\u00f3n es dinamizar la vida cultural del Campus de Vegazana a trav\u00e9s de la expresi\u00f3n art\u00edstica en todas sus formas. Nos [&hellip;]<\/p>\n","protected":false},"author":1,"featured_media":0,"parent":0,"menu_order":0,"comment_status":"closed","ping_status":"open","template":"","meta":{"footnotes":""},"class_list":["post-9","page","type-page","status-publish","hentry"],"_links":{"self":[{"href":"https:\/\/servicios.unileon.es\/actividad-estudiantil\/wp-json\/wp\/v2\/pages\/9","targetHints":{"allow":["GET"]}}],"collection":[{"href":"https:\/\/servicios.unileon.es\/actividad-estudiantil\/wp-json\/wp\/v2\/pages"}],"about":[{"href":"https:\/\/servicios.unileon.es\/actividad-estudiantil\/wp-json\/wp\/v2\/types\/page"}],"author":[{"embeddable":true,"href":"https:\/\/servicios.unileon.es\/actividad-estudiantil\/wp-json\/wp\/v2\/users\/1"}],"replies":[{"embeddable":true,"href":"https:\/\/servicios.unileon.es\/actividad-estudiantil\/wp-json\/wp\/v2\/comments?post=9"}],"version-history":[{"count":157,"href":"https:\/\/servicios.unileon.es\/actividad-estudiantil\/wp-json\/wp\/v2\/pages\/9\/revisions"}],"predecessor-version":[{"id":3055,"href":"https:\/\/servicios.unileon.es\/actividad-estudiantil\/wp-json\/wp\/v2\/pages\/9\/revisions\/3055"}],"wp:attachment":[{"href":"https:\/\/servicios.unileon.es\/actividad-estudiantil\/wp-json\/wp\/v2\/media?parent=9"}],"curies":[{"name":"wp","href":"https:\/\/api.w.org\/{rel}","templated":true}]}}