{"id":834,"date":"2016-06-13T10:52:13","date_gmt":"2016-06-13T10:52:13","guid":{"rendered":"http:\/\/servicios.unileon.es\/actividad-estudiantil\/?page_id=834"},"modified":"2026-05-13T13:22:28","modified_gmt":"2026-05-13T11:22:28","slug":"ayudas-deportistas-alto-nivel","status":"publish","type":"page","link":"https:\/\/servicios.unileon.es\/actividad-estudiantil\/ayudas-deportistas-alto-nivel\/","title":{"rendered":"Ayudas de matr\u00edcula a deportistas de alto nivel, alto rendimiento y alto nivel ULE 2025\/2026"},"content":{"rendered":"<h3>CARACTER\u00cdSTICAS DE LAS AYUDAS<\/h3>\r\n<p>Se convocan 3 tipos de ayudas:<\/p>\r\n<ul>\r\n    <li>6 ayudas de matr\u00edcula correspondiente al curso 2025-2026 para deportistas de Alto Nivel*, en las que se subvencionar\u00e1 el 75% de la base subvencionable de la matr\u00edcula, hasta un m\u00e1ximo de 1200 euros.<\/li>\r\n    <li>12 ayudas de matr\u00edcula correspondiente al curso 2025-2026 para deportistas de Alto Nivel, Alto Rendimiento, en las que se subvencionar\u00e1 el 50% de la base subvencionable, hasta un m\u00e1ximo de 600 euros.<\/li>\r\n    <li>18 ayudas de matr\u00edcula correspondiente al curso 2025-2026 para deportistas de Alto Nivel, Alto Nivel ULE, donde se subvencionar\u00e1 el 25 % de la base subvencionable de la matr\u00edcula, hasta un m\u00e1ximo de 300 euros.<\/li>\r\n<\/ul>\r\n<p>En los tres casos, s\u00f3lo ser\u00e1n objeto de ayuda cr\u00e9ditos o asignaturas en primera matr\u00edcula.<\/p>\r\n<p><a href=\"https:\/\/servicios.unileon.es\/actividad-estudiantil\/files\/2026\/05\/2026_convocatoria_ayudas_matricula_dann.pdf\">Convocatoria (texto completo)<\/a><\/p>\r\n<p>&nbsp;<\/p>\r\n<b>PLAZO DE PRESENTACI\u00d3N DE INSTANCIAS<\/b><\/p>\r\n<p>Hasta las 14 horas del d\u00eda <b>11 de junio de 2026<\/b><\/p>\r\n<p><a href=\"https:\/\/forms.gle\/Le4mB5qgrB9zB1W7A\">Formulario de solicitud<\/a><\/p>\r\n<p><small><b>IMPORTANTE<\/b>: Se recuerda que para poder acceder al formulario todas las cuentas de correo personales deber\u00e1n estar cerradas. El formulario les solicitar\u00e1 previamente que se identifiquen con su correo institucional de la Universidad de Le\u00f3n a menos que en ese momento ya lo tengan abierto en su navegador.<\/small><\/p>\r\n<p>&nbsp;<\/p>\r\n\r\n<!--\r\n<h3>RESOLUCI\u00d3N<\/h3>\r\n<p><a href=\"https:\/\/servicios.unileon.es\/actividad-estudiantil\/files\/2025\/06\/resolucion_provisional_dan24_25.pdf\">Resoluci\u00f3n Provisional de las Ayudas a Deportistas de Alto Nivel<\/a><\/p>\r\n\r\n<p><a href=\"https:\/\/servicios.unileon.es\/actividad-estudiantil\/files\/2025\/06\/resolucion_definitiva_dan24_25.pdf\"><strong>Resoluci\u00f3n Definitiva de las Ayudas a Deportistas de Alto Nivel<\/strong><\/a><\/p>\r\n\r\n-->\r\n\r\n\r\n","protected":false},"excerpt":{"rendered":"<p>CARACTER\u00cdSTICAS DE LAS AYUDAS Se convocan 3 tipos de ayudas: 6 ayudas de matr\u00edcula correspondiente al curso 2025-2026 para deportistas de Alto Nivel*, en las que se subvencionar\u00e1 el 75% de la base subvencionable de la matr\u00edcula, hasta un m\u00e1ximo de 1200 euros. 12 ayudas de matr\u00edcula correspondiente al curso 2025-2026 para deportistas de Alto [&hellip;]<\/p>\n","protected":false},"author":2,"featured_media":0,"parent":0,"menu_order":0,"comment_status":"closed","ping_status":"closed","template":"","meta":{"footnotes":""},"class_list":["post-834","page","type-page","status-publish","hentry"],"_links":{"self":[{"href":"https:\/\/servicios.unileon.es\/actividad-estudiantil\/wp-json\/wp\/v2\/pages\/834","targetHints":{"allow":["GET"]}}],"collection":[{"href":"https:\/\/servicios.unileon.es\/actividad-estudiantil\/wp-json\/wp\/v2\/pages"}],"about":[{"href":"https:\/\/servicios.unileon.es\/actividad-estudiantil\/wp-json\/wp\/v2\/types\/page"}],"author":[{"embeddable":true,"href":"https:\/\/servicios.unileon.es\/actividad-estudiantil\/wp-json\/wp\/v2\/users\/2"}],"replies":[{"embeddable":true,"href":"https:\/\/servicios.unileon.es\/actividad-estudiantil\/wp-json\/wp\/v2\/comments?post=834"}],"version-history":[{"count":83,"href":"https:\/\/servicios.unileon.es\/actividad-estudiantil\/wp-json\/wp\/v2\/pages\/834\/revisions"}],"predecessor-version":[{"id":3086,"href":"https:\/\/servicios.unileon.es\/actividad-estudiantil\/wp-json\/wp\/v2\/pages\/834\/revisions\/3086"}],"wp:attachment":[{"href":"https:\/\/servicios.unileon.es\/actividad-estudiantil\/wp-json\/wp\/v2\/media?parent=834"}],"curies":[{"name":"wp","href":"https:\/\/api.w.org\/{rel}","templated":true}]}}