{"id":488,"date":"2014-12-10T07:54:48","date_gmt":"2014-12-10T07:54:48","guid":{"rendered":"http:\/\/servicios.unileon.es\/actividad-estudiantil\/?page_id=488"},"modified":"2015-01-20T16:12:08","modified_gmt":"2015-01-20T16:12:08","slug":"reyleon","status":"publish","type":"page","link":"https:\/\/servicios.unileon.es\/actividad-estudiantil\/reyleon\/","title":{"rendered":"Excursi\u00f3n El Rey Le\u00f3n: El musical"},"content":{"rendered":"<img loading=\"lazy\" decoding=\"async\" class=\" wp-image-500  aligncenter\" src=\"http:\/\/servicios.unileon.es\/actividad-estudiantil\/files\/2014\/12\/signbot.gif\" alt=\"Plazas limitadas\" width=\"541\" height=\"100\" \/>\r\n<p style=\"text-align: center;\"><a href=\"http:\/\/servicios.unileon.es\/actividad-estudiantil\/files\/2015\/01\/El-Rey-Le\u00f3n-Cartel.pdf\">El Rey Le\u00f3n Cartel<\/a><\/p>\r\n<p style=\"text-align: center;\"><strong>PLAZAS AGOTADAS. AGRADECEMOS LA BUENA ACOGIDA DE LA ACTIVIDAD.\u00a0<\/strong><\/p>\r\nESTAMOS BUSCANDO UNA ALTERNATIVA PARA LOS QUE OS HAB\u00c9IS QUEDADO SIN PLAZA.\r\n\r\nLa Universidad de Le\u00f3n a trav\u00e9s del \u00c1rea de Actividades Estudiantiles, ha organizado una excursi\u00f3n a Madrid para ver el Musical <em>\u00ab<strong>El Rey Le\u00f3n<\/strong>\u00ab.<\/em>\r\n\r\nD\u00cdA: <strong>23 de Abril de 2014<\/strong>\r\n\r\nPRECIO: <strong>62 \u20ac Comunidad Universitaria<\/strong> \/\/<strong> 65 \u20ac <\/strong><span style=\"color: #000000;\"><b>externos<\/b><\/span>\r\n\r\nIncluye:\r\n\r\n&#8211; Viaje Ida y Vuelta a Madrid saliendo a las 8 de la ma\u00f1ana y regresando al finalizar la funci\u00f3n (salida desde Guzm\u00e1n, al regresar se hacen dos paradas una en Guzm\u00e1n y otra en la Palomera).\r\n\r\n&#8211; Ma\u00f1ana libre por Madrid. (Posibilidad de concertar grupo para visita del Museo del Prado \/ Reina Sof\u00eda, se remitir\u00e1 informaci\u00f3n una vez completado el grupo)\r\n\r\n&#8211; Entrada al Musical: \u00abEl Rey Le\u00f3n\u00bb en el teatro Lope de Vega, en la Gran V\u00eda Madrile\u00f1a en la sesi\u00f3n de las <strong>20.30h<\/strong>\r\n\r\n&#8211; Seguro en todas las actividades que se propongan por la universidad (Viaje, Teatro y Actividades que se puedan proponer).\r\n\r\n&#8211; Plazas limitadas a 55 personas en <a title=\"visor de ubicaciones\" href=\"http:\/\/www.elreyleon.es\/entradas\/visor-de-ubicaciones.php\" target=\"_blank\">segundo anfiteatro<\/a>\r\n\r\nPROCESO DE RESERVA:\r\n\r\nCumplimentar formulario\r\n\r\nRealizar pago en la cuenta de Caja Espa\u00f1a: <strong>ES10 2096 0092 2435 0783 0604 <\/strong>INCLUYENDO EN EL CONCEPTO :<strong> NOMBRE + DNI\u00a0<\/strong>\r\n\r\n<span style=\"color: #ff0000;\"><em><strong>Tras ello han de dirigirse al Vicerrectorado de Estudiantes (Edificio de Servicios, despacho 3) en el que se les sellar\u00e1 el resguardo y se indicar\u00e1 el n\u00famero de orden.<\/strong><\/em><\/span>\r\n\r\nEn caso de completarse las 55 plazas, se proceder\u00e1 a crear una lista de reservas.\r\n\r\nPlazo de inscripci\u00f3n: Debido al bloqueo de butacas, el plazo se cierra el 2 de Marzo de 2015\r\n\r\nPlazo de devoluci\u00f3n: Hasta el mismo d\u00eda <strong>2 de Marzo<\/strong> se podr\u00e1 devolver. En caso de pasar esa fecha, la devoluci\u00f3n podr\u00e1 hacerse exclusivamente si se puede cubrir la plaza con solicitantes de la lista de espera hasta el <strong>10 de abril<\/strong>\r\n\r\n<iframe loading=\"lazy\" src=\"https:\/\/docs.google.com\/forms\/d\/1l20gy05LAtW8CP0V31t11Lu_tD9ew7DxAm1QvNizavA\/viewform?embedded=true\" width=\"600\" height=\"1000\" frameborder=\"0\" marginwidth=\"0\" marginheight=\"0\">Cargando&#8230;<\/iframe>","protected":false},"excerpt":{"rendered":"<p>El Rey Le\u00f3n Cartel PLAZAS AGOTADAS. AGRADECEMOS LA BUENA ACOGIDA DE LA ACTIVIDAD.\u00a0 ESTAMOS BUSCANDO UNA ALTERNATIVA PARA LOS QUE OS HAB\u00c9IS QUEDADO SIN PLAZA. La Universidad de Le\u00f3n a trav\u00e9s del \u00c1rea de Actividades Estudiantiles, ha organizado una excursi\u00f3n a Madrid para ver el Musical \u00abEl Rey Le\u00f3n\u00ab. D\u00cdA: 23 de Abril de 2014 [&hellip;]<\/p>\n","protected":false},"author":25,"featured_media":0,"parent":0,"menu_order":0,"comment_status":"closed","ping_status":"closed","template":"","meta":{"footnotes":""},"class_list":["post-488","page","type-page","status-publish","hentry"],"_links":{"self":[{"href":"https:\/\/servicios.unileon.es\/actividad-estudiantil\/wp-json\/wp\/v2\/pages\/488","targetHints":{"allow":["GET"]}}],"collection":[{"href":"https:\/\/servicios.unileon.es\/actividad-estudiantil\/wp-json\/wp\/v2\/pages"}],"about":[{"href":"https:\/\/servicios.unileon.es\/actividad-estudiantil\/wp-json\/wp\/v2\/types\/page"}],"author":[{"embeddable":true,"href":"https:\/\/servicios.unileon.es\/actividad-estudiantil\/wp-json\/wp\/v2\/users\/25"}],"replies":[{"embeddable":true,"href":"https:\/\/servicios.unileon.es\/actividad-estudiantil\/wp-json\/wp\/v2\/comments?post=488"}],"version-history":[{"count":20,"href":"https:\/\/servicios.unileon.es\/actividad-estudiantil\/wp-json\/wp\/v2\/pages\/488\/revisions"}],"predecessor-version":[{"id":519,"href":"https:\/\/servicios.unileon.es\/actividad-estudiantil\/wp-json\/wp\/v2\/pages\/488\/revisions\/519"}],"wp:attachment":[{"href":"https:\/\/servicios.unileon.es\/actividad-estudiantil\/wp-json\/wp\/v2\/media?parent=488"}],"curies":[{"name":"wp","href":"https:\/\/api.w.org\/{rel}","templated":true}]}}