{"id":396,"date":"2014-10-17T12:13:59","date_gmt":"2014-10-17T12:13:59","guid":{"rendered":"http:\/\/servicios.unileon.es\/actividad-estudiantil\/?page_id=396"},"modified":"2017-10-26T07:36:08","modified_gmt":"2017-10-26T07:36:08","slug":"bibliotecas","status":"publish","type":"page","link":"https:\/\/servicios.unileon.es\/actividad-estudiantil\/bibliotecas\/","title":{"rendered":"ESTANCIAS DE COLABORACI\u00d3N EN BIBLIOTECAS UNIVERSITARIAS"},"content":{"rendered":"<b>CARACTER\u00cdSTICAS DE LAS AYUDAS<\/b>\r\n\r\nSe convocan 15 estancias de colaboraci\u00f3n en el Servicio de Bibliotecas con el fin de colaborar con las actividades que en ellas se desarrollan.\r\n\r\n<a href=\"http:\/\/servicios.unileon.es\/actividad-estudiantil\/files\/2017\/09\/Convocatoria-Bibliotecas-17-18.pdf\">Convocatoria (texto completo)<\/a>\r\n\r\n<b>PLAZO DE PRESENTACI\u00d3N DE INSTANCIAS<\/b>\r\n\r\nHasta las 14 horas del d\u00eda <b>6 de octubre de 2017<\/b>\r\n\r\n<a href=\"https:\/\/goo.gl\/forms\/QeSJpr0tPGHefk3s1\">Formulario de solicitud<\/a>\r\n\r\n<b>IMPORTANTE<\/b>: Se recuerda que para poder acceder al formulario todas las cuentas de correo personales deber\u00e1n estar cerradas. El formulario les solicitar\u00e1 previamente que se identifiquen con su correo institucional de la Universidad de Le\u00f3n a menos que en ese momento ya lo tengan abierto en su navegador.\r\n\r\n<b>RESOLUCI\u00d3N DE LA CONVOCATORIA<\/b>\r\n\r\n<a href=\"http:\/\/servicios.unileon.es\/actividad-estudiantil\/files\/2017\/10\/Resoluci\u00f3n-Bibliotecas-firmada.pdf\">Resoluci\u00f3n Estancias de colaboraci\u00f3n en Bibliotecas<\/a>\r\n\r\n<a href=\"http:\/\/servicios.unileon.es\/actividad-estudiantil\/files\/2017\/10\/Resoluci\u00f3n-Biblioteca-Ponferrada.pdf\">Resoluci\u00f3n Biblioteca Ponferrada<\/a>\r\n\r\n\r\n\r\n\r\n","protected":false},"excerpt":{"rendered":"<p>CARACTER\u00cdSTICAS DE LAS AYUDAS Se convocan 15 estancias de colaboraci\u00f3n en el Servicio de Bibliotecas con el fin de colaborar con las actividades que en ellas se desarrollan. Convocatoria (texto completo) PLAZO DE PRESENTACI\u00d3N DE INSTANCIAS Hasta las 14 horas del d\u00eda 6 de octubre de 2017 Formulario de solicitud IMPORTANTE: Se recuerda que para [&hellip;]<\/p>\n","protected":false},"author":25,"featured_media":0,"parent":0,"menu_order":0,"comment_status":"closed","ping_status":"closed","template":"","meta":{"footnotes":""},"class_list":["post-396","page","type-page","status-publish","hentry"],"_links":{"self":[{"href":"https:\/\/servicios.unileon.es\/actividad-estudiantil\/wp-json\/wp\/v2\/pages\/396","targetHints":{"allow":["GET"]}}],"collection":[{"href":"https:\/\/servicios.unileon.es\/actividad-estudiantil\/wp-json\/wp\/v2\/pages"}],"about":[{"href":"https:\/\/servicios.unileon.es\/actividad-estudiantil\/wp-json\/wp\/v2\/types\/page"}],"author":[{"embeddable":true,"href":"https:\/\/servicios.unileon.es\/actividad-estudiantil\/wp-json\/wp\/v2\/users\/25"}],"replies":[{"embeddable":true,"href":"https:\/\/servicios.unileon.es\/actividad-estudiantil\/wp-json\/wp\/v2\/comments?post=396"}],"version-history":[{"count":5,"href":"https:\/\/servicios.unileon.es\/actividad-estudiantil\/wp-json\/wp\/v2\/pages\/396\/revisions"}],"predecessor-version":[{"id":1289,"href":"https:\/\/servicios.unileon.es\/actividad-estudiantil\/wp-json\/wp\/v2\/pages\/396\/revisions\/1289"}],"wp:attachment":[{"href":"https:\/\/servicios.unileon.es\/actividad-estudiantil\/wp-json\/wp\/v2\/media?parent=396"}],"curies":[{"name":"wp","href":"https:\/\/api.w.org\/{rel}","templated":true}]}}