{"id":317,"date":"2014-10-15T08:33:12","date_gmt":"2014-10-15T08:33:12","guid":{"rendered":"http:\/\/servicios.unileon.es\/actividad-estudiantil\/?page_id=317"},"modified":"2014-10-17T12:16:23","modified_gmt":"2014-10-17T12:16:23","slug":"ponferrada","status":"publish","type":"page","link":"https:\/\/servicios.unileon.es\/actividad-estudiantil\/ponferrada\/","title":{"rendered":"5 ESTANCIAS DE COLABORACI\u00d3N PARA EL CAMPUS DE PONFERRADA"},"content":{"rendered":"<p style=\"text-align: center;\"><a href=\"https:\/\/drive.google.com\/file\/d\/0Byy6LQTsZIIUcjhiYkhIMzR1NWM\/view?usp=sharing\" target=\"_blank\">CONVOCATORIA PDF<\/a><strong>\u00a0<\/strong><\/p>\r\n\r\n<ol style=\"text-align: left;\">\r\n\t<li><strong>OBJETO DE LA ESTANCIA<\/strong><\/li>\r\n<\/ol>\r\n<p style=\"text-align: left;\">\u00a0\u00a0\u00a0\u00a0\u00a0\u00a0\u00a0\u00a0\u00a0\u00a0\u00a0 La presente convocatoria, tiene por objeto el desempe\u00f1o de diferentes actividades dentro del Campus de Ponferrada de la Universidad de Le\u00f3n. Una vez seleccionado en uno de los servicios, puede ser posible que en temporadas de alta demanda, el alumno deber\u00e1 dar apoyo a cualquiera de los otros servicios objeto de esta convocatoria que se relacionan a continuaci\u00f3n.<\/p>\r\n<p style=\"text-align: left;\"><em>SERVICIO DE CARTOGRAF\u00cdA<\/em><\/p>\r\n<p style=\"text-align: left;\">Prestar ayuda a los usuarios del Servicio de Cartograf\u00eda, realizar el pr\u00e9stamo del material topogr\u00e1fico, favoreciendo el buen uso del mismo, y colaborar en su mantenimiento<\/p>\r\n<p style=\"text-align: left;\"><em>PRESTAMO DE BICIS<\/em><\/p>\r\n<p style=\"text-align: left;\">Colaborar con el Servicio de pr\u00e9stamo de Bicicletas y en gestiones relacionadas con Actividades Deportivas.<\/p>\r\n<p style=\"text-align: left;\"><em>BIBLIOTECA<\/em><\/p>\r\n<p style=\"text-align: left;\">Favorecer el buen uso y colaborar en el mantenimiento de la Biblioteca del Campus de Ponferrada.<\/p>\r\n<p style=\"text-align: left;\"><em>PROGRAMA VIVIENDA\/<\/em><\/p>\r\n<p style=\"text-align: left;\">Colaborar en las tareas promovidas por la \u201cJunta de Estudiantes\u201d, relacionadas con la actividad estudiantil de la Universidad de Le\u00f3n en el \u00e1mbito universitario del Campus de Ponferrada, as\u00ed como la atenci\u00f3n, mantenimiento y actualizaci\u00f3n de los datos del \u201cprograma vivienda\u201d<\/p>\r\n<p style=\"text-align: left;\"><em>AULA DE INFORM\u00c1TICA<\/em><\/p>\r\n<p style=\"text-align: left;\">Favorecer el buen uso de las aulas de Inform\u00e1tica, colaborar en su mantenimiento, y actuar como intermediarios entre los responsables de dichas aulas y sus usuarios.<\/p>\r\n\r\n<ol style=\"text-align: left;\" start=\"2\">\r\n\t<li><strong>DURACION, Y DOTACION DE LA ESTANCIA<\/strong><\/li>\r\n<\/ol>\r\n<p style=\"text-align: left;\">La\u00a0 estancia tendr\u00e1 una duraci\u00f3n del <strong>19 de noviembre al 19 de diciembre de 2014<\/strong> y <strong>del 12 de enero al 31 de mayo de 2015<\/strong>, a raz\u00f3n de <strong>10 horas semanales<\/strong> con una ayuda al estudio de <strong>200\u20ac\/mes (excepto Enero que ser\u00e1 de 150\u20ac).<\/strong> Si existiesen necesidades por alguno de los servicios, las estancias podr\u00e1n ser prorrogadas.<\/p>\r\n<p style=\"text-align: left;\">Esta estancia est\u00e1 sujeta al impuesto de la Renta de las Personas F\u00edsicas, y en ning\u00fan caso su disfrute tendr\u00e1 efectos jur\u00eddicos-laborales entre el alumno seleccionado y la Universidad de Le\u00f3n, y en consecuencia su concesi\u00f3n no implica ning\u00fan tipo de relaci\u00f3n contractual laboral o administrativa con dicha Universidad.<\/p>\r\n\r\n<ol style=\"text-align: left;\" start=\"3\">\r\n\t<li><strong>REQUISITOS DE LOS ASPIRANTES<\/strong><\/li>\r\n<\/ol>\r\n<p style=\"text-align: left;\"><em>\u00a0\u00a0\u00a0\u00a0\u00a0\u00a0\u00a0\u00a0 CONDICIONES GENERALES<\/em><\/p>\r\n<p style=\"text-align: left;\">Estar matriculado en la Universidad de Le\u00f3n en los cursos segundo o superior de las titulaciones de Grado, o en cualquier curso de las titulaciones de primer o segundo ciclo y posgrado.<\/p>\r\n<p style=\"text-align: left;\">Haber aprobado, como m\u00ednimo, el 50% de las asignaturas\/cr\u00e9ditos en los que se hubiera matriculado en el curso anterior (2013\/2014).<\/p>\r\n<p style=\"text-align: left;\">Estar matriculado, en el presente curso, de un m\u00ednimo de tres asignaturas anuales o 30 cr\u00e9ditos o en su caso del total de cr\u00e9ditos que resten para finalizar su titulaci\u00f3n.<\/p>\r\n<p style=\"text-align: left;\">\u00a0\u00a0\u00a0\u00a0\u00a0\u00a0\u00a0\u00a0 <em>CONDICIONES ESPEC\u00cdFICAS<\/em><\/p>\r\n<p style=\"text-align: left;\">Formaci\u00f3n espec\u00edfica dependiendo de la actividad a desarrollar.<\/p>\r\n<p style=\"text-align: left;\">La Comisi\u00f3n fijar\u00e1 racionalmente los horarios de los alumnos seleccionados, as\u00ed como el destino principal, que podr\u00e1 ser variable en un \u00e1mbito determinado cuando las necesidades de los distintos servicios lo requieran.<\/p>\r\n\r\n<ol style=\"text-align: left;\" start=\"4\">\r\n\t<li><strong>PRESENTACION DE INSTANCIAS<\/strong><\/li>\r\n<\/ol>\r\n<p style=\"text-align: left;\">Las instancias, dirigidas al Sr. Vicerrector de Estudiantes, de forma online mediante un formulario que se encuentra disponible en la p\u00e1gina web del \u00c1rea de Actividad Estudiantil hasta las <strong>12 horas del d\u00eda 31 de octubre de 2014<\/strong>. Para ello, se deber\u00e1 rellenar el formulario, y <strong>tras ello recibir\u00e1n un email con las instrucciones a seguir y la documentaci\u00f3n que remitir, <\/strong>la cual deber\u00e1 entregarse antes de las <strong>14h del d\u00eda 31 de octubre<\/strong> <strong>de 2014.<\/strong><\/p>\r\n<p style=\"text-align: left;\">La no presentaci\u00f3n o presentaci\u00f3n fuera del plazo marcado por esta convocatoria de la documentaci\u00f3n solicitada supondr\u00e1 la exclusi\u00f3n autom\u00e1tica del proceso selectivo al finalizar el periodo de presentaci\u00f3n de instancias.<\/p>\r\n\r\n<ol style=\"text-align: left;\" start=\"5\">\r\n\t<li><strong>SELECCI\u00d3N DE ASPIRANTES<\/strong><\/li>\r\n<\/ol>\r\n<p style=\"text-align: left;\">Se formar\u00e1 una Comisi\u00f3n nombrada y presidida por el Vicerrector de Estudiantes e integrada por la Delegada del Rector para el Campus de Ponferrada y un representante de la Junta de Estudiantes o persona en quien deleguen.<\/p>\r\n<p style=\"text-align: left;\">Dicha comisi\u00f3n valorar\u00e1 el expediente acad\u00e9mico, la formaci\u00f3n espec\u00edfica del alumno para los distintos servicios de la estancia y podr\u00e1 tener en cuenta la situaci\u00f3n econ\u00f3mica familiar justificada. As\u00ed mismo, podr\u00e1 convocar a los aspirantes para realizar entrevistas personales y\/o pruebas pr\u00e1cticas selectivas, si lo estimase oportuno.<\/p>\r\n\r\n<ol style=\"text-align: left;\" start=\"6\">\r\n\t<li><strong>NOMBRAMIENTO DE ASPIRANTES<\/strong><\/li>\r\n<\/ol>\r\n<p style=\"text-align: left;\">El Vicerrector efectuar\u00e1 el nombramiento de los alumnos seleccionado, cuya lista se har\u00e1 p\u00fablica el d\u00eda <strong>11 de noviembre de 2014<\/strong>, en el tabl\u00f3n de anuncios del Vicerrectorado de Estudiantes, en la web de la Universidad y en la web del \u00c1rea de Actividades Estudiantiles.<\/p>\r\n<p style=\"text-align: left;\">El disfrute de esta estancia es compatible con el de ayudas al estudio del Ministerio de Educaci\u00f3n y Ciencia, Junta de Castilla y Le\u00f3n, y ayudas al estudio por escasez de recursos, e incompatible con el disfrute de otras estancias de colaboraci\u00f3n, o cualquier otra convocada por esta Universidad o si el estudiante es contribuyente con rendimientos de trabajo.<\/p>\r\n\r\n<ol style=\"text-align: left;\" start=\"7\">\r\n\t<li><strong>RESCISION Y RENUNCIA DE LAS ESTANCIAS<\/strong><\/li>\r\n<\/ol>\r\n<p style=\"text-align: left;\">Esta estancia podr\u00e1 ser rescindida por el Vicerrector de Estudiantes a propuesta justificada de la Delegada del Rector para el Campus de Ponferrada. El disfrute de una de estas estancias no presupone la obtenci\u00f3n de un diploma, y no compromete al Vicerrectorado de Estudiantes a posteriores renovaciones.<\/p>\r\n<p style=\"text-align: left;\">Los estudiantes a los que se les haya rescindido la estancia, o que renuncien sin causa justificada y documentada no podr\u00e1n optar a la convocatoria de estancias de colaboraci\u00f3n del curso 2015-2016.<\/p>","protected":false},"excerpt":{"rendered":"<p>CONVOCATORIA PDF\u00a0 OBJETO DE LA ESTANCIA \u00a0\u00a0\u00a0\u00a0\u00a0\u00a0\u00a0\u00a0\u00a0\u00a0\u00a0 La presente convocatoria, tiene por objeto el desempe\u00f1o de diferentes actividades dentro del Campus de Ponferrada de la Universidad de Le\u00f3n. Una vez seleccionado en uno de los servicios, puede ser posible que en temporadas de alta demanda, el alumno deber\u00e1 dar apoyo a cualquiera de los otros [&hellip;]<\/p>\n","protected":false},"author":25,"featured_media":0,"parent":0,"menu_order":0,"comment_status":"closed","ping_status":"closed","template":"","meta":{"footnotes":""},"class_list":["post-317","page","type-page","status-publish","hentry"],"_links":{"self":[{"href":"https:\/\/servicios.unileon.es\/actividad-estudiantil\/wp-json\/wp\/v2\/pages\/317","targetHints":{"allow":["GET"]}}],"collection":[{"href":"https:\/\/servicios.unileon.es\/actividad-estudiantil\/wp-json\/wp\/v2\/pages"}],"about":[{"href":"https:\/\/servicios.unileon.es\/actividad-estudiantil\/wp-json\/wp\/v2\/types\/page"}],"author":[{"embeddable":true,"href":"https:\/\/servicios.unileon.es\/actividad-estudiantil\/wp-json\/wp\/v2\/users\/25"}],"replies":[{"embeddable":true,"href":"https:\/\/servicios.unileon.es\/actividad-estudiantil\/wp-json\/wp\/v2\/comments?post=317"}],"version-history":[{"count":6,"href":"https:\/\/servicios.unileon.es\/actividad-estudiantil\/wp-json\/wp\/v2\/pages\/317\/revisions"}],"predecessor-version":[{"id":399,"href":"https:\/\/servicios.unileon.es\/actividad-estudiantil\/wp-json\/wp\/v2\/pages\/317\/revisions\/399"}],"wp:attachment":[{"href":"https:\/\/servicios.unileon.es\/actividad-estudiantil\/wp-json\/wp\/v2\/media?parent=317"}],"curies":[{"name":"wp","href":"https:\/\/api.w.org\/{rel}","templated":true}]}}