{"id":2950,"date":"2025-06-25T13:35:10","date_gmt":"2025-06-25T11:35:10","guid":{"rendered":"https:\/\/servicios.unileon.es\/actividad-estudiantil\/?page_id=2950"},"modified":"2025-07-24T09:10:27","modified_gmt":"2025-07-24T07:10:27","slug":"ayuda-a-residencia-para-estudiantes-afectados-por-conflictos-belicos-2025-2026","status":"publish","type":"page","link":"https:\/\/servicios.unileon.es\/actividad-estudiantil\/ayuda-a-residencia-para-estudiantes-afectados-por-conflictos-belicos-2025-2026\/","title":{"rendered":"Ayuda a Residencia para estudiantes afectados por conflictos b\u00e9licos 2025-2026"},"content":{"rendered":"<p>El Vicerrectorado de Estudiantes, Cultura y Deportes convoca en r\u00e9gimen de concurrencia competitiva, <strong>1 ayuda de residencia<\/strong> para estudiantes matriculados durante el curso acad\u00e9mico 2025-2026 en estudios de Grado o M\u00e1ster oficial en la Universidad de Le\u00f3n, afectados por conflictos humanitarios o b\u00e9licos.<\/p>\r\n<p>Las ayudas tienen como objetivo abonar durante el curso 2025\/2026, el 100% del total del alojamiento y manutenci\u00f3n en habitaci\u00f3n doble con ba\u00f1o compartido en un Colegio Mayor de la Universidad de Le\u00f3n.<\/p>\r\n<p><a href=\"https:\/\/servicios.unileon.es\/actividad-estudiantil\/files\/2025\/06\/convocatoria_ayudas_residencia_afectados_conflictos_belicos2025_2026.pdf\"><strong>Convocatoria (texto completo)<\/strong><\/a><\/p>\r\n\r\n<!--\r\n<p><strong>PLAZO DE PRESENTACI\u00d3N DE INSTANCIAS<\/strong><\/p>\r\n<p>El plazo de presentaci\u00f3n de solicitudes <strong>del 1 al 15 de julio de 2025, a las 14:00 horas<\/strong><\/p>\r\n<p><a href=\"https:\/\/forms.gle\/uWxqHpvVoBwYwDtG7\" target=\"_blank\" rel=\"noopener\"><strong>Formulario de solicitud<\/strong><\/a><\/p>\r\n<p><strong>IMPORTANTE:<\/strong> Se recuerda que para poder acceder al formulario todas las cuentas de correo personales deber\u00e1n estar cerradas. El formulario les solicitar\u00e1 previamente que se identifiquen con su correo institucional de la Universidad de Le\u00f3n a menos que en ese momento ya lo tengan abierto en su navegador.<\/p>\r\n-->\r\n<p>&nbsp;<\/p>\r\n<p><strong>RESOLUCI\u00d3N<\/strong><\/p>\r\n<p><a href=\"https:\/\/servicios.unileon.es\/actividad-estudiantil\/files\/2025\/07\/convocatoria_ayudas_residencia_afectados_conflictos_belicos2025_2026.pdf\">Resoluci\u00f3n provisional<\/a><\/p>\r\n<p><a href=\"https:\/\/servicios.unileon.es\/actividad-estudiantil\/files\/2025\/07\/resolucion_definitiva_convocatoria_ayudas_residencia_afectados_conflictos_belicos2025_2026.pdf\"><strong>Resoluci\u00f3n Definitiva<\/strong><\/a><\/p>\r\n\r\n<!--\r\n<p><strong>RESOLUCI\u00d3N DEFINITIVA<\/strong><\/p>\r\n<p><a href=\"https:\/\/servicios.unileon.es\/actividad-estudiantil\/files\/2025\/07\/resolucion_definitiva_convocatoria_ayudas_residencia_excelencia_academica2025_2026.pdf\">Resoluci\u00f3n definitiva.<\/a><\/p>\r\n<p>&nbsp;<\/p>\r\n\r\n\r\n-->","protected":false},"excerpt":{"rendered":"<p>El Vicerrectorado de Estudiantes, Cultura y Deportes convoca en r\u00e9gimen de concurrencia competitiva, 1 ayuda de residencia para estudiantes matriculados durante el curso acad\u00e9mico 2025-2026 en estudios de Grado o M\u00e1ster oficial en la Universidad de Le\u00f3n, afectados por conflictos humanitarios o b\u00e9licos. Las ayudas tienen como objetivo abonar durante el curso 2025\/2026, el 100% [&hellip;]<\/p>\n","protected":false},"author":344,"featured_media":0,"parent":0,"menu_order":0,"comment_status":"closed","ping_status":"closed","template":"","meta":{"footnotes":""},"class_list":["post-2950","page","type-page","status-publish","hentry"],"_links":{"self":[{"href":"https:\/\/servicios.unileon.es\/actividad-estudiantil\/wp-json\/wp\/v2\/pages\/2950","targetHints":{"allow":["GET"]}}],"collection":[{"href":"https:\/\/servicios.unileon.es\/actividad-estudiantil\/wp-json\/wp\/v2\/pages"}],"about":[{"href":"https:\/\/servicios.unileon.es\/actividad-estudiantil\/wp-json\/wp\/v2\/types\/page"}],"author":[{"embeddable":true,"href":"https:\/\/servicios.unileon.es\/actividad-estudiantil\/wp-json\/wp\/v2\/users\/344"}],"replies":[{"embeddable":true,"href":"https:\/\/servicios.unileon.es\/actividad-estudiantil\/wp-json\/wp\/v2\/comments?post=2950"}],"version-history":[{"count":7,"href":"https:\/\/servicios.unileon.es\/actividad-estudiantil\/wp-json\/wp\/v2\/pages\/2950\/revisions"}],"predecessor-version":[{"id":2976,"href":"https:\/\/servicios.unileon.es\/actividad-estudiantil\/wp-json\/wp\/v2\/pages\/2950\/revisions\/2976"}],"wp:attachment":[{"href":"https:\/\/servicios.unileon.es\/actividad-estudiantil\/wp-json\/wp\/v2\/media?parent=2950"}],"curies":[{"name":"wp","href":"https:\/\/api.w.org\/{rel}","templated":true}]}}