{"id":2927,"date":"2025-06-02T12:08:36","date_gmt":"2025-06-02T10:08:36","guid":{"rendered":"https:\/\/servicios.unileon.es\/actividad-estudiantil\/?page_id=2927"},"modified":"2025-07-24T09:06:56","modified_gmt":"2025-07-24T07:06:56","slug":"convocatoria-de-ayudas-de-alojamiento-en-los-colegios-mayores-san-isidoro-y-la-tebaida-para-deportistas-curso-2025-2026","status":"publish","type":"page","link":"https:\/\/servicios.unileon.es\/actividad-estudiantil\/convocatoria-de-ayudas-de-alojamiento-en-los-colegios-mayores-san-isidoro-y-la-tebaida-para-deportistas-curso-2025-2026\/","title":{"rendered":"CONVOCATORIA DE AYUDAS DE ALOJAMIENTO EN LOS COLEGIOS MAYORES SAN ISIDORO Y LA TEBAIDA PARA DEPORTISTAS &#8211; CURSO 2025\/2026"},"content":{"rendered":"<h3>CARACTER\u00cdSTICAS DE LAS AYUDAS<\/h3>\r\n<p>Se convocan 2 tipos de ayudas:<\/p>\r\n<ul>\r\n    <li>6 Becas de residencia en el Colegio Mayor Universitario San Isidoro que incluyen alojamiento y pensi\u00f3n completa.<\/li>\r\n    <li>1 Beca de residencia en el Colegio Mayor Universitario La Tebaida que incluye alojamiento y pensi\u00f3n completa.<\/li>\r\n<\/ul>\r\n<p>La concesi\u00f3n de estas ayudas se har\u00e1 con cargo al programa 322D.5.01 y la aplicaci\u00f3n presupuestaria 489.08 del presupuesto de la Universidad de Le\u00f3n para el a\u00f1o 2025, por un importe m\u00e1ximo de 36.000 \u20ac. En todo caso, la concesi\u00f3n del conjunto de estas ayudas estar\u00e1 supeditada a la existencia de cr\u00e9dito adecuado y suficiente en la referida aplicaci\u00f3n presupuestaria en el momento de la resoluci\u00f3n de la concesi\u00f3n.<\/p>\r\n<p>No procede prorrateo entre los beneficiarios en determinadas condiciones cuando el presupuesto no alcance para el total de solicitudes y todas o algunas alcancen determinado nivel de puntuaci\u00f3n.<\/p>\r\n\r\n<p><a href=\"https:\/\/www.unileon.es\/files\/2025-06\/convocatoria_ayudas_alojamiento_colegios_mayores_deportistas2025_2026.pdf\">Convocatoria (texto completo)<\/a><\/p>\r\n<!--\r\n<p>&nbsp;<\/p>\r\n<p><b>PLAZO DE PRESENTACI\u00d3N DE INSTANCIAS<\/b><\/p>\r\n<p>Desde el <b>9 de junio<\/b> hasta las 14:00 horas del d\u00eda <b>15 de julio de 2025<\/b><\/p>\r\n<p><a href=\"https:\/\/forms.gle\/sn195epknsyF4FwE9\"><strong>Formulario de solicitud<\/strong><\/a><\/p>\r\n<p><small><b>IMPORTANTE<\/b>: Se recuerda que para poder acceder al formulario todas las cuentas de correo personales deber\u00e1n estar cerradas. El formulario les solicitar\u00e1 previamente que se identifiquen con su correo institucional de la Universidad de Le\u00f3n a menos que en ese momento ya lo tengan abierto en su navegador.<\/small><\/p>\r\n-->\r\n<p>&nbsp;<\/p>\r\n\r\n<h3>RESOLUCI\u00d3N<\/h3>\r\n<p><a href=\"https:\/\/servicios.unileon.es\/actividad-estudiantil\/files\/2025\/07\/resolucion_provisional_convocatoria_ayudas_alojamiento_colegios_mayores_deportistas2025_2026.pdf\">Resoluci\u00f3n Provisional<\/a><\/p>\r\n<p><a href=\"https:\/\/servicios.unileon.es\/actividad-estudiantil\/files\/2025\/07\/resolucion_definitiva_convocatoria_ayudas_alojamiento_colegios_mayores_deportistas2025_2026.pdf\"><strong>Resoluci\u00f3n Definitiva<\/strong><\/a><\/p>\r\n<!-- \r\n<p>&nbsp;<\/p>\r\n<h3>RESOLUCI\u00d3N DEFINITIVA 2024-2025<\/h3>\r\n<p><a href=\"https:\/\/servicios.unileon.es\/actividad-estudiantil\/files\/2025\/06\/resolucion_definitiva_dan24_25.pdf\"><strong>Resoluci\u00f3n Definitiva de las Ayudas a Deportistas de Alto Nivel<\/strong><\/a><\/p>\r\n -->","protected":false},"excerpt":{"rendered":"<p>CARACTER\u00cdSTICAS DE LAS AYUDAS Se convocan 2 tipos de ayudas: 6 Becas de residencia en el Colegio Mayor Universitario San Isidoro que incluyen alojamiento y pensi\u00f3n completa. 1 Beca de residencia en el Colegio Mayor Universitario La Tebaida que incluye alojamiento y pensi\u00f3n completa. La concesi\u00f3n de estas ayudas se har\u00e1 con cargo al programa [&hellip;]<\/p>\n","protected":false},"author":344,"featured_media":0,"parent":0,"menu_order":0,"comment_status":"closed","ping_status":"closed","template":"","meta":{"footnotes":""},"class_list":["post-2927","page","type-page","status-publish","hentry"],"_links":{"self":[{"href":"https:\/\/servicios.unileon.es\/actividad-estudiantil\/wp-json\/wp\/v2\/pages\/2927","targetHints":{"allow":["GET"]}}],"collection":[{"href":"https:\/\/servicios.unileon.es\/actividad-estudiantil\/wp-json\/wp\/v2\/pages"}],"about":[{"href":"https:\/\/servicios.unileon.es\/actividad-estudiantil\/wp-json\/wp\/v2\/types\/page"}],"author":[{"embeddable":true,"href":"https:\/\/servicios.unileon.es\/actividad-estudiantil\/wp-json\/wp\/v2\/users\/344"}],"replies":[{"embeddable":true,"href":"https:\/\/servicios.unileon.es\/actividad-estudiantil\/wp-json\/wp\/v2\/comments?post=2927"}],"version-history":[{"count":6,"href":"https:\/\/servicios.unileon.es\/actividad-estudiantil\/wp-json\/wp\/v2\/pages\/2927\/revisions"}],"predecessor-version":[{"id":2974,"href":"https:\/\/servicios.unileon.es\/actividad-estudiantil\/wp-json\/wp\/v2\/pages\/2927\/revisions\/2974"}],"wp:attachment":[{"href":"https:\/\/servicios.unileon.es\/actividad-estudiantil\/wp-json\/wp\/v2\/media?parent=2927"}],"curies":[{"name":"wp","href":"https:\/\/api.w.org\/{rel}","templated":true}]}}