{"id":2271,"date":"2022-09-19T11:55:05","date_gmt":"2022-09-19T09:55:05","guid":{"rendered":"https:\/\/servicios.unileon.es\/actividad-estudiantil\/?page_id=2271"},"modified":"2023-05-23T07:36:14","modified_gmt":"2023-05-23T05:36:14","slug":"estancias-de-colaboracion-2022-23","status":"publish","type":"page","link":"https:\/\/servicios.unileon.es\/actividad-estudiantil\/estancias-de-colaboracion-2022-23\/","title":{"rendered":"Estancias de Colaboraci\u00f3n 2022\/23"},"content":{"rendered":"Se convocan estancias de colaboraci\u00f3n en Servicios Universitarios para cubrir las necesidades que \u00e9stos requieren.\r\n\r\n<h1>Novena Convocatoria<\/h1>\r\n<h3>CARACTER\u00cdSTICAS DE LA AYUDA (9\u00aa Convocatoria)<\/h3>\r\n<ul>\r\n    <li>1 Estancia colaboraci\u00f3n en el Decanato Facultad Veterinaria &#8211; Preparaci\u00f3n visita Comit\u00e9 EAEVE<\/li>\r\n<\/ul>\r\n<a href=\"https:\/\/servicios.unileon.es\/actividad-estudiantil\/files\/2023\/05\/CONVOCATORIA_ESTANCIA_COLABORACION_VISITA_COMITE_EAEVE20230510.pdf\">Convocatoria (texto completo)<\/a>\r\n\r\n<!--\r\n<h3>PLAZO DE PRESENTACI\u00d3N DE INSTANCIAS<\/h3>\r\nEl plazo de presentaci\u00f3n de solicitudes finaliza el <strong>el 16 de mayo de 2023, a las 14:00 horas<\/strong>.\r\n\r\n<strong><a href=\"https:\/\/forms.gle\/7aWRB2dpi9UePsUe9\" target=\"_blank\" rel=\"noopener\">Formulario de solicitud<\/a><\/strong>\r\n\r\n<b>IMPORTANTE<\/b>: Se recuerda que para poder acceder al formulario todas las cuentas de correo personales deber\u00e1n estar cerradas. El formulario les solicitar\u00e1 previamente que se identifiquen con su correo institucional de la Universidad de Le\u00f3n a menos que en ese momento ya lo tengan abierto en su navegador.\r\n-->\r\n<h3>RESOLUCI\u00d3N DE LAS INSTANCIAS<\/h3>\r\n<strong><a href=\"http:\/\/servicios.unileon.es\/actividad-estudiantil\/files\/2023\/05\/RESOLUCION_CONVOCATORIA_ESTANCIA_COLABORACION_VISITA_COMITE_EAEVE20230510.pdf\">Resoluci\u00f3n Estancia colaboraci\u00f3n en el Decanato Facultad Veterinaria<\/a><\/strong>\r\n\r\n\r\n<h1>Octava Convocatoria<\/h1>\r\n<h3>CARACTER\u00cdSTICAS DE LA AYUDA (8\u00aa Convocatoria)<\/h3>\r\n<ul>\r\n    <li>1 Estancia colaboraci\u00f3n en la Oficina Verde-Eco huertos<\/li>\r\n<\/ul>\r\n<a href=\"https:\/\/servicios.unileon.es\/actividad-estudiantil\/files\/2023\/05\/CONVOCATORIA_ESTANCIA_COLABORACION_OFICINA_VERDE_HUERTOS20230510.pdf\">Convocatoria (texto completo)<\/a>\r\n\r\n<!--\r\n<h3>PLAZO DE PRESENTACI\u00d3N DE INSTANCIAS<\/h3>\r\nEl plazo de presentaci\u00f3n de solicitudes finaliza el <strong>el 16 de mayo de 2023, a las 14:00 horas<\/strong>.\r\n\r\n<strong><a href=\"https:\/\/forms.gle\/7xkE4aWGAZnwkqYq6\" target=\"_blank\" rel=\"noopener\">Formulario de solicitud<\/a><\/strong>\r\n\r\n<b>IMPORTANTE<\/b>: Se recuerda que para poder acceder al formulario todas las cuentas de correo personales deber\u00e1n estar cerradas. El formulario les solicitar\u00e1 previamente que se identifiquen con su correo institucional de la Universidad de Le\u00f3n a menos que en ese momento ya lo tengan abierto en su navegador.\r\n-->\r\n<h3>RESOLUCI\u00d3N DE LAS INSTANCIAS<\/h3>\r\n<strong><a href=\"http:\/\/servicios.unileon.es\/actividad-estudiantil\/files\/2023\/05\/RESOLUCION_CONVOCATORIA_ESTANCIA_COLABORACION_OFICINA_VERDE_HUERTOS20230510.pdf\">Resoluci\u00f3n Estancia colaboraci\u00f3n en la Oficina Verde-Eco huertos<\/a><\/strong>\r\n\r\n\r\n<h1>S\u00e9ptima Convocatoria<\/h1>\r\n<h3>CARACTER\u00cdSTICAS DE LAS AYUDAS (7\u00aa Convocatoria)<\/h3>\r\n<ul>\r\n    <li>1 Estancia colaboraci\u00f3n en el \u00c1rea de Acceso<\/li>\r\n<\/ul>\r\n<a href=\"https:\/\/servicios.unileon.es\/actividad-estudiantil\/files\/2023\/03\/CONVOCATORIA_ESTANCIA_COLABORACION_AREA_ACCESO_C2023.pdf\">Convocatoria (texto completo)<\/a>\r\n<!--\r\n<h3>PLAZO DE PRESENTACI\u00d3N DE INSTANCIAS<\/h3>\r\nEl plazo de presentaci\u00f3n de solicitudes finaliza el <strong>el 22 de marzo de 2023, a las 14:00 horas<\/strong>.\r\n\r\n<strong><a href=\"https:\/\/forms.gle\/a41wySvqmEDKH7Ue8\" target=\"_blank\" rel=\"noopener\">Formulario de solicitud<\/a><\/strong> -->\r\n\r\n<b>IMPORTANTE<\/b>: Se recuerda que para poder acceder al formulario todas las cuentas de correo personales deber\u00e1n estar cerradas. El formulario les solicitar\u00e1 previamente que se identifiquen con su correo institucional de la Universidad de Le\u00f3n a menos que en ese momento ya lo tengan abierto en su navegador.\r\n<h3>RESOLUCI\u00d3N DE LAS INSTANCIAS<\/h3>\r\n<strong><a href=\"http:\/\/servicios.unileon.es\/actividad-estudiantil\/files\/2023\/03\/RESOLUCION_CONVOCATORIA_ESTANCIA_COLABORACION_AREA_ACCESO_C2023.pdf\">Resoluci\u00f3n Estancia colaboraci\u00f3n en el \u00c1rea de Acceso<\/a><\/strong>\r\n<h1>Sexta Convocatoria<\/h1>\r\n<h3>CARACTER\u00cdSTICAS DE LAS AYUDAS (6\u00aa Convocatoria)<\/h3>\r\n<ul>\r\n    <li>1 Estancia colaboraci\u00f3n en el \u00c1rea Social<\/li>\r\n<\/ul>\r\n<a href=\"https:\/\/servicios.unileon.es\/actividad-estudiantil\/files\/2023\/03\/CONVOCATORIA_DE_ESTANCIA_COLABORACION_SERVICIOS_UNIVERSITARIOS-Area_Social-Curso2022-23.pdf\">Convocatoria (texto completo)<\/a>\r\n<!--\r\n<h3>PLAZO DE PRESENTACI\u00d3N DE INSTANCIAS<\/h3>\r\nEl plazo de presentaci\u00f3n de solicitudes finaliza el <strong>el 20 de marzo de 2023, a las 14:00 horas<\/strong>.\r\n\r\n<strong><a href=\"https:\/\/forms.gle\/pkb4KeWUeVPxYYD59\" target=\"_blank\" rel=\"noopener\">Formulario de solicitud<\/a><\/strong> -->\r\n\r\n<b>IMPORTANTE<\/b>: Se recuerda que para poder acceder al formulario todas las cuentas de correo personales deber\u00e1n estar cerradas. El formulario les solicitar\u00e1 previamente que se identifiquen con su correo institucional de la Universidad de Le\u00f3n a menos que en ese momento ya lo tengan abierto en su navegador.\r\n<h3>RESOLUCI\u00d3N DE LAS INSTANCIAS<\/h3>\r\n<strong><a href=\"http:\/\/servicios.unileon.es\/actividad-estudiantil\/files\/2023\/03\/RESOLUCION_CONVOCATORIA_DE_ESTANCIA_COLABORACION_SERVICIOS_UNIVERSITARIOS-Area_Social-Curso2022-23.pdf\">Resoluci\u00f3n Estancia colaboraci\u00f3n en el \u00c1rea Social<\/a><\/strong>\r\n<h1>Quinta Convocatoria<\/h1>\r\n<h3>CARACTER\u00cdSTICAS DE LAS AYUDAS (5\u00aa Convocatoria)<\/h3>\r\n<ul>\r\n    <li>2 Programa de Acercamiento Intergeneracional entre personas mayores y la comunidad universitaria &#8211; Campus Ponferrada<\/li>\r\n<\/ul>\r\n<a href=\"https:\/\/servicios.unileon.es\/actividad-estudiantil\/files\/2023\/02\/CONVOCATORIA_ESTANCIAS_COLABORACION_SERVICIOS_UNIVERSITARIOS_2022-23-Programa_Acercamiento_Intergeneracional-Campus_Ponferrada.pdf\">Convocatoria (texto completo)<\/a>\r\n<!--\r\n<h3>PLAZO DE PRESENTACI\u00d3N DE INSTANCIAS<\/h3>\r\nEl plazo de presentaci\u00f3n de solicitudes finaliza el <strong>el 06 de febrero de 2023, a las 14:00 horas<\/strong>.\r\n\r\n<strong><a href=\"https:\/\/forms.gle\/5kPHHjfHHtMXdcGs7\" target=\"_blank\" rel=\"noopener\">Formulario de solicitud<\/a><\/strong> -->\r\n\r\n<b>IMPORTANTE<\/b>: Se recuerda que para poder acceder al formulario todas las cuentas de correo personales deber\u00e1n estar cerradas. El formulario les solicitar\u00e1 previamente que se identifiquen con su correo institucional de la Universidad de Le\u00f3n a menos que en ese momento ya lo tengan abierto en su navegador.\r\n<h3>RESOLUCI\u00d3N DE LAS INSTANCIAS<\/h3>\r\n<strong><a href=\"http:\/\/servicios.unileon.es\/actividad-estudiantil\/files\/2023\/02\/resolucion_estancias_programa_acercamiento_intergeneracional_ponferrrada20230210.pdf\">Resoluci\u00f3n Estancias Programa de Acercamiento Intergeneracional entre personas mayores y la comunidad universitaria &#8211; Campus Ponferrada<\/a><\/strong>\r\n<h1>Cuarta Convocatoria<\/h1>\r\n<h3>CARACTER\u00cdSTICAS DE LAS AYUDAS (4\u00aa Convocatoria)<\/h3>\r\n<ul>\r\n    <li>4 Programa de acercamiento intergeneracional entre personas mayores y la comunidad universitaria<\/li>\r\n<\/ul>\r\n<a href=\"https:\/\/servicios.unileon.es\/actividad-estudiantil\/files\/2023\/01\/CONVOCATORIA_ESTANCIAS_COLABORACION_SERVICIOS_UNIVERSITARIOS_2022-23-Programa_Acercamiento_Intergeneracional-Campus_Vegazana.pdf\">Convocatoria (texto completo)<\/a>\r\n<!--\r\n<h3>PLAZO DE PRESENTACI\u00d3N DE INSTANCIAS<\/h3>\r\nEl plazo de presentaci\u00f3n de solicitudes finaliza el <strong>el 16 de enero de 2023, a las 14:00 horas<\/strong>.\r\n\r\n<strong><a href=\"https:\/\/forms.gle\/357cDhXQB26WqPNv5\" target=\"_blank\" rel=\"noopener\">Formulario de solicitud<\/a><\/strong>\r\n\r\n<b>IMPORTANTE<\/b>: Se recuerda que para poder acceder al formulario todas las cuentas de correo personales deber\u00e1n estar cerradas. El formulario les solicitar\u00e1 previamente que se identifiquen con su correo institucional de la Universidad de Le\u00f3n a menos que en ese momento ya lo tengan abierto en su navegador. -->\r\n<h3>RESOLUCI\u00d3N DE LAS INSTANCIAS<\/h3>\r\n<strong><a href=\"http:\/\/servicios.unileon.es\/actividad-estudiantil\/files\/2023\/01\/resolucion_estancias_programa_acercamiento_intergeneracional20230120.pdf\">Resoluci\u00f3n Estancia Programa de acercamiento intergeneracional entre personas mayores y la comunidad universitaria<\/a><\/strong>\r\n<h1>Tercera Convocatoria<\/h1>\r\n<h3>CARACTER\u00cdSTICAS DE LAS AYUDAS (3\u00aa Convocatoria)<\/h3>\r\n<ul>\r\n    <li>1 Responsable de Radio Universitaria<\/li>\r\n<\/ul>\r\n<a href=\"https:\/\/servicios.unileon.es\/actividad-estudiantil\/files\/2022\/11\/CONVOCATORIA-DE-ESTANCIAS-DE-COLABORACION-EN-SERVICIOS-UNIVERSITARIOS-RESPONSABLE-RADIO-UNIVERSITARIA-2022-23.report.pdf\">Convocatoria (texto completo)<\/a>\r\n<!--\r\n<h3>PLAZO DE PRESENTACI\u00d3N DE INSTANCIAS<\/h3>\r\nEl plazo de presentaci\u00f3n de solicitudes finaliza el <strong>el 25 de noviembre de 2022, a las 14:00 horas<\/strong>.\r\n\r\n<strong><a href=\"https:\/\/forms.gle\/Z3EmBdJ98HQvDQkt9\" target=\"_blank\" rel=\"noopener\">Formulario de solicitud<\/a><\/strong>\r\n\r\n<b>IMPORTANTE<\/b>: Se recuerda que para poder acceder al formulario todas las cuentas de correo personales deber\u00e1n estar cerradas. El formulario les solicitar\u00e1 previamente que se identifiquen con su correo institucional de la Universidad de Le\u00f3n a menos que en ese momento ya lo tengan abierto en su navegador. -->\r\n<h3>RESOLUCI\u00d3N DE LAS INSTANCIAS<\/h3>\r\n<a href=\"http:\/\/servicios.unileon.es\/actividad-estudiantil\/files\/2022\/12\/resolucion_estancia_responsable_radio_universitaria20221222.pdf\">Resoluci\u00f3n Estancia <span class=\"gmail_default\">Responsable de\u00a0<\/span> Radio Universitaria<\/a>\r\n<h1>Segunda Convocatoria<\/h1>\r\n<h3>CARACTER\u00cdSTICAS DE LAS AYUDAS (2\u00aa Convocatoria)<\/h3>\r\n<ul>\r\n    <li>12 Servicio de Inform\u00e1tica y Comunicaciones (11 para Campus Le\u00f3n y 1 para Campus Ponferrada)<\/li>\r\n    <li>15 Bibliotecas (13 para Campus Le\u00f3n y 2 para Campus Ponferrada)<\/li>\r\n    <li>1 Proyecto CRIS\/Biblioteca<\/li>\r\n    <li>2 Programa Interuniversitario de la Universidad de la Experiencia (1 para Campus Le\u00f3n y 1 para Campus Ponferrada)<\/li>\r\n    <li>1 Servicio de Movilidad Sostenible de la ULE<\/li>\r\n    <li>2 Radio Universitaria (1 para Campus Le\u00f3n y para Campus Ponferrada)<\/li>\r\n    <li>1 Escuela de Formaci\u00f3n<\/li>\r\n    <li>1 Vicerrectorado de Profesorado<\/li>\r\n    <li>1 Unidad de Rectorado<\/li>\r\n    <li>1 Servicio de Deportes y Programa Vivienda (Campus Ponferrada)<\/li>\r\n    <li>1 Liga Interna<\/li>\r\n<\/ul>\r\n<a href=\"https:\/\/servicios.unileon.es\/actividad-estudiantil\/files\/2022\/10\/CONVOCATORIA-DE-ESTANCIAS-DE-COLABORACION-EN-SERVICIOS-UNIVERSITARIOS-2022-23.pdf\">Convocatoria (texto completo)<\/a>\r\n<!--\r\n<h3>PLAZO DE PRESENTACI\u00d3N DE INSTANCIAS<\/h3>\r\nEl plazo de presentaci\u00f3n de solicitudes finaliza el <strong>17 de octubre de 2022, a las 14:00 horas<\/strong>.\r\n\r\n<strong><a href=\"https:\/\/forms.gle\/D5txDyLFCojX5qtw5\" target=\"_blank\" rel=\"noopener\">Formulario de solicitud<\/a><\/strong>\r\n\r\n<b>IMPORTANTE<\/b>: Se recuerda que para poder acceder al formulario todas las cuentas de correo personales deber\u00e1n estar cerradas. El formulario les solicitar\u00e1 previamente que se identifiquen con su correo institucional de la Universidad de Le\u00f3n a menos que en ese momento ya lo tengan abierto en su navegador. -->\r\n<h3>RESOLUCI\u00d3N DE LAS INSTANCIAS<\/h3>\r\n<a href=\"https:\/\/servicios.unileon.es\/actividad-estudiantil\/files\/2022\/10\/resolucion_estancia_servicio_informatica_y_comunicaciones20221031.pdf\">Resoluci\u00f3n Estancia Servicio de Inform\u00e1tica y Comunicaciones<\/a>\r\n<a href=\"https:\/\/servicios.unileon.es\/actividad-estudiantil\/files\/2022\/10\/resolucion_estancia_bibliotecas_-campus_leon20221031.pdf\">Resoluci\u00f3n Estancia Bibliotecas Campus Le\u00f3n<\/a>\r\n<a href=\"https:\/\/servicios.unileon.es\/actividad-estudiantil\/files\/2022\/10\/resolucion_estancia_bibliotecas_-campus_ponferrada20221031.pdf\">Resoluci\u00f3n Estancia Bibliotecas Campus Ponferrada<\/a>\r\n<a href=\"https:\/\/servicios.unileon.es\/actividad-estudiantil\/files\/2022\/10\/resolucion_estancia_proyecto_cris-biblioteca20221031.pdf\">Resoluci\u00f3n Estancia Proyecto CRIS\/Biblioteca<\/a>\r\n<a href=\"https:\/\/servicios.unileon.es\/actividad-estudiantil\/files\/2022\/10\/resolucion_estancia_programa_interuniversitario_de_la_experiencia_piex.pdf\">Resoluci\u00f3n Estancia Programa Interuniversitario de la Universidad de la Experiencia<\/a>\r\n<a href=\"https:\/\/servicios.unileon.es\/actividad-estudiantil\/files\/2022\/10\/resolucion_estancia_servicio_de_movilidad_sostenible_de_la_ule20221031.pdf\">Resoluci\u00f3n Estancia Servicio de Movilidad Sostenible de la ULE<\/a>\r\n<a href=\"https:\/\/servicios.unileon.es\/actividad-estudiantil\/files\/2022\/10\/resolucion_estancia_radio_universitaria-campus_leon20221031.pdf\">Resoluci\u00f3n Estancia Radio Universitaria Campus Le\u00f3n<\/a>\r\n<a href=\"https:\/\/servicios.unileon.es\/actividad-estudiantil\/files\/2022\/10\/resolucion_estancia_radio_universitaria-campus_ponferrada20221031.pdf\">Resoluci\u00f3n Estancia Radio Universitaria Campus Ponferrada<\/a>\r\n<a href=\"https:\/\/servicios.unileon.es\/actividad-estudiantil\/files\/2022\/10\/resolucion_estancia_escuela_de_formacion20221031.pdf\">Resoluci\u00f3n Estancia Escuela de Formaci\u00f3n<\/a>\r\n<a href=\"https:\/\/servicios.unileon.es\/actividad-estudiantil\/files\/2022\/10\/resolucion_estancia_vicerrectorado_de_profesorado20221031.pdf\">Resoluci\u00f3n Estancia Vicerrectorado de Profesorado<\/a>\r\n<a href=\"https:\/\/servicios.unileon.es\/actividad-estudiantil\/files\/2022\/10\/resolucion_estancia_unidad_de_rectorado20221031.pdf\">Resoluci\u00f3n Estancia Unidad de Rectorado<\/a>\r\n<a href=\"https:\/\/servicios.unileon.es\/actividad-estudiantil\/files\/2022\/10\/resolucion_estancia_servicio_deportes_y_programa_vivienda-campus_ponferrada20221031.pdf\">Resoluci\u00f3n Estancia Servicio de Deportes y Programa Vivienda (Campus Ponferrada)<\/a>\r\n<a href=\"https:\/\/servicios.unileon.es\/actividad-estudiantil\/files\/2022\/10\/resolucion_estancia_asociacion_para_la_recuperacion_de_memoria_historica_armh20221031.pdf\">Resoluci\u00f3n Estancia Asociaci\u00f3n para la Recuperaci\u00f3n de la Memoria Hist\u00f3rica (ARMH)<\/a>\r\n<a href=\"https:\/\/servicios.unileon.es\/actividad-estudiantil\/files\/2022\/10\/resolucion_estancia_en_la_liga_interna20221031.pdf\">Resoluci\u00f3n Estancia Liga Interna<\/a>\r\n<h1>Primera Convocatoria<\/h1>\r\n<h3>CARACTER\u00cdSTICAS DE LAS AYUDAS (1\u00aa Convocatoria)<\/h3>\r\n<strong>Relaci\u00f3n de las d\u00edstintas estancias convocadas:<\/strong>\r\n<ul>\r\n    <li>1 Programa Acercamiento Intergeneracional para Campus Ponferrada<\/li>\r\n    <li>1 Servicio de Radio Universitaria &#8211; Director Radio Universitaria (Campus Le\u00f3n)<\/li>\r\n    <li>1 Programa Vivienda y Apoyo al Vicerrectorado de Estudiantes y Empleo (Campus Le\u00f3n)<\/li>\r\n<\/ul>\r\n<strong>PLAZO DE PRESENTACI\u00d3N DE INSTANCIAS<\/strong>\r\n\r\nEl plazo de presentaci\u00f3n de solicitudes finaliza el <strong>el 26 de septiembre de 2022, a las 14:00 horas<\/strong>\r\n<h3>Formularios de Solicitud<\/h3>\r\n<ul>\r\n    <li><a href=\"https:\/\/forms.gle\/BinNg722fGrdkffB9\" target=\"_blank\" rel=\"noopener\">Formulario de solicitud &#8211; Programa Acercamiento Intergeneracional para Campus Ponferrada<\/a><\/li>\r\n    <li><a href=\"https:\/\/forms.gle\/CGYE4auSgnXVdkZ49\" target=\"_blank\" rel=\"noopener\">Formulario de solicitud &#8211; Servicio de Radio Universitaria &#8211; Director Radio Universitaria (Campus Le\u00f3n)<\/a><\/li>\r\n    <li><a href=\"https:\/\/forms.gle\/7Neavb8PmscjhDcq5\" target=\"_blank\" rel=\"noopener\">Formulario de solicitud &#8211; Programa Vivienda y Apoyo al Vicerrectorado de Estudiantes y Empleo (Campus Le\u00f3n)<\/a><\/li>\r\n<\/ul>\r\n<strong>IMPORTANTE:<\/strong> Se recuerda que para poder acceder al formulario todas las cuentas de correo personales deber\u00e1n estar cerradas. El formulario les solicitar\u00e1 previamente que se identifiquen con su correo institucional de la Universidad de Le\u00f3n a menos que en ese momento ya lo tengan abierto en su navegador.\r\n<h3>Convocatorias<\/h3>\r\n<ul>\r\n    <li><a title=\"Programa Acercamiento Intergeneracional para Campus Ponferrada\" href=\"\/actividad-estudiantil\/files\/2022\/09\/convocatoria_estacias_servicios202223_programa_intergeneracional_ponferrada.pdf\">Programa Acercamiento Intergeneracional para Campus Ponferrada<\/a><\/li>\r\n    <li><a title=\"Servicio de Radio Universitaria - Director Radio Universitaria (Campus Le\u00f3n)\" href=\"\/actividad-estudiantil\/files\/2022\/09\/convocatoria_estacias_servicios202223_director_radio_leon.pdf\">Servicio de Radio Universitaria &#8211; Director Radio Universitaria (Campus Le\u00f3n)<\/a><\/li>\r\n    <li><a title=\"Programa Vivienda y Apoyo al Vicerrectorado de Estudiantes y Empleo (Campus Le\u00f3n)\" href=\"\/actividad-estudiantil\/files\/2022\/09\/convocatoria_estacias_servicios202223_programa_vivienda_leon.pdf\">Programa Vivienda y Apoyo al Vicerrectorado de Estudiantes y Empleo (Campus Le\u00f3n)<\/a><\/li>\r\n<\/ul>\r\n<h3>RESOLUCI\u00d3N DE LAS INSTANCIAS<\/h3>\r\n<a href=\"https:\/\/servicios.unileon.es\/actividad-estudiantil\/files\/2022\/10\/resolucion_estancias_acercamiento_intergeneracional_ponferrada20221004.pdf\"><strong>Resoluci\u00f3n Estancias Programa Acercamiento Intergeneracional para Campus Ponferrada<\/strong><\/a>\r\n<a href=\"https:\/\/servicios.unileon.es\/actividad-estudiantil\/files\/2022\/10\/resolucion_estancia_director_radio_universitaria20221031.pdf\"><strong>Resoluci\u00f3n Estancia Director Radio Universitaria<\/strong><\/a>\r\n<a href=\"https:\/\/servicios.unileon.es\/actividad-estudiantil\/files\/2022\/10\/resolucion_estancia_programa_vivienda_y_apoyo_al_v._estudiantes_y_empleo20221031.pdf\"><strong>Resoluci\u00f3n Estancia Programa Vivienda y Apoyo al Vicerrectorado de Estudiantes y Empleo<\/strong><\/a>","protected":false},"excerpt":{"rendered":"<p>Se convocan estancias de colaboraci\u00f3n en Servicios Universitarios para cubrir las necesidades que \u00e9stos requieren. Novena Convocatoria CARACTER\u00cdSTICAS DE LA AYUDA (9\u00aa Convocatoria) 1 Estancia colaboraci\u00f3n en el Decanato Facultad Veterinaria &#8211; Preparaci\u00f3n visita Comit\u00e9 EAEVE Convocatoria (texto completo) RESOLUCI\u00d3N DE LAS INSTANCIAS Resoluci\u00f3n Estancia colaboraci\u00f3n en el Decanato Facultad Veterinaria Octava Convocatoria CARACTER\u00cdSTICAS DE [&hellip;]<\/p>\n","protected":false},"author":344,"featured_media":0,"parent":0,"menu_order":0,"comment_status":"closed","ping_status":"closed","template":"","meta":{"footnotes":""},"class_list":["post-2271","page","type-page","status-publish","hentry"],"_links":{"self":[{"href":"https:\/\/servicios.unileon.es\/actividad-estudiantil\/wp-json\/wp\/v2\/pages\/2271","targetHints":{"allow":["GET"]}}],"collection":[{"href":"https:\/\/servicios.unileon.es\/actividad-estudiantil\/wp-json\/wp\/v2\/pages"}],"about":[{"href":"https:\/\/servicios.unileon.es\/actividad-estudiantil\/wp-json\/wp\/v2\/types\/page"}],"author":[{"embeddable":true,"href":"https:\/\/servicios.unileon.es\/actividad-estudiantil\/wp-json\/wp\/v2\/users\/344"}],"replies":[{"embeddable":true,"href":"https:\/\/servicios.unileon.es\/actividad-estudiantil\/wp-json\/wp\/v2\/comments?post=2271"}],"version-history":[{"count":28,"href":"https:\/\/servicios.unileon.es\/actividad-estudiantil\/wp-json\/wp\/v2\/pages\/2271\/revisions"}],"predecessor-version":[{"id":2492,"href":"https:\/\/servicios.unileon.es\/actividad-estudiantil\/wp-json\/wp\/v2\/pages\/2271\/revisions\/2492"}],"wp:attachment":[{"href":"https:\/\/servicios.unileon.es\/actividad-estudiantil\/wp-json\/wp\/v2\/media?parent=2271"}],"curies":[{"name":"wp","href":"https:\/\/api.w.org\/{rel}","templated":true}]}}