{"id":2054,"date":"2021-09-29T07:42:44","date_gmt":"2021-09-29T05:42:44","guid":{"rendered":"https:\/\/servicios.unileon.es\/actividad-estudiantil\/?page_id=2054"},"modified":"2022-03-10T09:40:03","modified_gmt":"2022-03-10T07:40:03","slug":"estancias-de-colaboracion-en-servicios-universitarios-2021-22","status":"publish","type":"page","link":"https:\/\/servicios.unileon.es\/actividad-estudiantil\/estancias-de-colaboracion-en-servicios-universitarios-2021-22\/","title":{"rendered":"ESTANCIAS DE COLABORACI\u00d3N EN SERVICIOS UNIVERSITARIOS 2021-22"},"content":{"rendered":"Se convocan estancias de colaboraci\u00f3n en Servicios Universitarios para cubrir las necesidades que \u00e9stos requieren.\r\n\r\n<h1>Cuarta Convocatoria<\/h1>\r\n<h3>CARACTER\u00cdSTICAS DE LAS AYUDAS (4\u00aa Convocatoria)<\/h3>\r\n<ul>\r\n    <li>2 Programa de acercamiento intergeneracional entre personas mayores y la comunidad universitaria &#8211; Campus Le\u00f3n<\/li>\r\n        <li>2 Programa de acercamiento intergeneracional entre personas mayores y la comunidad universitaria &#8211; Campus Ponferrada<\/li>\r\n<\/ul>\r\n<a href=\"https:\/\/servicios.unileon.es\/actividad-estudiantil\/files\/2022\/02\/convocatoria_estancia_de_colaboracion_en_servicios_universitarios_programa_acercamiento_intergeneracional_2021-22.pdf\">Convocatoria (texto completo)<\/a>\r\n<h3>PLAZO DE PRESENTACI\u00d3N DE INSTANCIAS (4\u00aa Convocatoria)<\/h3>\r\nEl plazo de presentaci\u00f3n de solicitudes finaliza <strong>el el 02 de marzo de 2022, a las 14:00 horas<\/strong>.<\/b><\/span>\r\n\r\n<strong><a href=\"https:\/\/forms.gle\/MTuKxAuRPrX1Zdgx7\" target=\"_blank\" rel=\"noopener\">Formulario de solicitud<\/a><\/strong>\r\n\r\n<b>IMPORTANTE<\/b>: Se recuerda que para poder acceder al formulario todas las cuentas de correo personales deber\u00e1n estar cerradas. El formulario les solicitar\u00e1 previamente que se identifiquen con su correo institucional de la Universidad de Le\u00f3n a menos que en ese momento ya lo tengan abierto en su navegador. \r\n\r\n<h3>RESOLUCI\u00d3N DE LAS INSTANCIAS (4\u00aa Convocatoria)<\/h3>\r\n<a href=\"https:\/\/servicios.unileon.es\/actividad-estudiantil\/files\/2022\/03\/resolucion_estancias_acercamiento_intergeneracional_20220310.pdf\">Resoluci\u00f3n Estancias Programa de Acercamiento\r\nIntergeneracional entre personas mayores y la comunidad universitaria<\/a>\r\n\r\n&nbsp;\r\n\r\n<h1>Tercera Convocatoria<\/h1>\r\n<h3>CARACTER\u00cdSTICAS DE LAS AYUDAS (3\u00aa Convocatoria)<\/h3>\r\n<ul>\r\n    <li><span class=\"im\">1 Programa Vivienda y Apoyo a Vicerrectorado de Estudiantes y Empleo <\/span><\/li>\r\n<\/ul>\r\n<a href=\"https:\/\/servicios.unileon.es\/actividad-estudiantil\/files\/2022\/02\/convocatoria_estancia_de_colaboracion_en_servicios_universitarios_programa_vivienda_apoyo_vee.pdf\">Convocatoria (texto completo)<\/a>\r\n<h3>PLAZO DE PRESENTACI\u00d3N DE INSTANCIAS (3\u00aa Convocatoria)<\/h3>\r\nEl plazo de presentaci\u00f3n de solicitudes finaliza <strong>el <\/strong><span class=\"im\"><b>23 de febrero de 2022, a las 14:00 horas.<\/b><\/span>\r\n\r\n<strong><a href=\"https:\/\/forms.gle\/wyzt7Y44wBgqNaX68\" target=\"_blank\" rel=\"noopener\">Formulario de solicitud<\/a><\/strong>\r\n\r\n<b>IMPORTANTE<\/b>: Se recuerda que para poder acceder al formulario todas las cuentas de correo personales deber\u00e1n estar cerradas. El formulario les solicitar\u00e1 previamente que se identifiquen con su correo institucional de la Universidad de Le\u00f3n a menos que en ese momento ya lo tengan abierto en su navegador.\r\n\r\n<h3>RESOLUCI\u00d3N DE LAS INSTANCIAS (3\u00aa Convocatoria)<\/h3>\r\n<a href=\"https:\/\/servicios.unileon.es\/actividad-estudiantil\/files\/2022\/02\/resolucion_estancia_programa_vivienda_y_apoyo-v._estudiantes_y_empleo_20220224.pdf\">Resoluci\u00f3n Estancia Programa Vivienda y Apoyo a Vicerrectorado de Estudiantes y Empleo<\/a>\r\n\r\n&nbsp;\r\n\r\n<h1>Segunda Convocatoria<\/h1>\r\n<h3>CARACTER\u00cdSTICAS DE LAS AYUDAS (2\u00aa Convocatoria)<\/h3>\r\n<ul>\r\n    <li>1 Apoyo a la Unidad de Rectorado<\/li>\r\n    <li>1 Servicio de Movilidad Sostenible<\/li>\r\n    <li>1 Servicio de Inform\u00e1tica y Comunicaciones (Campus Le\u00f3n)<\/li>\r\n    <li>2 Servicio de Radio Universitaria (Campus Le\u00f3n)<\/li>\r\n<\/ul>\r\n<a href=\"https:\/\/servicios.unileon.es\/actividad-estudiantil\/files\/2021\/10\/convocatoria_estancias_colaboracion_servicios_universitarios2021_22_2.pdf\">Convocatoria (texto completo)<\/a>\r\n<h3>PLAZO DE PRESENTACI\u00d3N DE INSTANCIAS (2\u00aa Convocatoria)<\/h3>\r\nEl plazo de presentaci\u00f3n de solicitudes finaliza el <strong>5 de noviembre de 2021, a las 14:00 horas<\/strong>.\r\n\r\n<strong><a href=\"https:\/\/forms.gle\/nTPu7FALg1xC6Gnz8\" target=\"_blank\" rel=\"noopener\">Formulario de solicitud<\/a><\/strong>\r\n\r\n<b>IMPORTANTE<\/b>: Se recuerda que para poder acceder al formulario todas las cuentas de correo personales deber\u00e1n estar cerradas. El formulario les solicitar\u00e1 previamente que se identifiquen con su correo institucional de la Universidad de Le\u00f3n a menos que en ese momento ya lo tengan abierto en su navegador.\r\n<h3>RESOLUCI\u00d3N DE LAS INSTANCIAS (2\u00aa Convocatoria)<\/h3>\r\n<a href=\"https:\/\/servicios.unileon.es\/actividad-estudiantil\/files\/2021\/11\/Resolucion-Estancia-Unidad-de-Rectorado_2.pdf\">Resoluci\u00f3n Estancia Unidad de Rectorado<\/a>\r\n\r\n<a href=\"https:\/\/servicios.unileon.es\/actividad-estudiantil\/files\/2021\/11\/Resolucion-Estancia-Movilidad-Sostenible_2.pdf\">Resoluci\u00f3n Estancia Servicio de Movilidad Sostenible<\/a>\r\n\r\n<a href=\"https:\/\/servicios.unileon.es\/actividad-estudiantil\/files\/2021\/11\/Resolucion-Estancia-Servicio-de-Informatica-y-Comunicaciones-Campus-Leon_2.pdf\">Resoluci\u00f3n Estancias Servicio de Inform\u00e1tica y Comunicaciones (Campus Le\u00f3n)<\/a>\r\n\r\n<a href=\"https:\/\/servicios.unileon.es\/actividad-estudiantil\/files\/2021\/11\/Resolucion-Estancia-Servicio-de-Radio-Universitaria-Campus-Leon_2.pdf\">Resoluci\u00f3n Estancia Servicio de Radio Universitaria (Campus Le\u00f3n)<\/a>\r\n\r\n&nbsp;\r\n\r\n<h1>Primera Convocatoria<\/h1>\r\n<h3>CARACTER\u00cdSTICAS DE LAS AYUDAS (1\u00aa Convocatoria)<\/h3>\r\n<ul>\r\n    <li>2 Programa Interuniversitario de la Universidad de la Experiencia (1 para Le\u00f3n y 1 para Campus Ponferrada)<\/li>\r\n    <li>1 Proyecto CRIS\/Biblioteca<\/li>\r\n    <li>1 Servicio de Movilidad Sostenible<\/li>\r\n    <li>15 Bibliotecas (13 para Le\u00f3n y 2 para Campus Ponferrada)<\/li>\r\n    <li>12 Servicio de Inform\u00e1tica y Comunicaciones (11 para Le\u00f3n y 1 para Ponferrada)<\/li>\r\n    <li>1 Servicio de Radio Universitaria &#8211; Director Radio Universitaria (Campus Le\u00f3n)<\/li>\r\n    <li>1 Servicio de Radio Universitaria -Campus Ponferrada<\/li>\r\n    <li>1 Programa Vivienda con Actividades Saludables (Campus Ponferrada)<\/li>\r\n    <li>1 Apoyo al Vicerrectorado del Campus de Ponferrada<\/li>\r\n    <li>1 Asociaci\u00f3n para la recuperaci\u00f3n de la memoria hist\u00f3rica<\/li>\r\n    <li>1 \u00c1rea de Deportes &#8211; Liga Interna<\/li>\r\n    <li>1 Escuela de Formaci\u00f3n<\/li>\r\n<\/ul>\r\n<a href=\"https:\/\/servicios.unileon.es\/actividad-estudiantil\/files\/2021\/09\/convocatoria_estancias_colaboracion_servicios_universitarios2021_22.pdf\">Convocatoria (texto completo)<\/a>\r\n<h3>PLAZO DE PRESENTACI\u00d3N DE INSTANCIAS (1\u00aa Convocatoria)<\/h3>\r\nEl plazo de presentaci\u00f3n de solicitudes finaliza el <strong>15 de octubre de 2021, a las 14:00 horas<\/strong>.\r\n\r\n<strong><a href=\"https:\/\/forms.gle\/txvViLKyh8ihEBcL9\" target=\"_blank\" rel=\"noopener\">Formulario de solicitud<\/a><\/strong>\r\n\r\n<b>IMPORTANTE<\/b>: Se recuerda que para poder acceder al formulario todas las cuentas de correo personales deber\u00e1n estar cerradas. El formulario les solicitar\u00e1 previamente que se identifiquen con su correo institucional de la Universidad de Le\u00f3n a menos que en ese momento ya lo tengan abierto en su navegador.\r\n<h3>RESOLUCI\u00d3N DE LAS INSTANCIAS (1\u00aa Convocatoria)<\/h3>\r\n<a href=\"https:\/\/servicios.unileon.es\/actividad-estudiantil\/files\/2021\/10\/Resolucion_Estancia_Radio_Universitaria-Campus_Ponferrada.pdf\">Resoluci\u00f3n Estancia Radio Universitaria-Campus Ponferrada<\/a>\r\n\r\n<a href=\"https:\/\/servicios.unileon.es\/actividad-estudiantil\/files\/2021\/10\/Resolucion_Estancia_Proyecto_CRIS-Biblioteca.pdf\">Resoluci\u00f3n Estancia Proyecto CRIS-Biblioteca<\/a>\r\n\r\n<a href=\"https:\/\/servicios.unileon.es\/actividad-estudiantil\/files\/2021\/10\/Resolucion_Estancias_Bibliotecas-Campus_Ponferrada.pdf\">Resoluci\u00f3n Estancias Bibliotecas -Campus Ponferrada<\/a>\r\n\r\n<a href=\"https:\/\/servicios.unileon.es\/actividad-estudiantil\/files\/2021\/10\/Resolucion_Estancia_Vicerrectorado_Campus_Ponferrada.pdf\">Resoluci\u00f3n Estancia Vicerrectorado Campus Ponferrada<\/a>\r\n\r\n<a href=\"https:\/\/servicios.unileon.es\/actividad-estudiantil\/files\/2021\/10\/Resolucion_Estancias_Bibliotecas-Campus_Leon.pdf\">Resoluci\u00f3n Estancias Bibliotecas -Campus Le\u00f3n<\/a>\r\n\r\n<a href=\"https:\/\/servicios.unileon.es\/actividad-estudiantil\/files\/2021\/10\/Resolucion_Estancia_Asociacion_Recuperacion_Memoria_Historica.pdf\">Resoluci\u00f3n Estancia Asociaci\u00f3n Recuperaci\u00f3n Memoria Hist\u00f3rica<\/a>\r\n\r\n<a href=\"https:\/\/servicios.unileon.es\/actividad-estudiantil\/files\/2021\/10\/Resolucion_Estancias_Servicio_Informatica_y_Comunicaciones.pdf\">Resoluci\u00f3n Estancias Servicio Inform\u00e1tica y Comunicaciones<\/a>\r\n\r\n<a href=\"https:\/\/servicios.unileon.es\/actividad-estudiantil\/files\/2021\/10\/Resolucion_Estancia_Escuela_Formacion.pdf\">Resoluci\u00f3n Estancia Escuela Formaci\u00f3n<\/a>\r\n\r\n<a href=\"https:\/\/servicios.unileon.es\/actividad-estudiantil\/files\/2021\/10\/Resolucion_Estancia_Director_Radio_Universitaria.pdf\">Resoluci\u00f3n Estancia Director Radio Universitaria<\/a>\r\n\r\n<a href=\"https:\/\/servicios.unileon.es\/actividad-estudiantil\/files\/2021\/10\/Resolucion_Estancia_Liga_Interna.pdf\">Resoluci\u00f3n Estancia Liga Interna<\/a>\r\n\r\n<a href=\"https:\/\/servicios.unileon.es\/actividad-estudiantil\/files\/2021\/10\/Resolucion_Estancia_Movilidad_Sostenible-Prestamo_Bicicletas.pdf\">Resoluci\u00f3n Estancia Movilidad Sostenible-Prestamo Bicicletas<\/a>\r\n\r\n<a href=\"https:\/\/servicios.unileon.es\/actividad-estudiantil\/files\/2021\/10\/Resolucion_Estancia_Programa_Interuniversitario_de_la_ExperienciaPIEx.pdf\">Resoluci\u00f3n Estancia Programa Interuniversitario de la Experiencia (PIEx)<\/a>\r\n\r\n<a href=\"https:\/\/servicios.unileon.es\/actividad-estudiantil\/files\/2021\/10\/Resolucion_Estancia_Programa_Vivienda_con_Actividades_Saludables-Campus_Ponferrada.pdf\">Resoluci\u00f3n Estancia Programa Vivienda con Actividades Saludables-Campus Ponferrada<\/a>","protected":false},"excerpt":{"rendered":"<p>Se convocan estancias de colaboraci\u00f3n en Servicios Universitarios para cubrir las necesidades que \u00e9stos requieren. Cuarta Convocatoria CARACTER\u00cdSTICAS DE LAS AYUDAS (4\u00aa Convocatoria) 2 Programa de acercamiento intergeneracional entre personas mayores y la comunidad universitaria &#8211; Campus Le\u00f3n 2 Programa de acercamiento intergeneracional entre personas mayores y la comunidad universitaria &#8211; Campus Ponferrada Convocatoria (texto [&hellip;]<\/p>\n","protected":false},"author":344,"featured_media":0,"parent":0,"menu_order":0,"comment_status":"closed","ping_status":"closed","template":"","meta":{"footnotes":""},"class_list":["post-2054","page","type-page","status-publish","hentry"],"_links":{"self":[{"href":"https:\/\/servicios.unileon.es\/actividad-estudiantil\/wp-json\/wp\/v2\/pages\/2054","targetHints":{"allow":["GET"]}}],"collection":[{"href":"https:\/\/servicios.unileon.es\/actividad-estudiantil\/wp-json\/wp\/v2\/pages"}],"about":[{"href":"https:\/\/servicios.unileon.es\/actividad-estudiantil\/wp-json\/wp\/v2\/types\/page"}],"author":[{"embeddable":true,"href":"https:\/\/servicios.unileon.es\/actividad-estudiantil\/wp-json\/wp\/v2\/users\/344"}],"replies":[{"embeddable":true,"href":"https:\/\/servicios.unileon.es\/actividad-estudiantil\/wp-json\/wp\/v2\/comments?post=2054"}],"version-history":[{"count":13,"href":"https:\/\/servicios.unileon.es\/actividad-estudiantil\/wp-json\/wp\/v2\/pages\/2054\/revisions"}],"predecessor-version":[{"id":2180,"href":"https:\/\/servicios.unileon.es\/actividad-estudiantil\/wp-json\/wp\/v2\/pages\/2054\/revisions\/2180"}],"wp:attachment":[{"href":"https:\/\/servicios.unileon.es\/actividad-estudiantil\/wp-json\/wp\/v2\/media?parent=2054"}],"curies":[{"name":"wp","href":"https:\/\/api.w.org\/{rel}","templated":true}]}}