{"id":1261,"date":"2017-09-19T09:10:30","date_gmt":"2017-09-19T09:10:30","guid":{"rendered":"http:\/\/servicios.unileon.es\/actividad-estudiantil\/?page_id=1261"},"modified":"2021-09-16T08:54:49","modified_gmt":"2021-09-16T06:54:49","slug":"ayudas-arbitraje-de-competicion-interna","status":"publish","type":"page","link":"https:\/\/servicios.unileon.es\/actividad-estudiantil\/ayudas-arbitraje-de-competicion-interna\/","title":{"rendered":"AYUDAS &#8211; ARBITRAJE DE COMPETICI\u00d3N INTERNA"},"content":{"rendered":"<b>CARACTER\u00cdSTICAS DE LAS AYUDAS<\/b>\r\n\r\nSe convocan hasta 90 plazas para la realizaci\u00f3n de los arbitrajes de Competici\u00f3n Interna del curso 2021-2022 (Le\u00f3n y Ponferrada).\r\nLos precios de los arbitrajes ser\u00e1n los establecidos por el Servicio de Deportes de la ULE.\r\n\r\n<a href=\"https:\/\/servicios.unileon.es\/actividad-estudiantil\/files\/2021\/09\/AYUDAS-Arbitros-de-Liga-Interna21_22.pdf\">Convocatoria (texto completo)<\/a>\r\n\r\n<a href=\"https:\/\/servicios.unileon.es\/actividad-estudiantil\/files\/2021\/09\/solicitud-arbitraje.pdf\">Modelo de solicitud<\/a>\r\n\r\n<b>PLAZO DE PRESENTACI\u00d3N DE INSTANCIAS<\/b>\r\n\r\nLe\u00f3n: Hasta las 14 horas del d\u00eda <b>15 de octubre de 2021<\/b>\r\n\r\nPonferrada: Hasta las 14 horas del d\u00eda <b>31 de octubre de 2021<\/b>","protected":false},"excerpt":{"rendered":"<p>CARACTER\u00cdSTICAS DE LAS AYUDAS Se convocan hasta 90 plazas para la realizaci\u00f3n de los arbitrajes de Competici\u00f3n Interna del curso 2021-2022 (Le\u00f3n y Ponferrada). Los precios de los arbitrajes ser\u00e1n los establecidos por el Servicio de Deportes de la ULE. Convocatoria (texto completo) Modelo de solicitud PLAZO DE PRESENTACI\u00d3N DE INSTANCIAS Le\u00f3n: Hasta las 14 [&hellip;]<\/p>\n","protected":false},"author":2,"featured_media":0,"parent":0,"menu_order":0,"comment_status":"closed","ping_status":"closed","template":"","meta":{"footnotes":""},"class_list":["post-1261","page","type-page","status-publish","hentry"],"_links":{"self":[{"href":"https:\/\/servicios.unileon.es\/actividad-estudiantil\/wp-json\/wp\/v2\/pages\/1261","targetHints":{"allow":["GET"]}}],"collection":[{"href":"https:\/\/servicios.unileon.es\/actividad-estudiantil\/wp-json\/wp\/v2\/pages"}],"about":[{"href":"https:\/\/servicios.unileon.es\/actividad-estudiantil\/wp-json\/wp\/v2\/types\/page"}],"author":[{"embeddable":true,"href":"https:\/\/servicios.unileon.es\/actividad-estudiantil\/wp-json\/wp\/v2\/users\/2"}],"replies":[{"embeddable":true,"href":"https:\/\/servicios.unileon.es\/actividad-estudiantil\/wp-json\/wp\/v2\/comments?post=1261"}],"version-history":[{"count":11,"href":"https:\/\/servicios.unileon.es\/actividad-estudiantil\/wp-json\/wp\/v2\/pages\/1261\/revisions"}],"predecessor-version":[{"id":1986,"href":"https:\/\/servicios.unileon.es\/actividad-estudiantil\/wp-json\/wp\/v2\/pages\/1261\/revisions\/1986"}],"wp:attachment":[{"href":"https:\/\/servicios.unileon.es\/actividad-estudiantil\/wp-json\/wp\/v2\/media?parent=1261"}],"curies":[{"name":"wp","href":"https:\/\/api.w.org\/{rel}","templated":true}]}}