{"id":1053,"date":"2016-11-02T12:48:42","date_gmt":"2016-11-02T12:48:42","guid":{"rendered":"http:\/\/servicios.unileon.es\/actividad-estudiantil\/?page_id=1053"},"modified":"2016-11-24T13:02:38","modified_gmt":"2016-11-24T13:02:38","slug":"estancia-de-colaboracion-vicerrectorado-de-estudiantes-y-empleo","status":"publish","type":"page","link":"https:\/\/servicios.unileon.es\/actividad-estudiantil\/estancia-de-colaboracion-vicerrectorado-de-estudiantes-y-empleo\/","title":{"rendered":"Estancia de colaboraci\u00f3n Vicerrectorado de Estudiantes y Empleo"},"content":{"rendered":"<h1 class=\"entry-title\" style=\"text-align: center;\">CONVOCATORIA<\/h1>\r\n<p style=\"text-align: center;\"><a href=\"http:\/\/servicios.unileon.es\/actividad-estudiantil\/files\/2016\/11\/ESTANCIA-DE-COLABORACI\u00d3N-VICERRECTORADO-ESTUDIANTES-ACT-ESTUDIANTIL.pdf\">CONVOCATORIA<\/a><\/p>\r\n\r\n<h1 style=\"text-align: center;\">INFORMACI\u00d3N ADICIONAL<\/h1>\r\n<p style=\"text-align: center;\">Para cualquier duda, aclaraci\u00f3n o incidencia pueden ponerse en contacto con el \u00c1rea de Actividad Estudiantil, en el correo <a href=\"mailto:recaae@unileon.es\">recaae@unileon.es<\/a> o en el tel\u00e9fono 987293540 en horario de 10:00 a 12:00<\/p>\r\n\r\n<h1 style=\"text-align: center;\">RESOLUCI\u00d3N<\/h1>\r\n<p style=\"text-align: center;\"><a href=\"http:\/\/servicios.unileon.es\/actividad-estudiantil\/files\/2016\/11\/Resoluci\u00f3n-Estancia-Colaboraci\u00f3n-Vicerrectorado-Estudiantes-y-Empleo.pdf\">Vicerrectorado de Estudiantes y Empleo<\/a><\/p>","protected":false},"excerpt":{"rendered":"<p>CONVOCATORIA CONVOCATORIA INFORMACI\u00d3N ADICIONAL Para cualquier duda, aclaraci\u00f3n o incidencia pueden ponerse en contacto con el \u00c1rea de Actividad Estudiantil, en el correo recaae@unileon.es o en el tel\u00e9fono 987293540 en horario de 10:00 a 12:00 RESOLUCI\u00d3N Vicerrectorado de Estudiantes y Empleo<\/p>\n","protected":false},"author":2,"featured_media":0,"parent":0,"menu_order":0,"comment_status":"closed","ping_status":"closed","template":"","meta":{"footnotes":""},"class_list":["post-1053","page","type-page","status-publish","hentry"],"_links":{"self":[{"href":"https:\/\/servicios.unileon.es\/actividad-estudiantil\/wp-json\/wp\/v2\/pages\/1053","targetHints":{"allow":["GET"]}}],"collection":[{"href":"https:\/\/servicios.unileon.es\/actividad-estudiantil\/wp-json\/wp\/v2\/pages"}],"about":[{"href":"https:\/\/servicios.unileon.es\/actividad-estudiantil\/wp-json\/wp\/v2\/types\/page"}],"author":[{"embeddable":true,"href":"https:\/\/servicios.unileon.es\/actividad-estudiantil\/wp-json\/wp\/v2\/users\/2"}],"replies":[{"embeddable":true,"href":"https:\/\/servicios.unileon.es\/actividad-estudiantil\/wp-json\/wp\/v2\/comments?post=1053"}],"version-history":[{"count":7,"href":"https:\/\/servicios.unileon.es\/actividad-estudiantil\/wp-json\/wp\/v2\/pages\/1053\/revisions"}],"predecessor-version":[{"id":1109,"href":"https:\/\/servicios.unileon.es\/actividad-estudiantil\/wp-json\/wp\/v2\/pages\/1053\/revisions\/1109"}],"wp:attachment":[{"href":"https:\/\/servicios.unileon.es\/actividad-estudiantil\/wp-json\/wp\/v2\/media?parent=1053"}],"curies":[{"name":"wp","href":"https:\/\/api.w.org\/{rel}","templated":true}]}}